000
CXUS54 KEWX 230910
CF6AUS
PRELIMINARY LOCAL CLIMATOLOGICAL DATA (WS FORM: F-6)

                                          STATION:   AUSTIN BERGSTROM
                                          MONTH:     JANUARY
                                          YEAR:      2019
                                          LATITUDE:   30 13 N
                                          LONGITUDE:  97 40 W

  TEMPERATURE IN F:       :PCPN:    SNOW:  WIND      :SUNSHINE: SKY     :PK WND
================================================================================
1   2   3   4   5  6A  6B    7    8   9   10  11  12  13   14  15   16   17  18
                                     12Z  AVG MX 2MIN
DY MAX MIN AVG DEP HDD CDD  WTR  SNW DPTH SPD SPD DIR MIN PSBL S-S WX    SPD DR
================================================================================

 1  46  33  40  -9  25   0 0.00  0.0    0 12.4 23  20   M    M   7 12     25  10
 2  42  37  40  -9  25   0 2.16  0.0    0 10.9 17 360   M    M  10 1      22 350
 3  53  31  42  -7  23   0 0.22    M    0  6.6 18 320   M    M   6 1      24 320
 4  67  29  48  -1  17   0 0.00  0.0    0  3.8 13 310   M    M   0        16 310
 5  73  30  52   3  13   0 0.00  0.0    0  4.4 15 180   M    M   0 1      18 190
 6  75  33  54   5  11   0 0.00  0.0    0  7.9 23 180   M    M   5 1      31 180
 7  77  57  67  18   0   2    T  0.0    0  7.8 18 190   M    M   8 1      24 200
 8  78  49  64  15   1   0 0.00  0.0    0  5.9 18  20   M    M   6 12     22  20
 9  63  41  52   3  13   0 0.00  0.0    0 12.0 21  20   M    M   4        26  10
10  61  39  50   1  15   0    T    M    0  3.3 13 130   M    M   7        16 130
11  62  41  52   3  13   0 0.33    M    0  4.2 15 150   M    M   9 1      19 140
12  63  41  52   3  13   0 0.00  0.0    0  9.6 20 330   M    M   3 12     29 320
13  54  38  46  -3  19   0 0.00  0.0    0 12.0 20 360   M    M   3        23  50
14  51  34  43  -6  22   0 0.00  0.0    0  6.2 17  20   M    M   8 8      20  20
15  52  47  50   1  15   0 0.00  0.0    0  3.9 13 180   M    M  10        14 180
16  58  50  54   5  11   0 0.05  0.0    0  2.8  8 180   M    M  10 1      10 190
17  78  47  63  14   2   0 0.00  0.0    0  4.2 12 180   M    M   8 1      14 230
18  66  47  57   8   8   0 0.01    M    0  9.5 17 220   M    M   9 12     22 210
19  66  35  51   2  14   0 0.00  0.0    0 17.3 32 330   M    M   3        52 310
20  55  31  43  -6  22   0 0.00  0.0    0  5.7 15 350   M    M   4        19 360
21  67  27  47  -2  18   0 0.00  0.0    0  9.6 23 150   M    M   4 1      29 150
22  71  43  57   8   8   0 0.10  0.0    0 12.0 29 350   M    M   9 1      35 350
================================================================================
SM 1378  860       308   2  2.87     0.0 172.0          M      133
================================================================================
AV 62.6 39.1                               7.8 FASTST   M    M   6    MAX(MPH)
                                 MISC ---->  # 32 330               # 52  310
================================================================================
NOTES:
# LAST OF SEVERAL OCCURRENCES

COLUMN 17 PEAK WIND IN M.P.H.

PRELIMINARY LOCAL CLIMATOLOGICAL DATA (WS FORM: F-6) , PAGE 2

                                          STATION:  AUSTIN BERGSTROM
                                          MONTH:    JANUARY
                                          YEAR:     2019
                                          LATITUDE:   30 13 N
                                          LONGITUDE:  97 40 W

[TEMPERATURE DATA]      [PRECIPITATION DATA]       SYMBOLS USED IN COLUMN 16

AVERAGE MONTHLY: 50.9   TOTAL FOR MONTH:   2.87    1 = FOG OR MIST
DPTR FM NORMAL:   1.9   DPTR FM NORMAL:    1.25    2 = FOG REDUCING VISIBILITY
HIGHEST:    78 ON 17, 8 GRTST 24HR  2.16 ON  2- 2      TO 1/4 MILE OR LESS
LOWEST:     27 ON 21                               3 = THUNDER
                        SNOW, ICE PELLETS, HAIL    4 = ICE PELLETS
                        TOTAL MONTH:   0.0 INCH    5 = HAIL
                        GRTST 24HR     0.0         6 = FREEZING RAIN OR DRIZZLE
                        GRTST DEPTH:   0           7 = DUSTSTORM OR SANDSTORM:
                                                       VSBY 1/2 MILE OR LESS
                                                   8 = SMOKE OR HAZE
[NO. OF DAYS WITH]      [WEATHER - DAYS WITH]      9 = BLOWING SNOW
                                                   X = TORNADO
MAX 32 OR BELOW:   0    0.01 INCH OR MORE:   6
MAX 90 OR ABOVE:   0    0.10 INCH OR MORE:   4
MIN 32 OR BELOW:   5    0.50 INCH OR MORE:   1
MIN  0 OR BELOW:   0    1.00 INCH OR MORE:   1

[HDD (BASE 65) ]
TOTAL THIS MO.   308    CLEAR  (SCALE 0-3)   5
DPTR FM NORMAL   -44    PTCLDY (SCALE 4-7)   9
TOTAL FM JUL 1  1040    CLOUDY (SCALE 8-10)  8
DPTR FM NORMAL   -59

[CDD (BASE 65) ]
TOTAL THIS MO.     2
DPTR FM NORMAL     2    [PRESSURE DATA]
TOTAL FM JAN 1     2    HIGHEST SLP M ON M
DPTR FM NORMAL     2    LOWEST  SLP 29.69 ON 22

[REMARKS]
