000
CXUS54 KEWX 200910
CF6AUS
PRELIMINARY LOCAL CLIMATOLOGICAL DATA (WS FORM: F-6)

                                          STATION:   AUSTIN BERGSTROM
                                          MONTH:     OCTOBER
                                          YEAR:      2018
                                          LATITUDE:   30 13 N
                                          LONGITUDE:  97 40 W

  TEMPERATURE IN F:       :PCPN:    SNOW:  WIND      :SUNSHINE: SKY     :PK WND
================================================================================
1   2   3   4   5  6A  6B    7    8   9   10  11  12  13   14  15   16   17  18
                                     12Z  AVG MX 2MIN
DY MAX MIN AVG DEP HDD CDD  WTR  SNW DPTH SPD SPD DIR MIN PSBL S-S WX    SPD DR
================================================================================

 1  87  66  77   3   0  12 0.07  0.0    0  3.3 17 150   M    M   7 1      20 150
 2  89  68  79   6   0  14    T  0.0    0  4.7 14 110   M    M   6 1      21 110
 3  91  72  82   9   0  17 0.00  0.0    0  7.7 16 150   M    M   4 1      22 140
 4  91  69  80   7   0  15 0.00  0.0    0  6.7 14 160   M    M   5 1      18 150
 5  92  74  83  11   0  18    T  0.0    0  9.0 17 150   M    M   6 1      21 170
 6  87  73  80   8   0  15 0.48  0.0    0  7.1 17 140   M    M   6 123    22 180
 7  89  70  80   8   0  15 0.01  0.0    0  8.1 26 140   M    M   7 13     32 130
 8  85  72  79   7   0  14 0.53  0.0    0  5.4 23 170   M    M   9 138    30 180
 9  82  68  75   4   0  10 0.47  0.0    0  5.9 23 250   M    M   7 13     31 250
10  79  61  70  -1   0   5 0.00  0.0    0  6.5 18 350   M    M   5 12     22 350
11  76  60  68  -3   0   3 0.00  0.0    0  7.3 18  30   M    M   6        23  30
12  86  59  73   3   0   8 0.00  0.0    0  5.9 17 190   M    M   6        22 170
13  91  70  81  11   0  16 0.08  0.0    0 11.7 26 200   M    M   6 138    35 180
14  91  68  80  10   0  15 0.06  0.0    0  7.9 20 170   M    M   6 13     24 190
15  76  45  61  -9   4   0 2.25    M    0 18.8 28 350   M    M  10 13     35  10
16  53  48  51 -18  14   0 0.64  0.0    0 13.1 21  10   M    M  10 1      24 350
17  60  51  56 -13   9   0 0.05  0.0    0 12.7 23  20   M    M  10 1      27  30
18  62  55  59 -10   6   0 0.05  0.0    0 10.4 17  10   M    M  10 18     21  20
19  66  60  63  -5   2   0 1.11  0.0    0  7.0 13 350   M    M  10 1      14 340
================================================================================
SM 1533 1209        35 177  5.80     0.0 159.2          M      136
================================================================================
AV 80.7 63.6                               8.4 FASTST   M    M   7    MAX(MPH)
                                 MISC ---->  # 28 350               # 35  180
================================================================================
NOTES:
# LAST OF SEVERAL OCCURRENCES

COLUMN 17 PEAK WIND IN M.P.H.

PRELIMINARY LOCAL CLIMATOLOGICAL DATA (WS FORM: F-6) , PAGE 2

                                          STATION:  AUSTIN BERGSTROM
                                          MONTH:    OCTOBER
                                          YEAR:     2018
                                          LATITUDE:   30 13 N
                                          LONGITUDE:  97 40 W

[TEMPERATURE DATA]      [PRECIPITATION DATA]       SYMBOLS USED IN COLUMN 16

AVERAGE MONTHLY: 72.2   TOTAL FOR MONTH:   5.80    1 = FOG OR MIST
DPTR FM NORMAL:   1.2   DPTR FM NORMAL:    3.34    2 = FOG REDUCING VISIBILITY
HIGHEST:    92 ON  5    GRTST 24HR  2.25 ON 15-15      TO 1/4 MILE OR LESS
LOWEST:     45 ON 15                               3 = THUNDER
                        SNOW, ICE PELLETS, HAIL    4 = ICE PELLETS
                        TOTAL MONTH:   0.0 INCH    5 = HAIL
                        GRTST 24HR     0.0         6 = FREEZING RAIN OR DRIZZLE
                        GRTST DEPTH:   0           7 = DUSTSTORM OR SANDSTORM:
                                                       VSBY 1/2 MILE OR LESS
                                                   8 = SMOKE OR HAZE
[NO. OF DAYS WITH]      [WEATHER - DAYS WITH]      9 = BLOWING SNOW
                                                   X = TORNADO
MAX 32 OR BELOW:   0    0.01 INCH OR MORE:  12
MAX 90 OR ABOVE:   5    0.10 INCH OR MORE:   6
MIN 32 OR BELOW:   0    0.50 INCH OR MORE:   4
MIN  0 OR BELOW:   0    1.00 INCH OR MORE:   2

[HDD (BASE 65) ]
TOTAL THIS MO.    35    CLEAR  (SCALE 0-3)   0
DPTR FM NORMAL    16    PTCLDY (SCALE 4-7)  13
TOTAL FM JUL 1    35    CLOUDY (SCALE 8-10)  6
DPTR FM NORMAL    14

[CDD (BASE 65) ]
TOTAL THIS MO.   177
DPTR FM NORMAL    47    [PRESSURE DATA]
TOTAL FM JAN 1  3286    HIGHEST SLP M ON M
DPTR FM NORMAL   628    LOWEST  SLP 29.60 ON  9

[REMARKS]
