000
CXUS52 KGSP 260817
CF6AVL
PRELIMINARY LOCAL CLIMATOLOGICAL DATA (WS FORM: F-6)

                                          STATION:   ASHEVILLE NC
                                          MONTH:     APRIL
                                          YEAR:      2018
                                          LATITUDE:   35 25 N
                                          LONGITUDE:  82 33 W

  TEMPERATURE IN F:       :PCPN:    SNOW:  WIND      :SUNSHINE: SKY     :PK WND
================================================================================
1   2   3   4   5  6A  6B    7    8   9   10  11  12  13   14  15   16   17  18
                                     12Z  AVG MX 2MIN
DY MAX MIN AVG DEP HDD CDD  WTR  SNW DPTH SPD SPD DIR MIN PSBL S-S WX    SPD DR
================================================================================

 1  75  36  56   5   9   0 0.00  0.0    0  3.5 14 250   M    M   2        18 250
 2  78  47  63  11   2   0 0.00  0.0    0  3.7 16 300   M    M   2        23 320
 3  76  42  59   7   6   0 0.00  0.0    0  8.4 25 180   M    M   1        34 180
 4  66  39  53   1  12   0 0.12  0.0    0 16.4 33 340   M    M   2 13     42 340
 5  62  33  48  -4  17   0 0.00  0.0    0  9.6 25 340   M    M   0        31 340
 6  66  34  50  -3  15   0 0.12  0.0    0  5.4 22 210   M    M   4 1      28 210
 7  56  35  46  -7  19   0 0.15  0.0    0 11.6 26 340   M    M  10 1      33 340
 8  51  31  41 -12  24   0 0.00  0.0    0 10.0 22 340   M    M   3        29 340
 9  51  41  46  -8  19   0 0.01  0.0    0  4.6  9 340   M    M  10 1      13 340
10  60  42  51  -3  14   0 0.00  0.0    0 10.5 20 330   M    M   5        27 330
11  64  39  52  -2  13   0 0.00  0.0    0  8.6 22 340   M    M   1        27 340
12  74  36  55   1  10   0 0.00  0.0    0  5.9 22 200   M    M   0 8      31 200
13  76  50  63   8   2   0 0.00  0.0    0  8.8 23 170   M    M   0        30 180
14  77  53  65  10   0   0 0.00  0.0    0 10.9 24 190   M    M   5        29 200
15  68  44  56   1   9   0 2.37  0.0    0 11.8 24 350   M    M  10 13     33 340
16  48  32  40 -15  25   0    T    T    0 16.7 29 340   M    M   8        37 350
17  72  31  52  -4  13   0 0.00  0.0    0 12.2 29 340   M    M   0        36 320
18  86  52  69  13   0   4 0.00  0.0    0  8.1 24 200   M    M   0        32 190
19  68  40  54  -2  11   0 0.00  0.0    0 18.0 32 340   M    M   0        41 340
20  68  38  53  -3  12   0 0.00  0.0    0 11.0 24 330   M    M   0        32 340
21  67  34  51  -6  14   0 0.00  0.0    0  3.4 14 160   M    M   0        18 170
22  61  42  52  -5  13   0    T  0.0    0  4.8 13 160   M    M   8        19 140
23  57  49  53  -4  12   0 0.85  0.0    0  9.2 17 100   M    M  10 18     30 120
24  64  52  58   0   7   0 0.63  0.0    0  4.6 12 360   M    M   9 1      19 110
25  65  52  59   1   6   0    T  0.0    0 10.4 21 340   M    M   8 1      27 340
================================================================================
SM 1656 1024       284   4  4.25    T    228.1          M       98
================================================================================
AV 66.2 41.0                               9.1 FASTST   M    M   4    MAX(MPH)
                                 MISC ---->  # 33 340               # 42  340
================================================================================
NOTES:
# LAST OF SEVERAL OCCURRENCES

COLUMN 17 PEAK WIND IN M.P.H.

PRELIMINARY LOCAL CLIMATOLOGICAL DATA (WS FORM: F-6) , PAGE 2

                                          STATION:  ASHEVILLE NC
                                          MONTH:    APRIL
                                          YEAR:     2018
                                          LATITUDE:   35 25 N
                                          LONGITUDE:  82 33 W

[TEMPERATURE DATA]      [PRECIPITATION DATA]       SYMBOLS USED IN COLUMN 16

AVERAGE MONTHLY: 53.6   TOTAL FOR MONTH:   4.25    1 = FOG OR MIST
DPTR FM NORMAL:  -1.0   DPTR FM NORMAL:    1.48    2 = FOG REDUCING VISIBILITY
HIGHEST:    86 ON 18    GRTST 24HR  2.37 ON 15-15      TO 1/4 MILE OR LESS
LOWEST:     31 ON 17, 8                            3 = THUNDER
                        SNOW, ICE PELLETS, HAIL    4 = ICE PELLETS
                        TOTAL MONTH:    T          5 = HAIL
                        GRTST 24HR    T  ON 16-16  6 = FREEZING RAIN OR DRIZZLE
                        GRTST DEPTH:   0           7 = DUSTSTORM OR SANDSTORM:
                                                       VSBY 1/2 MILE OR LESS
                                                   8 = SMOKE OR HAZE
[NO. OF DAYS WITH]      [WEATHER - DAYS WITH]      9 = BLOWING SNOW
                                                   X = TORNADO
MAX 32 OR BELOW:   0    0.01 INCH OR MORE:   7
MAX 90 OR ABOVE:   0    0.10 INCH OR MORE:   6
MIN 32 OR BELOW:   3    0.50 INCH OR MORE:   3
MIN  0 OR BELOW:   0    1.00 INCH OR MORE:   1

[HDD (BASE 65) ]
TOTAL THIS MO.   284    CLEAR  (SCALE 0-3)  13
DPTR FM NORMAL    17    PTCLDY (SCALE 4-7)   5
TOTAL FM JUL 1  3720    CLOUDY (SCALE 8-10)  7
DPTR FM NORMAL  -319

[CDD (BASE 65) ]
TOTAL THIS MO.     4
DPTR FM NORMAL     4    [PRESSURE DATA]
TOTAL FM JAN 1     8    HIGHEST SLP M ON M
DPTR FM NORMAL     7    LOWEST  SLP 29.56 ON 15

[REMARKS]
