000
CXUS52 KGSP 270826
CF6AVL
PRELIMINARY LOCAL CLIMATOLOGICAL DATA (WS FORM: F-6)

                                          STATION:   ASHEVILLE NC
                                          MONTH:     MAY
                                          YEAR:      2020
                                          LATITUDE:   35 25 N
                                          LONGITUDE:  82 33 W

  TEMPERATURE IN F:       :PCPN:    SNOW:  WIND      :SUNSHINE: SKY     :PK WND
================================================================================
1   2   3   4   5  6A  6B    7    8   9   10  11  12  13   14  15   16   17  18
                                     12Z  AVG MX 2MIN
DY MAX MIN AVG DEP HDD CDD  WTR  SNW DPTH SPD SPD DIR MIN PSBL S-S WX    SPD DR
================================================================================

 1  66  48  57  -2   8   0 0.00  0.0    0 12.4 35 340   M    M   3        46 330
 2  77  43  60   0   5   0 0.00  0.0    0  3.9 14 170   M    M   0 8      17 170
 3  85  47  66   6   0   1 0.00  0.0    0  8.3 30 310   M    M   0        41 320
 4  79  61  70  10   0   5    T  0.0    0  7.9 17 340   M    M   4 8      23 330
 5  71  56  64   4   1   0 0.22  0.0    0  5.5 18 340   M    M   6 138    26 340
 6  66  42  54  -7  11   0 0.09  0.0    0 10.9 23 330   M    M   5 18     35 340
 7  63  40  52  -9  13   0 0.00  0.0    0  8.6 22 340   M    M   0        29 330
 8  58  39  49 -12  16   0 0.02  0.0    0  7.1 22 340   M    M   7 18     35 330
 9  57  38  48 -13  17   0    T  0.0    0 10.9 25 330   M    M   1        31 320
10  68  32  50 -12  15   0 0.00  0.0    0  5.9 20 210   M    M   0        27 200
11  60  43  52 -10  13   0    T  0.0    0 13.0 28 330   M    M   2        37 340
12  63  38  51 -11  14   0    T  0.0    0  5.7 14 340   M    M   3        17 330
13  67  48  58  -4   7   0    T  0.0    0  4.0 13 170   M    M   8        16 170
14  77  49  63   0   2   0 0.00  0.0    0  7.7 20 180   M    M   3 8      26 180
15  79  55  67   4   0   2 0.00  0.0    0  8.1 18 180   M    M   0 8      24 180
16  82  51  67   4   0   2 0.00  0.0    0  2.4 14 170   M    M   0 1      19 160
17  80  53  67   4   0   2 0.00  0.0    0  4.5 14 160   M    M   3        21 160
18  68  61  65   1   0   0 2.17  0.0    0  3.8 15 180   M    M   9 13     23 160
19  65  52  59  -5   6   0 0.48  0.0    0  3.9 12  40   M    M  10 1      22  50
20  54  48  51 -13  14   0 2.15  0.0    0  1.3  8  60   M    M  10 1      14  30
21  69  51  60  -4   5   0 0.12  0.0    0  2.4 12 160   M    M  10 1      16 150
22  73  55  64  -1   1   0 0.17  0.0    0  2.3 12 320   M    M   6 1238   14 350
23  83  57  70   5   0   5 0.00  0.0    0  3.5 16 340   M    M   4 12     20 330
24  83  59  71   6   0   6 0.02  0.0    0  3.5 13 210   M    M   1 3      19 160
25  77  60  69   4   0   4    T  0.0    0  4.5 14 160   M    M   7 1      18 140
26  71  65  68   2   0   3 0.13    M    M  3.5  9 150   M    M   8 1      14 150
================================================================================
SM 1841 1291       148  30  5.57  0.0    155.5          M      110
================================================================================
AV 70.8 49.7                               6.0 FASTST   M    M   4    MAX(MPH)
                                 MISC ---->    35 340                 46 330
================================================================================
NOTES:
# LAST OF SEVERAL OCCURRENCES

COLUMN 17 PEAK WIND IN M.P.H.

PRELIMINARY LOCAL CLIMATOLOGICAL DATA (WS FORM: F-6) , PAGE 2

                                          STATION:   ASHEVILLE NC
                                          MONTH:     MAY
                                          YEAR:      2020
                                          LATITUDE:   35 25 N
                                          LONGITUDE:  82 33 W

[TEMPERATURE DATA]      [PRECIPITATION DATA]       SYMBOLS USED IN COLUMN 16

AVERAGE MONTHLY: 60.2   TOTAL FOR MONTH:   5.57    1 = FOG OR MIST
DPTR FM NORMAL:  -2.3   DPTR FM NORMAL:    2.55    2 = FOG REDUCING VISIBILITY
HIGHEST:    85 ON  3    GRTST 24HR  2.23 ON 18-19      TO 1/4 MILE OR LESS
LOWEST:     32 ON 10                               3 = THUNDER
                        SNOW, ICE PELLETS, HAIL    4 = ICE PELLETS
                        TOTAL MONTH:   0.0 INCH    5 = HAIL
                        GRTST 24HR  0.0            6 = FREEZING RAIN OR DRIZZLE
                        GRTST DEPTH:  0            7 = DUSTSTORM OR SANDSTORM:
                                                       VSBY 1/2 MILE OR LESS
                                                   8 = SMOKE OR HAZE
[NO. OF DAYS WITH]      [WEATHER - DAYS WITH]      9 = BLOWING SNOW
                                                   X = TORNADO
MAX 32 OR BELOW:   0    0.01 INCH OR MORE:  10
MAX 90 OR ABOVE:   0    0.10 INCH OR MORE:   7
MIN 32 OR BELOW:   1    0.50 INCH OR MORE:   2
MIN  0 OR BELOW:   0    1.00 INCH OR MORE:   2

[HDD (BASE 65) ]
TOTAL THIS MO.   148    CLEAR  (SCALE 0-3)  12
DPTR FM NORMAL    47    PTCLDY (SCALE 4-7)   9
TOTAL FM JUL 1  3366    CLOUDY (SCALE 8-10)  5
DPTR FM NORMAL  -807

[CDD (BASE 65) ]
TOTAL THIS MO.    30
DPTR FM NORMAL    -8    [PRESSURE DATA]
TOTAL FM JAN 1    44    HIGHEST SLP M ON M
DPTR FM NORMAL    -2    LOWEST  SLP 29.73 ON  5

[REMARKS]
