000
CXUS52 KGSP 230817
CF6AVL
PRELIMINARY LOCAL CLIMATOLOGICAL DATA (WS FORM: F-6)

                                          STATION:   ASHEVILLE NC
                                          MONTH:     JANUARY
                                          YEAR:      2019
                                          LATITUDE:   35 25 N
                                          LONGITUDE:  82 33 W

  TEMPERATURE IN F:       :PCPN:    SNOW:  WIND      :SUNSHINE: SKY     :PK WND
================================================================================
1   2   3   4   5  6A  6B    7    8   9   10  11  12  13   14  15   16   17  18
                                     12Z  AVG MX 2MIN
DY MAX MIN AVG DEP HDD CDD  WTR  SNW DPTH SPD SPD DIR MIN PSBL S-S WX    SPD DR
================================================================================

 1  62  44  53  16  12   0    T  0.0    0  6.7 18 200   M    M   4        26 200
 2  51  41  46   9  19   0 0.13  0.0    0  2.3 10 180   M    M   7 12     13 140
 3  53  47  50  13  15   0 0.71  0.0    0  5.3 21 340   M    M   6 18     24 330
 4  54  44  49  12  16   0 0.81  0.0    0  6.3 18 320   M    M   9 1      25 310
 5  53  40  47  10  18   0 0.00  0.0    0 11.5 25 350   M    M   2        35 350
 6  64  36  50  13  15   0 0.00  0.0    0  7.1 22 340   M    M   0        25 340
 7  58  37  48  11  17   0 0.00  0.0    0  5.7 16 160   M    M   0        22 160
 8  68  41  55  18  10   0 0.00  0.0    0  6.2 29 340   M    M   M        41 350
 9  48  30  39   2  26   0 0.00  0.0    0 19.0 32 340   M    M   0        46 340
10  39  25  32  -5  33   0 0.00  0.0    0 17.7 32 340   M    M   0        45 350
11  51  22  37   0  28   0 0.00  0.0    0  5.4 16 350   M    M   1        22 350
12  38  31  35  -2  30   0 0.60    T    0  7.4 14 170   M    M  10 146    17 160
13  39  32  36  -1  29   0 0.31  0.0    0  2.3 12 170   M    M  10 16     14 180
14  42  34  38   1  27   0 0.00  0.0    0 10.7 16 330   M    M  10 1      20 330
15  44  28  36  -1  29   0 0.00  0.0    0 10.8 21 340   M    M   6        25 330
16  49  26  38   1  27   0 0.00  0.0    0 10.4 24 350   M    M   2        30 340
17  40  29  35  -2  30   0 0.10    T    0  4.2 14 170   M    M   8 14     17 180
18  53  36  45   8  20   0 0.00  0.0    0  4.6 14 340   M    M   9 12     17 330
19  53  43  48  11  17   0 1.29  0.0    0  8.3 16 170   M    M  10 1      26 100
20  50  18  34  -3  31   0    T    T    0 17.3 33 340   M    M   4 18     42 350
21  31  11  21 -16  44   0 0.00  0.0    0 11.6 30 350   M    M   0        39 350
22  39  20  30  -7  35   0 0.00  0.0    0  6.8 16 130   M    M   4        21 150
================================================================================
SM 1079  715       528   0  3.95    T    187.6          M      102
================================================================================
AV 49.1 32.5                               8.5 FASTST   M    M   5    MAX(MPH)
                                 MISC ---->  # 33 340               # 46  340
================================================================================
NOTES:
# LAST OF SEVERAL OCCURRENCES

COLUMN 17 PEAK WIND IN M.P.H.

PRELIMINARY LOCAL CLIMATOLOGICAL DATA (WS FORM: F-6) , PAGE 2

                                          STATION:  ASHEVILLE NC
                                          MONTH:    JANUARY
                                          YEAR:     2019
                                          LATITUDE:   35 25 N
                                          LONGITUDE:  82 33 W

[TEMPERATURE DATA]      [PRECIPITATION DATA]       SYMBOLS USED IN COLUMN 16

AVERAGE MONTHLY: 40.8   TOTAL FOR MONTH:   3.95    1 = FOG OR MIST
DPTR FM NORMAL:   3.8   DPTR FM NORMAL:    1.37    2 = FOG REDUCING VISIBILITY
HIGHEST:    68 ON  8    GRTST 24HR  1.29 ON 19-19      TO 1/4 MILE OR LESS
LOWEST:     11 ON 21                               3 = THUNDER
                        SNOW, ICE PELLETS, HAIL    4 = ICE PELLETS
                        TOTAL MONTH:    T          5 = HAIL
                        GRTST 24HR    T  ON 20-20  6 = FREEZING RAIN OR DRIZZLE
                        GRTST DEPTH:   0           7 = DUSTSTORM OR SANDSTORM:
                                                       VSBY 1/2 MILE OR LESS
                                                   8 = SMOKE OR HAZE
[NO. OF DAYS WITH]      [WEATHER - DAYS WITH]      9 = BLOWING SNOW
                                                   X = TORNADO
MAX 32 OR BELOW:   1    0.01 INCH OR MORE:   7
MAX 90 OR ABOVE:   0    0.10 INCH OR MORE:   7
MIN 32 OR BELOW:  11    0.50 INCH OR MORE:   4
MIN  0 OR BELOW:   0    1.00 INCH OR MORE:   1

[HDD (BASE 65) ]
TOTAL THIS MO.   528    CLEAR  (SCALE 0-3)   8
DPTR FM NORMAL   -88    PTCLDY (SCALE 4-7)   7
TOTAL FM JUL 1  2038    CLOUDY (SCALE 8-10)  6
DPTR FM NORMAL  -239

[CDD (BASE 65) ]
TOTAL THIS MO.     0
DPTR FM NORMAL     0    [PRESSURE DATA]
TOTAL FM JAN 1     0    HIGHEST SLP M ON M
DPTR FM NORMAL     0    LOWEST  SLP 29.46 ON 20

[REMARKS]
