000
CXUS53 KMPX 201000
CF6AXN
PRELIMINARY LOCAL CLIMATOLOGICAL DATA (WS FORM: F-6)

                                          STATION:   ALEXANDRIA MN
                                          MONTH:     AUGUST
                                          YEAR:      2018
                                          LATITUDE:   45 52 N
                                          LONGITUDE:  95 23 W

  TEMPERATURE IN F:       :PCPN:    SNOW:  WIND      :SUNSHINE: SKY     :PK WND
================================================================================
1   2   3   4   5  6A  6B    7    8   9   10  11  12  13   14  15   16   17  18
                                     12Z  AVG MX 2MIN
DY MAX MIN AVG DEP HDD CDD  WTR  SNW DPTH SPD SPD DIR MIN PSBL S-S WX    SPD DR
================================================================================

 1  72  60  66  -4   0   1    T    M    M  9.8 17 350   M    M   8        26 350
 2  74  49  62  -8   3   0 0.00    M    M  6.1 17 160   M    M   2        23 160
 3  79  62  71   1   0   6 0.07    M    M 11.1 18 100   M    M   2 13     26 280
 4  85  68  77   7   0  12    T    M    M 10.1 20 190   M    M   5 3      27 180
 5  85  68  77   7   0  12 0.00    M    M  7.5 15 250   M    M   0 1      19 280
 6  83  64  74   4   0   9 0.09    M    M  3.8 22 270   M    M   1 3      32 270
 7  80  63  72   2   0   7 0.00    M    M  6.2 14 230   M    M   1 12     19 250
 8  90  65  78   8   0  13 0.00    M    M  7.3 15 270   M    M   0        19 270
 9  87  64  76   6   0  11 0.00    M    M  6.3 20 320   M    M   0 1      26 320
10  88  62  75   5   0  10 0.00    M    M  3.5 10 190   M    M   0 128    14 210
11  89  64  77   7   0  12 0.00    M    M  5.0 10 160   M    M   0 18     16 160
12  89  69  79  10   0  14 0.00    M    M 11.4 21 150   M    M   0 18     26 160
13  94  72  83  14   0  18 0.00    M    M 10.8 20 200   M    M   0        26 190
14  77  66  72   3   0   7 0.88    M    M  6.9 18  70   M    M   7 13     26  70
15  81  64  73   4   0   8 0.00    M    M  3.1  8 290   M    M   4        12 300
16  84  63  74   5   0   9 0.00    M    M  3.1 10 290   M    M   1        16 320
17  83  63  73   4   0   8 0.00    M    M  1.9  7 220   M    M   0 1       M  M
18  83  62  73   5   0   8 0.00    M    M  7.1 14 180   M    M   0        19 190
19  78  66  72   4   0   7 1.90    M    M  9.6 28  10   M    M   5 138    37 330
================================================================================
SM 1581 1214         3 172  2.94    M    130.6          M       36
================================================================================
AV 83.2 63.9                               6.9 FASTST   M    M   2    MAX(MPH)
                                 MISC ---->  # 28  10               # 37  330
================================================================================
NOTES:
# LAST OF SEVERAL OCCURRENCES

COLUMN 17 PEAK WIND IN M.P.H.

PRELIMINARY LOCAL CLIMATOLOGICAL DATA (WS FORM: F-6) , PAGE 2

                                          STATION:  ALEXANDRIA MN
                                          MONTH:    AUGUST
                                          YEAR:     2018
                                          LATITUDE:   45 52 N
                                          LONGITUDE:  95 23 W

[TEMPERATURE DATA]      [PRECIPITATION DATA]       SYMBOLS USED IN COLUMN 16

AVERAGE MONTHLY: 73.6   TOTAL FOR MONTH:   2.94    1 = FOG OR MIST
DPTR FM NORMAL:   4.1   DPTR FM NORMAL:    0.93    2 = FOG REDUCING VISIBILITY
HIGHEST:    94 ON 13    GRTST 24HR  1.90 ON 19-19      TO 1/4 MILE OR LESS
LOWEST:     49 ON  2                               3 = THUNDER
                        SNOW, ICE PELLETS, HAIL    4 = ICE PELLETS
                        TOTAL MONTH:    M          5 = HAIL
                        GRTST 24HR    M  ON   M    6 = FREEZING RAIN OR DRIZZLE
                        GRTST DEPTH:  M  ON   M    7 = DUSTSTORM OR SANDSTORM:
                                                       VSBY 1/2 MILE OR LESS
                                                   8 = SMOKE OR HAZE
[NO. OF DAYS WITH]      [WEATHER - DAYS WITH]      9 = BLOWING SNOW
                                                   X = TORNADO
MAX 32 OR BELOW:   0    0.01 INCH OR MORE:   4
MAX 90 OR ABOVE:   2    0.10 INCH OR MORE:   2
MIN 32 OR BELOW:   0    0.50 INCH OR MORE:   2
MIN  0 OR BELOW:   0    1.00 INCH OR MORE:   1

[HDD (BASE 65) ]
TOTAL THIS MO.     3    CLEAR  (SCALE 0-3)  14
DPTR FM NORMAL   -13    PTCLDY (SCALE 4-7)   4
TOTAL FM JUL 1     4    CLOUDY (SCALE 8-10)  1
DPTR FM NORMAL   -28

[CDD (BASE 65) ]
TOTAL THIS MO.   172
DPTR FM NORMAL    71    [PRESSURE DATA]
TOTAL FM JAN 1   771    HIGHEST SLP M ON M
DPTR FM NORMAL   366    LOWEST  SLP 29.73 ON  3

[REMARKS]
