000
CXUS55 KLBF 201200
CF6BBW
PRELIMINARY LOCAL CLIMATOLOGICAL DATA (WS FORM: F-6)

                                          STATION:   BROKEN BOW
                                          MONTH:     JUNE
                                          YEAR:      2018
                                          LATITUDE:   41 26 N
                                          LONGITUDE:  99 39 W

  TEMPERATURE IN F:       :PCPN:    SNOW:  WIND      :SUNSHINE: SKY     :PK WND
================================================================================
1   2   3   4   5  6A  6B    7    8   9   10  11  12  13   14  15   16   17  18
                                     12Z  AVG MX 2MIN
DY MAX MIN AVG DEP HDD CDD  WTR  SNW DPTH SPD SPD DIR MIN PSBL S-S WX    SPD DR
================================================================================

 1  90  63  77  13   0  12 0.21    M    M 15.8 33 330   M    M   2 38     48 200
 2  78  52  65   1   0   0    T    M    M 16.2 37 350   M    M   0        46 340
 3  80  47  64  -1   1   0 0.00    M    M  4.1 12 140   M    M   0        17 130
 4  85  57  71   6   0   6 0.00    M    M 12.9 28 190   M    M   1        37 160
 5  94  56  75  10   0  10 0.00    M    M  8.6 22 170   M    M   0        27 170
 6  91  66  79  13   0  14 0.01    M    M  8.1 29 310   M    M   0 3      40 310
 7  81  63  72   6   0   7 0.19    M    M 10.9 26 300   M    M   3 3      35 100
 8  88  61  75   9   0  10 0.29    M    M  9.6 46 350   M    M   2 13     59 350
 9  87  60  74   7   0   9 0.60    M    M  9.4 20 350   M    M   1 13     27 360
10  92  69  81  14   0  16 0.00    M    M 12.7 24 140   M    M   0        34 130
11  83  61  72   5   0   7 0.00    M    M 13.2 25 320   M    M   0        35 320
12  81  54  68   0   0   3 0.00    M    M  6.4 15 350   M    M   2 8      21 310
13  83  55  69   1   0   4 0.00    M    M 11.8 25 150   M    M   1        35 150
14  97  68  83  15   0  18 0.00    M    M 14.3 26 160   M    M   0        35 150
15  94  69  82  14   0  17 0.00    M    M 11.0 32 160   M    M   0        43 160
16  97  71  84  15   0  19 0.00    M    M 16.4 32 170   M    M   0        43 170
17  89  64  77   8   0  12 0.24    M    M 11.6 23 340   M    M   6 13     32 170
18  79  63  71   2   0   6    T    M    M  8.9 20 310   M    M   9 13     23 310
19  76  64  70   0   0   5 0.34    M    M 11.2 24 310   M    M   9 3      33 310
================================================================================
SM 1645 1163         1 175  1.88    M    213.1          M       36
================================================================================
AV 86.6 61.2                              11.2 FASTST   M    M   2    MAX(MPH)
                                 MISC ---->  # 46 350               # 59  350
================================================================================
NOTES:
# LAST OF SEVERAL OCCURRENCES

COLUMN 17 PEAK WIND IN M.P.H.

PRELIMINARY LOCAL CLIMATOLOGICAL DATA (WS FORM: F-6) , PAGE 2

                                          STATION:  BROKEN BOW
                                          MONTH:    JUNE
                                          YEAR:     2018
                                          LATITUDE:   41 26 N
                                          LONGITUDE:  99 39 W

[TEMPERATURE DATA]      [PRECIPITATION DATA]       SYMBOLS USED IN COLUMN 16

AVERAGE MONTHLY: 73.9   TOTAL FOR MONTH:   1.88    1 = FOG OR MIST
DPTR FM NORMAL:   7.0   DPTR FM NORMAL:   -1.09    2 = FOG REDUCING VISIBILITY
HIGHEST:    97 ON 16,14 GRTST 24HR  0.60 ON  9- 9      TO 1/4 MILE OR LESS
LOWEST:     47 ON  3                               3 = THUNDER
                        SNOW, ICE PELLETS, HAIL    4 = ICE PELLETS
                        TOTAL MONTH:    M          5 = HAIL
                        GRTST 24HR    M  ON   M    6 = FREEZING RAIN OR DRIZZLE
                        GRTST DEPTH:  M  ON   M    7 = DUSTSTORM OR SANDSTORM:
                                                       VSBY 1/2 MILE OR LESS
                                                   8 = SMOKE OR HAZE
[NO. OF DAYS WITH]      [WEATHER - DAYS WITH]      9 = BLOWING SNOW
                                                   X = TORNADO
MAX 32 OR BELOW:   0    0.01 INCH OR MORE:   7
MAX 90 OR ABOVE:   7    0.10 INCH OR MORE:   6
MIN 32 OR BELOW:   0    0.50 INCH OR MORE:   1
MIN  0 OR BELOW:   0    1.00 INCH OR MORE:   0

[HDD (BASE 65) ]
TOTAL THIS MO.     1    CLEAR  (SCALE 0-3)  16
DPTR FM NORMAL   -36    PTCLDY (SCALE 4-7)   1
TOTAL FM JUL 1  6580    CLOUDY (SCALE 8-10)  2
DPTR FM NORMAL   -62

[CDD (BASE 65) ]
TOTAL THIS MO.   175
DPTR FM NORMAL   101    [PRESSURE DATA]
TOTAL FM JAN 1   281    HIGHEST SLP M ON M
DPTR FM NORMAL   173    LOWEST  SLP 29.44 ON 11

[REMARKS]
