047
CXUS55 KLBF 231200
CF6BBW
PRELIMINARY LOCAL CLIMATOLOGICAL DATA (WS FORM: F-6)

                                          STATION:   BROKEN BOW
                                          MONTH:     SEPTEMBER
                                          YEAR:      2018
                                          LATITUDE:   41 26 N
                                          LONGITUDE:  99 39 W

  TEMPERATURE IN F:       :PCPN:    SNOW:  WIND      :SUNSHINE: SKY     :PK WND
================================================================================
1   2   3   4   5  6A  6B    7    8   9   10  11  12  13   14  15   16   17  18
                                     12Z  AVG MX 2MIN
DY MAX MIN AVG DEP HDD CDD  WTR  SNW DPTH SPD SPD DIR MIN PSBL S-S WX    SPD DR
================================================================================

 1  85  57  71   3   0   6    T    M    M  6.9 17 150   M    M   1        24 160
 2  78  61  70   2   0   5    T    M    M  4.2 14 190   M    M   4        19 200
 3  78  63  71   3   0   6 0.01    M    M  9.6 17 140   M    M  10 1      25 160
 4  83  63  73   6   0   8 2.19    M    M  6.9 28 340   M    M   8 13     37 330
 5  74  60  67   0   0   2 0.03    M    M 10.9 18 360   M    M  10 1      28 350
 6  77  59  68   2   0   3 0.00    M    M  4.9 13  90   M    M   4        17  80
 7  76  59  68   2   0   3 0.00    M    M  5.6 14  60   M    M   7 1      21  60
 8  71  59  65  -1   0   0 0.00    M    M  6.4 14 130   M    M   8 1      20 130
 9  71  60  66   1   0   1    T    M    M 11.3 18 150   M    M   8        26 180
10  82  57  70   5   0   5 0.00    M    M 11.1 21 180   M    M   0        30 190
11  87  60  74  10   0   9 0.00    M    M 13.8 26 160   M    M   2        38 180
12  83  60  72   8   0   7 0.00    M    M 14.7 29 150   M    M   0        40 180
13  88  67  78  14   0  13 0.00    M    M 13.8 24 180   M    M   6        35 190
14  90  67  79  16   0  14 0.00    M    M 10.2 21 160   M    M   3        30 170
15  90  65  78  15   0  13 0.00    M    M 11.8 23 150   M    M   1        33 170
16  89  63  76  14   0  11 0.00    M    M 11.1 22 170   M    M   0        29 180
17  94  58  76  14   0  11    T    M    M  6.3 18 200   M    M   1 12     26 170
18  85  62  74  13   0   9 0.25    M    M  9.9 25 350   M    M   4 13     34 350
19  89  63  76  15   0  11 0.18    M    M  7.6 23 250   M    M   5 13     32 260
20  71  55  63   3   2   0 1.75    M    M  8.5 20 330   M    M   6 13     26 340
21  64  45  55  -5  10   0 0.00    M    M 10.3 24 350   M    M   0        33 340
22  77  43  60   1   5   0    T    M    M 11.2 24 180   M    M   0        32 200
================================================================================
SM 1782 1306        17 137  4.41    M    207.0          M       88
================================================================================
AV 81.0 59.4                               9.4 FASTST   M    M   4    MAX(MPH)
                                 MISC ---->  # 29 150               # 40  180
================================================================================
NOTES:
# LAST OF SEVERAL OCCURRENCES

COLUMN 17 PEAK WIND IN M.P.H.

PRELIMINARY LOCAL CLIMATOLOGICAL DATA (WS FORM: F-6) , PAGE 2

                                          STATION:  BROKEN BOW
                                          MONTH:    SEPTEMBER
                                          YEAR:     2018
                                          LATITUDE:   41 26 N
                                          LONGITUDE:  99 39 W

[TEMPERATURE DATA]      [PRECIPITATION DATA]       SYMBOLS USED IN COLUMN 16

AVERAGE MONTHLY: 70.2   TOTAL FOR MONTH:   4.41    1 = FOG OR MIST
DPTR FM NORMAL:   6.1   DPTR FM NORMAL:    2.73    2 = FOG REDUCING VISIBILITY
HIGHEST:    94 ON 17    GRTST 24HR  2.19 ON  4- 4      TO 1/4 MILE OR LESS
LOWEST:     43 ON 22                               3 = THUNDER
                        SNOW, ICE PELLETS, HAIL    4 = ICE PELLETS
                        TOTAL MONTH:    M          5 = HAIL
                        GRTST 24HR    M  ON   M    6 = FREEZING RAIN OR DRIZZLE
                        GRTST DEPTH:  M  ON   M    7 = DUSTSTORM OR SANDSTORM:
                                                       VSBY 1/2 MILE OR LESS
                                                   8 = SMOKE OR HAZE
[NO. OF DAYS WITH]      [WEATHER - DAYS WITH]      9 = BLOWING SNOW
                                                   X = TORNADO
MAX 32 OR BELOW:   0    0.01 INCH OR MORE:   6
MAX 90 OR ABOVE:   3    0.10 INCH OR MORE:   4
MIN 32 OR BELOW:   0    0.50 INCH OR MORE:   2
MIN  0 OR BELOW:   0    1.00 INCH OR MORE:   2

[HDD (BASE 65) ]
TOTAL THIS MO.    17    CLEAR  (SCALE 0-3)   9
DPTR FM NORMAL   -65    PTCLDY (SCALE 4-7)   9
TOTAL FM JUL 1    38    CLOUDY (SCALE 8-10)  4
DPTR FM NORMAL   -62

[CDD (BASE 65) ]
TOTAL THIS MO.   137
DPTR FM NORMAL    79    [PRESSURE DATA]
TOTAL FM JAN 1   957    HIGHEST SLP M ON M
DPTR FM NORMAL   203    LOWEST  SLP 29.64 ON 20

[REMARKS]
