000
CXUS55 KLBF 291200
CF6BBW
PRELIMINARY LOCAL CLIMATOLOGICAL DATA (WS FORM: F-6)

                                          STATION:   BROKEN BOW
                                          MONTH:     MARCH
                                          YEAR:      2020
                                          LATITUDE:   41 26 N
                                          LONGITUDE:  99 39 W

  TEMPERATURE IN F:       :PCPN:    SNOW:  WIND      :SUNSHINE: SKY     :PK WND
================================================================================
1   2   3   4   5  6A  6B    7    8   9   10  11  12  13   14  15   16   17  18
                                     12Z  AVG MX 2MIN
DY MAX MIN AVG DEP HDD CDD  WTR  SNW DPTH SPD SPD DIR MIN PSBL S-S WX    SPD DR
================================================================================

 1  54  30  42  10  23   0 0.00    M    M 18.2 35 340   M    M   1        45 320
 2  50  24  37   5  28   0    T    M    M 10.4 26 230   M    M   4        35 210
 3  62  29  46  13  19   0 0.00    M    M 16.1 29 340   M    M   1        39 340
 4  66  30  48  15  17   0 0.00    M    M 12.9 35 310   M    M   0        45 350
 5  51  20  36   2  29   0 0.00    M    M 18.8 38 330   M    M   0        51 330
 6  58  18  38   4  27   0 0.00    M    M 11.5 28 180   M    M   0        37 170
 7  72  36  54  20  11   0 0.00    M    M 12.7 24 200   M    M   0        34 170
 8  77  38  58  23   7   0 0.00    M    M 10.5 29 360   M    M   1        38 360
 9  38  30  34  -1  31   0 0.36    M    M 12.1 25 350   M    M  10 126    38 360
10  59  29  44   8  21   0 0.01    M    M  7.7 26 320   M    M   7 123    37 330
11  72  32  52  16  13   0 0.00    M    M  9.1 24 240   M    M   4 128    31 250
12  55  22  39   3  26   0 0.00    M    M 17.0 35 330   M    M   3        47 320
13  41  20  31  -6  34   0 0.05    M    M  8.9 17 130   M    M   8 1      23 150
14  32  29  31  -6  34   0 0.08    M    M 12.7 21 110   M    M  10 1      26 100
15  33  29  31  -7  34   0 0.00    M    M 12.5 21 160   M    M  10 1      26 170
16  42  33  38   0  27   0    T    M    M  7.5 18 350   M    M  10 1      22 360
17  39  33  36  -2  29   0 0.00    M    M 10.3 24 170   M    M  10        32 150
18  50  38  44   6  21   0 0.02    M    M  4.4 10  90   M    M  10 1      15 100
19  46  22  34  -5  31   0 0.53    M    M 22.1 44 360   M    M  10 1238   55 340
20  25  11  18 -21  47   0    T    M    M 12.0 32 340   M    M   3 18     41 340
21  46  17  32  -8  33   0 0.00    M    M 12.4 25 200   M    M   2        32 190
22  56  30  43   3  22   0    T    M    M  8.2 20 170   M    M   2        26 170
23  55  36  46   6  19   0 0.00    M    M  7.9 16 150   M    M   7 1      20 120
24  71  33  52  12  13   0 0.00    M    M  6.7 21 270   M    M   5 12     35 260
25  66  37  52  11  13   0 0.00    M    M  9.1 23 360   M    M   4        34 350
26  46  37  42   1  23   0 0.00    M    M  9.6 20  40   M    M  10 1      25  30
27  48  41  45   3  20   0 0.03    M    M  7.6 18  50   M    M  10 1      22  50
28  46  34  40  -2  25   0 1.39    M    M 14.1 32 340   M    M   8 1      45 350
================================================================================
SM 1456  818       677   0  2.47    M    323.0          M      150
================================================================================
AV 52.0 29.2                              11.5 FASTST   M    M   5    MAX(MPH)
                                 MISC ---->  # 44 360               # 55  340
================================================================================
NOTES:
# LAST OF SEVERAL OCCURRENCES

COLUMN 17 PEAK WIND IN M.P.H.

PRELIMINARY LOCAL CLIMATOLOGICAL DATA (WS FORM: F-6) , PAGE 2

                                          STATION:  BROKEN BOW
                                          MONTH:    MARCH
                                          YEAR:     2020
                                          LATITUDE:   41 26 N
                                          LONGITUDE:  99 39 W

[TEMPERATURE DATA]      [PRECIPITATION DATA]       SYMBOLS USED IN COLUMN 16

AVERAGE MONTHLY: 40.6   TOTAL FOR MONTH:   2.47    1 = FOG OR MIST
DPTR FM NORMAL:   3.5   DPTR FM NORMAL:    1.33    2 = FOG REDUCING VISIBILITY
HIGHEST:    77 ON  8    GRTST 24HR  1.39 ON 28-28      TO 1/4 MILE OR LESS
LOWEST:     11 ON 20                               3 = THUNDER
                        SNOW, ICE PELLETS, HAIL    4 = ICE PELLETS
                        TOTAL MONTH:    M          5 = HAIL
                        GRTST 24HR    M  ON   M    6 = FREEZING RAIN OR DRIZZLE
                        GRTST DEPTH:  M  ON   M    7 = DUSTSTORM OR SANDSTORM:
                                                       VSBY 1/2 MILE OR LESS
                                                   8 = SMOKE OR HAZE
[NO. OF DAYS WITH]      [WEATHER - DAYS WITH]      9 = BLOWING SNOW
                                                   X = TORNADO
MAX 32 OR BELOW:   2    0.01 INCH OR MORE:   8
MAX 90 OR ABOVE:   0    0.10 INCH OR MORE:   3
MIN 32 OR BELOW:  17    0.50 INCH OR MORE:   2
MIN  0 OR BELOW:   0    1.00 INCH OR MORE:   1

[HDD (BASE 65) ]
TOTAL THIS MO.   677    CLEAR  (SCALE 0-3)  10
DPTR FM NORMAL  -102    PTCLDY (SCALE 4-7)   8
TOTAL FM JUL 1  5494    CLOUDY (SCALE 8-10) 10
DPTR FM NORMAL  -300

[CDD (BASE 65) ]
TOTAL THIS MO.     0
DPTR FM NORMAL     0    [PRESSURE DATA]
TOTAL FM JAN 1     0    HIGHEST SLP M ON M
DPTR FM NORMAL     0    LOWEST  SLP 29.53 ON 28

[REMARKS]
