000
CXUS55 KLBF 211200
CF6BBW
PRELIMINARY LOCAL CLIMATOLOGICAL DATA (WS FORM: F-6)

                                          STATION:   BROKEN BOW
                                          MONTH:     OCTOBER
                                          YEAR:      2019
                                          LATITUDE:   41 26 N
                                          LONGITUDE:  99 39 W

  TEMPERATURE IN F:       :PCPN:    SNOW:  WIND      :SUNSHINE: SKY     :PK WND
================================================================================
1   2   3   4   5  6A  6B    7    8   9   10  11  12  13   14  15   16   17  18
                                     12Z  AVG MX 2MIN
DY MAX MIN AVG DEP HDD CDD  WTR  SNW DPTH SPD SPD DIR MIN PSBL S-S WX    SPD DR
================================================================================

 1  58  46  52  -3  13   0 0.44    M    M 11.4 20  10   M    M  10 1      29  20
 2  51  37  44 -11  21   0 0.06    M    M  7.0 15  10   M    M   9 1      24  10
 3  62  35  49  -5  16   0 0.00    M    M  4.5  9 340   M    M   4 1      14 320
 4  55  42  49  -5  16   0 0.03    M    M 13.4 24 150   M    M   9 1      36 140
 5  66  35  51  -3  14   0 0.09    M    M 13.5 35 310   M    M   2 1      54 300
 6  66  33  50  -3  15   0 0.00    M    M  6.8 20 330   M    M   3        31 280
 7  73  30  52  -1  13   0 0.00    M    M  7.8 23 190   M    M   0        34 170
 8  74  45  60   8   5   0 0.00    M    M 12.7 22 150   M    M   0        30 160
 9  70  42  56   4   9   0 0.04    M    M 12.4 26 360   M    M   4 13     40 350
10  42  30  36 -16  29   0 0.05    M    M 21.0 32 340   M    M  10 36     50 340
11  40  21  31 -20  34   0 0.00    M    M 14.2 31 300   M    M   3        44 300
12  59  20  40 -11  25   0 0.00    M    M  8.8 25 310   M    M   0        35 310
13  62  20  41  -9  24   0 0.00    M    M  4.3 16 310   M    M   0        21 320
14  75  27  51   1  14   0 0.00    M    M  6.3 20 190   M    M   0        30 200
15  58  26  42  -8  23   0    T    M    M 14.5 30 330   M    M   0        45 330
16  62  22  42  -7  23   0 0.00    M    M  4.8 17 190   M    M   0        24 180
17  81  29  55   6  10   0 0.00    M    M  5.3 20 150   M    M   0        27 160
18  71  41  56   7   9   0    T    M    M  9.4 22 330   M    M   1        30 340
19  67  32  50   2  15   0 0.00    M    M  4.1 17 190   M    M   1        30 230
20  63  32  48   0  17   0 0.00    M    M 13.1 30 290   M    M   2        45 300
================================================================================
SM 1255  645       345   0  0.71    M    195.3          M       58
================================================================================
AV 62.8 32.3                               9.8 FASTST   M    M   3    MAX(MPH)
                                 MISC ---->  # 35 310               # 54  300
================================================================================
NOTES:
# LAST OF SEVERAL OCCURRENCES

COLUMN 17 PEAK WIND IN M.P.H.

PRELIMINARY LOCAL CLIMATOLOGICAL DATA (WS FORM: F-6) , PAGE 2

                                          STATION:  BROKEN BOW
                                          MONTH:    OCTOBER
                                          YEAR:     2019
                                          LATITUDE:   41 26 N
                                          LONGITUDE:  99 39 W

[TEMPERATURE DATA]      [PRECIPITATION DATA]       SYMBOLS USED IN COLUMN 16

AVERAGE MONTHLY: 47.5   TOTAL FOR MONTH:   0.71    1 = FOG OR MIST
DPTR FM NORMAL:  -4.0   DPTR FM NORMAL:   -0.60    2 = FOG REDUCING VISIBILITY
HIGHEST:    81 ON 17    GRTST 24HR  0.44 ON  1- 1      TO 1/4 MILE OR LESS
LOWEST:     20 ON 13,12                            3 = THUNDER
                        SNOW, ICE PELLETS, HAIL    4 = ICE PELLETS
                        TOTAL MONTH:    M          5 = HAIL
                        GRTST 24HR    M  ON   M    6 = FREEZING RAIN OR DRIZZLE
                        GRTST DEPTH:  M  ON   M    7 = DUSTSTORM OR SANDSTORM:
                                                       VSBY 1/2 MILE OR LESS
                                                   8 = SMOKE OR HAZE
[NO. OF DAYS WITH]      [WEATHER - DAYS WITH]      9 = BLOWING SNOW
                                                   X = TORNADO
MAX 32 OR BELOW:   0    0.01 INCH OR MORE:   6
MAX 90 OR ABOVE:   0    0.10 INCH OR MORE:   1
MIN 32 OR BELOW:  11    0.50 INCH OR MORE:   0
MIN  0 OR BELOW:   0    1.00 INCH OR MORE:   0

[HDD (BASE 65) ]
TOTAL THIS MO.   345    CLEAR  (SCALE 0-3)  14
DPTR FM NORMAL    70    PTCLDY (SCALE 4-7)   2
TOTAL FM JUL 1   382    CLOUDY (SCALE 8-10)  4
DPTR FM NORMAL   -61

[CDD (BASE 65) ]
TOTAL THIS MO.     0
DPTR FM NORMAL    -2    [PRESSURE DATA]
TOTAL FM JAN 1   839    HIGHEST SLP M ON M
DPTR FM NORMAL    75    LOWEST  SLP 29.38 ON 18

[REMARKS]
