000
CXUS51 KBOX 181200
CF6BDL
PRELIMINARY LOCAL CLIMATOLOGICAL DATA (WS FORM: F-6)

                                          STATION:   HARTFORD CT
                                          MONTH:     FEBRUARY
                                          YEAR:      2020
                                          LATITUDE:   41 55 N
                                          LONGITUDE:  72 41 W

  TEMPERATURE IN F:       :PCPN:    SNOW:  WIND      :SUNSHINE: SKY     :PK WND
================================================================================
1   2   3   4   5  6A  6B    7    8   9   10  11  12  13   14  15   16   17  18
                                     12Z  AVG MX 2MIN
DY MAX MIN AVG DEP HDD CDD  WTR  SNW DPTH SPD SPD DIR MIN PSBL S-S WX    SPD DR
================================================================================

 1  38  28  33   6  32   0    T    T    0  1.3  7 170   M    M   9 12      8 150
 2  44  30  37  10  28   0 0.00  0.0    0  6.2 16 300   M    M   8 1      21 310
 3  51  26  39  12  26   0    T  0.0    0  3.1 14 270   M    M   6 1      19 270
 4  48  28  38  10  27   0 0.00  0.0    0  2.8 12 330   M    M   9        17 330
 5  44  30  37   9  28   0 0.01  0.0    0  7.1 20 330   M    M   9        25 320
 6  34  31  33   5  32   0 0.36  0.0    0  8.2 15 360   M    M  10 16     20  10
 7  42  27  35   7  30   0 0.33  0.0    0 11.3 32 300   M    M   9 1      41 300
 8  37  23  30   2  35   0 0.00  0.0    0  8.8 26 250   M    M   4        35 250
 9  34  19  27  -2  38   0    T    T    0  2.9  8  10   M    M   9         9  20
10  45  29  37   8  28   0 0.27  0.1    0  6.9 17 190   M    M  10 1      23 190
11  40  37  39  10  26   0 0.13  0.0    0  4.5 16 330   M    M   8 1      22 340
12  45  34  40  11  25   0    T  0.0    0 10.6 20 300   M    M   8        27 320
13  39  33  36   7  29   0 0.65  0.3    0  5.3 23 310   M    M   9 14     29 310
14  34  12  23  -7  42   0 0.00  0.0    0 13.2 30 310   M    M   2        37 300
15  29   6  18 -12  47   0 0.00  0.0    0  6.2 17 170   M    M   3        21 180
16  45  21  33   3  32   0 0.00  0.0    0  7.7 16 200   M    M   8        22 190
17  48  24  36   6  29   0 0.00  0.0    0  5.5 16 310   M    M   3        21 300
================================================================================
SM  697  438       534   0  1.75     0.4 111.6          M      124
================================================================================
AV 41.0 25.8                               6.6 FASTST   M    M   7    MAX(MPH)
                                 MISC ---->  # 32 300               # 41  300
================================================================================
NOTES:
# LAST OF SEVERAL OCCURRENCES

COLUMN 17 PEAK WIND IN M.P.H.

PRELIMINARY LOCAL CLIMATOLOGICAL DATA (WS FORM: F-6) , PAGE 2

                                          STATION:  HARTFORD CT
                                          MONTH:    FEBRUARY
                                          YEAR:     2020
                                          LATITUDE:   41 55 N
                                          LONGITUDE:  72 41 W

[TEMPERATURE DATA]      [PRECIPITATION DATA]       SYMBOLS USED IN COLUMN 16

AVERAGE MONTHLY: 33.4   TOTAL FOR MONTH:   1.75    1 = FOG OR MIST
DPTR FM NORMAL:   4.9   DPTR FM NORMAL:    0.02    2 = FOG REDUCING VISIBILITY
HIGHEST:    51 ON  3    GRTST 24HR  0.65 ON 13-13      TO 1/4 MILE OR LESS
LOWEST:      6 ON 15                               3 = THUNDER
                        SNOW, ICE PELLETS, HAIL    4 = ICE PELLETS
                        TOTAL MONTH:   0.4 INCH    5 = HAIL
                        GRTST 24HR   0.3 ON 13-13  6 = FREEZING RAIN OR DRIZZLE
                        GRTST DEPTH:   0           7 = DUSTSTORM OR SANDSTORM:
                                                       VSBY 1/2 MILE OR LESS
                                                   8 = SMOKE OR HAZE
[NO. OF DAYS WITH]      [WEATHER - DAYS WITH]      9 = BLOWING SNOW
                                                   X = TORNADO
MAX 32 OR BELOW:   1    0.01 INCH OR MORE:   6
MAX 90 OR ABOVE:   0    0.10 INCH OR MORE:   5
MIN 32 OR BELOW:  14    0.50 INCH OR MORE:   1
MIN  0 OR BELOW:   0    1.00 INCH OR MORE:   0

[HDD (BASE 65) ]
TOTAL THIS MO.   534    CLEAR  (SCALE 0-3)   3
DPTR FM NORMAL   -87    PTCLDY (SCALE 4-7)   5
TOTAL FM JUL 1  3647    CLOUDY (SCALE 8-10)  9
DPTR FM NORMAL  -424

[CDD (BASE 65) ]
TOTAL THIS MO.     0
DPTR FM NORMAL     0    [PRESSURE DATA]
TOTAL FM JAN 1     0    HIGHEST SLP M ON M
DPTR FM NORMAL     0    LOWEST  SLP 29.42 ON  6

[REMARKS]
