000
CXUS51 KBOX 240810
CF6BDL
PRELIMINARY LOCAL CLIMATOLOGICAL DATA (WS FORM: F-6)

                                          STATION:   HARTFORD CT
                                          MONTH:     SEPTEMBER
                                          YEAR:      2022
                                          LATITUDE:   41 55 N
                                          LONGITUDE:  72 41 W

  TEMPERATURE IN F:       :PCPN:    SNOW:  WIND      :SUNSHINE: SKY     :PK WND
================================================================================
1   2   3   4   5  6A  6B    7    8   9   10  11  12  13   14  15   16   17  18
                                     12Z  AVG MX 2MIN
DY MAX MIN AVG DEP HDD CDD  WTR  SNW DPTH SPD SPD DIR MIN PSBL S-S WX    SPD DR
================================================================================

 1  78  57  68  -2   0   3 0.00  0.0    0  6.9 22 300   M    M   2        26 310
 2  77  50  64  -5   1   0 0.00  0.0    0  3.7  9 180   M    M   1        13 170
 3  82  53  68  -1   0   3 0.00  0.0    0  4.3 15 170   M    M   6        18 190
 4  86  63  75   6   0  10 0.05  0.0    0  4.4 14 230   M    M   8 1      19 210
 5  75  66  71   2   0   6 1.41  0.0    0  5.5 12  10   M    M  10 1      14 360
 6  67  63  65  -3   0   0 2.48  0.0    0  6.8 13  20   M    M  10 1      15  20
 7  72  62  67  -1   0   2 0.00  0.0    0  6.7 16  10   M    M   9        20  20
 8  79  57  68   0   0   3 0.00  0.0    0  5.6 14  30   M    M   3 1      17  20
 9  81  53  67   0   0   2 0.00  0.0    0  2.5  8 360   M    M   1        11 330
10  85  56  71   4   0   6 0.00  0.0    0  2.4  8 210   M    M   5 1      11 210
11  75  62  69   2   0   4 0.01  0.0    0  3.3  9 210   M    M  10 1      12 300
12  81  64  73   7   0   8 0.05  0.0    0  2.8  8 130   M    M   8 1      10 130
13  81  62  72   6   0   7 0.42  0.0    0  5.2 21 260   M    M   8 138    24 250
14  79  58  69   3   0   4 0.00  0.0    0  6.9 20 290   M    M   2        26 290
15  73  52  63  -2   2   0 0.00  0.0    0  9.3 18 360   M    M   2        26 300
16  75  46  61  -4   4   0 0.00  0.0    0  5.2 14 300   M    M   3        17 270
17  71  50  61  -3   4   0 0.00  0.0    0  5.1 12 230   M    M   4        14 210
18  85  57  71   7   0   6 0.00  0.0    0  7.5 16 230   M    M   5        27 200
19  83  65  74  10   0   9 0.09  0.0    0  5.7 25 270   M    M   8 13     32 290
20  79  61  70   7   0   5 0.10  0.0    0  5.3 15 270   M    M   7 128    17 330
21  77  56  67   4   0   2 0.00  0.0    0  5.1 14 210   M    M   5        18 220
22  69  57  63   1   2   0 1.11  0.0    0  8.6 21 320   M    M   7 13     29 330
23  62  45  54  -8  11   0 0.00  0.0    0 12.8 24 310   M    M   2        32 320
================================================================================
SM 1772 1315        24  80  5.72  0.0    131.6          M      126
================================================================================
AV 77.0 57.2                               5.7 FASTST   M    M   5    MAX(MPH)
                                 MISC ---->    25 270               # 32 290
================================================================================
NOTES:
# LAST OF SEVERAL OCCURRENCES

COLUMN 17 PEAK WIND IN M.P.H.

PRELIMINARY LOCAL CLIMATOLOGICAL DATA (WS FORM: F-6) , PAGE 2

                                          STATION:   HARTFORD CT
                                          MONTH:     SEPTEMBER
                                          YEAR:      2022
                                          LATITUDE:   41 55 N
                                          LONGITUDE:  72 41 W

[TEMPERATURE DATA]      [PRECIPITATION DATA]       SYMBOLS USED IN COLUMN 16

AVERAGE MONTHLY: 67.1   TOTAL FOR MONTH:   5.72    1 = FOG OR MIST
DPTR FM NORMAL:   1.0   DPTR FM NORMAL:    2.46    2 = FOG REDUCING VISIBILITY
HIGHEST:    86 ON  4    GRTST 24HR  3.84 ON  5- 6      TO 1/4 MILE OR LESS
LOWEST:     45 ON 23                               3 = THUNDER
                        SNOW, ICE PELLETS, HAIL    4 = ICE PELLETS
                        TOTAL MONTH:   0.0 INCH    5 = HAIL
                        GRTST 24HR  0.0            6 = FREEZING RAIN OR DRIZZLE
                        GRTST DEPTH:  0            7 = DUSTSTORM OR SANDSTORM:
                                                       VSBY 1/2 MILE OR LESS
                                                   8 = SMOKE OR HAZE
[NO. OF DAYS WITH]      [WEATHER - DAYS WITH]      9 = BLOWING SNOW
                                                   X = TORNADO
MAX 32 OR BELOW:   0    0.01 INCH OR MORE:   9
MAX 90 OR ABOVE:   0    0.10 INCH OR MORE:   5
MIN 32 OR BELOW:   0    0.50 INCH OR MORE:   3
MIN  0 OR BELOW:   0    1.00 INCH OR MORE:   3

[HDD (BASE 65) ]
TOTAL THIS MO.    24    CLEAR  (SCALE 0-3)   6
DPTR FM NORMAL   -29    PTCLDY (SCALE 4-7)  12
TOTAL FM JUL 1    24    CLOUDY (SCALE 8-10)  5
DPTR FM NORMAL   -37

[CDD (BASE 65) ]
TOTAL THIS MO.    80
DPTR FM NORMAL     4    [PRESSURE DATA]
TOTAL FM JAN 1  1065    HIGHEST SLP M ON M
DPTR FM NORMAL   264    LOWEST  SLP 29.53 ON 22

[REMARKS]
