000
CXUS51 KBOX 232157
CF6BDL
PRELIMINARY LOCAL CLIMATOLOGICAL DATA (WS FORM: F-6)

                                          STATION:   HARTFORD CT
                                          MONTH:     JULY
                                          YEAR:      2019
                                          LATITUDE:   41 55 N
                                          LONGITUDE:  72 41 W

  TEMPERATURE IN F:       :PCPN:    SNOW:  WIND      :SUNSHINE: SKY     :PK WND
================================================================================
1   2   3   4   5  6A  6B    7    8   9   10  11  12  13   14  15   16   17  18
                                     12Z  AVG MX 2MIN
DY MAX MIN AVG DEP HDD CDD  WTR  SNW DPTH SPD SPD DIR MIN PSBL S-S WX    SPD DR
================================================================================

 1  88  61  75   3   0  10 0.00  0.0    0  5.9 13 310   M    M   4        18  30
 2  87  65  76   3   0  11    T  0.0    0  5.7 15 270   M    M   7        20 280
 3  93  64  79   6   0  14    T  0.0    0  3.8 10 170   M    M   5        13 300
 4  94  66  80   7   0  15 0.00  0.0    0  5.1 15 190   M    M   4        19 180
 5  92  65  79   6   0  14 0.00  0.0    0  7.4 16 170   M    M   5 18     21 200
 6  96  74  85  12   0  20 0.33  0.0    0  8.9 25 280   M    M   7 13     35 300
 7  86  67  77   4   0  12 0.00  0.0    0  6.9 16 360   M    M   7        20  10
 8  86  60  73   0   0   8 0.00  0.0    0  4.7  9 180   M    M   5        16 190
 9  90  58  74   0   0   9 0.00  0.0    0  5.0 14 270   M    M   4        16 270
10  92  60  76   2   0  11 0.00  0.0    0  3.5 12 280   M    M   7        17 180
11  90  66  78   4   0  13 0.12  0.0    0  7.3 22 170   M    M   7 1      27 170
12  91  73  82   8   0  17 0.02  0.0    0  7.7 21 300   M    M   7 1      25 300
13  91  68  80   6   0  15 0.00  0.0    0  5.9 15 290   M    M   3        19 300
14  93  70  82   8   0  17 0.00  0.0    0  8.7 18 300   M    M   3        23 320
15  89  65  77   3   0  12 0.00  0.0    0  6.4 16 320   M    M   6        20 280
16  94  59  77   3   0  12 0.00  0.0    0  6.0 14 200   M    M   6        18 210
17  96  74  85  11   0  20 0.25  0.0    0  7.2 31 310   M    M   8 13     40 310
18  77  69  73  -1   0   8 0.07  0.0    0  5.4 16  40   M    M  10 1      19  30
19  93  68  81   7   0  16 0.00  0.0    0  6.4 16 190   M    M   7        20 180
20  98  77  88  14   0  23 0.00  0.0    0  6.4 16 280   M    M   7 3      20 280
21 100  74  87  13   0  22 0.00  0.0    0  6.9 21 250   M    M   5        28 250
22  83  64  74   0   0   9 0.77  0.0    0  7.0 21  10   M    M   9 13     25 360
================================================================================
SM 1999 1467         0 308  1.56     0.0 138.2          M      133
================================================================================
AV 90.9 66.7                               6.3 FASTST   M    M   6    MAX(MPH)
                                 MISC ---->    31   M                 40    M
================================================================================
NOTES:
# LAST OF SEVERAL OCCURRENCES

COLUMN 17 PEAK WIND IN M.P.H.

PRELIMINARY LOCAL CLIMATOLOGICAL DATA (WS FORM: F-6) , PAGE 2

                                          STATION:  HARTFORD CT
                                          MONTH:    JULY
                                          YEAR:     2019
                                          LATITUDE:   41 55 N
                                          LONGITUDE:  72 41 W

[TEMPERATURE DATA]      [PRECIPITATION DATA]       SYMBOLS USED IN COLUMN 16

AVERAGE MONTHLY: 78.8   TOTAL FOR MONTH:   1.56    1 = FOG OR MIST
DPTR FM NORMAL:   5.3   DPTR FM NORMAL:   -1.29    2 = FOG REDUCING VISIBILITY
HIGHEST:   100 ON 21    GRTST 24HR  0.77 ON 22-22      TO 1/4 MILE OR LESS
LOWEST:     58 ON  9                               3 = THUNDER
                        SNOW, ICE PELLETS, HAIL    4 = ICE PELLETS
                        TOTAL MONTH:   0.0 INCH    5 = HAIL
                        GRTST 24HR     0.0         6 = FREEZING RAIN OR DRIZZLE
                        GRTST DEPTH:   0           7 = DUSTSTORM OR SANDSTORM:
                                                       VSBY 1/2 MILE OR LESS
                                                   8 = SMOKE OR HAZE
[NO. OF DAYS WITH]      [WEATHER - DAYS WITH]      9 = BLOWING SNOW
                                                   X = TORNADO
MAX 32 OR BELOW:   0    0.01 INCH OR MORE:   6
MAX 90 OR ABOVE:  15    0.10 INCH OR MORE:   4
MIN 32 OR BELOW:   0    0.50 INCH OR MORE:   1
MIN  0 OR BELOW:   0    1.00 INCH OR MORE:   0

[HDD (BASE 65) ]
TOTAL THIS MO.     0    CLEAR  (SCALE 0-3)   2
DPTR FM NORMAL     0    PTCLDY (SCALE 4-7)  17
TOTAL FM JUL 1     0    CLOUDY (SCALE 8-10)  3
DPTR FM NORMAL     0

[CDD (BASE 65) ]
TOTAL THIS MO.   308
DPTR FM NORMAL   118    [PRESSURE DATA]
TOTAL FM JAN 1   501    HIGHEST SLP M ON M
DPTR FM NORMAL   128    LOWEST  SLP 29.65 ON 12

[REMARKS]
