000
CXUS51 KOKX 210703
CF6BDR
PRELIMINARY LOCAL CLIMATOLOGICAL DATA (WS FORM: F-6)

                                          STATION:   BRIDGEPORT CT
                                          MONTH:     JANUARY
                                          YEAR:      2019
                                          LATITUDE:   41 10 N
                                          LONGITUDE:  73  8 W

  TEMPERATURE IN F:       :PCPN:    SNOW:  WIND      :SUNSHINE: SKY     :PK WND
================================================================================
1   2   3   4   5  6A  6B    7    8   9   10  11  12  13   14  15   16   17  18
                                     12Z  AVG MX 2MIN
DY MAX MIN AVG DEP HDD CDD  WTR  SNW DPTH SPD SPD DIR MIN PSBL S-S WX    SPD DR
================================================================================

 1  58  37  48  17  17   0 0.31  0.0    0 11.7 30 290   M    M   5 1      40 290
 2  39  31  35   4  30   0 0.00  0.0    0  6.6 14  10   M    M   3        23 350
 3  46  34  40   9  25   0    T  0.0    0  7.2 22 330   M    M   7        28 330
 4  44  32  38   7  27   0 0.00  0.0    0  7.7 17 230   M    M   1        23 230
 5  45  38  42  12  23   0 0.66  0.0    0 10.4 20 360   M    M   8 1      26  10
 6  49  28  39   9  26   0    T  0.0    0  9.7 26 320   M    M   6        43 340
 7  33  21  27  -3  38   0 0.00  0.0    0  9.4 21 330   M    M   1        26 330
 8  44  33  39   9  26   0 0.03    T    0  4.3 13 160   M    M  10 123    16 150
 9  47  34  41  11  24   0 0.21  0.0    0 15.1 31 300   M    M   6 13     42 290
10  35  28  32   2  33   0 0.00  0.0    0 15.1 29 300   M    M   6        36 300
11  33  19  26  -4  39   0 0.00  0.0    0 12.6 24 310   M    M   0        33 300
12  31  17  24  -6  41   0 0.00  0.0    0  5.7 12 320   M    M   5        15 330
13  33  23  28  -2  37   0 0.00  0.0    0  9.9 16  20   M    M   2 8      20  30
14  35  22  29  -1  36   0 0.00  0.0    0  8.9 17  40   M    M   5        21 360
15  38  21  30   0  35   0 0.00  0.0    0  5.2 14 330   M    M   0        19 360
16  40  22  31   1  34   0 0.00  0.0    0  7.3 21 300   M    M   5        26 290
17  32  23  28  -2  37   0 0.00  0.0    0  6.2 14 320   M    M   1        19 310
18  38  28  33   3  32   0 0.04  0.5    1  5.4 10 270   M    M   8 1      16 260
19  37  25  31   1  34   0 0.21    M    0  9.9 25  90   M    M   8 16     30  90
20  39  10  25  -5  40   0 1.13  0.7    1 14.6 28 320   M    M  10 16     39 330
================================================================================
SM  796  526       634   0  2.59     1.2 182.9          M       97
================================================================================
AV 39.8 26.3                               9.1 FASTST   M    M   5    MAX(MPH)
                                 MISC ---->  # 31 300               # 43  340
================================================================================
NOTES:
# LAST OF SEVERAL OCCURRENCES

COLUMN 17 PEAK WIND IN M.P.H.

PRELIMINARY LOCAL CLIMATOLOGICAL DATA (WS FORM: F-6) , PAGE 2

                                          STATION:  BRIDGEPORT CT
                                          MONTH:    JANUARY
                                          YEAR:     2019
                                          LATITUDE:   41 10 N
                                          LONGITUDE:  73  8 W

[TEMPERATURE DATA]      [PRECIPITATION DATA]       SYMBOLS USED IN COLUMN 16

AVERAGE MONTHLY: 33.1   TOTAL FOR MONTH:   2.59    1 = FOG OR MIST
DPTR FM NORMAL:   2.8   DPTR FM NORMAL:    0.53    2 = FOG REDUCING VISIBILITY
HIGHEST:    58 ON  1    GRTST 24HR  1.15 ON 31- 1      TO 1/4 MILE OR LESS
LOWEST:     10 ON 20                               3 = THUNDER
                        SNOW, ICE PELLETS, HAIL    4 = ICE PELLETS
                        TOTAL MONTH:   1.2 INCHES  5 = HAIL
                        GRTST 24HR   0.7 ON 20-20  6 = FREEZING RAIN OR DRIZZLE
                        GRTST DEPTH:   1 ON 20,18  7 = DUSTSTORM OR SANDSTORM:
                                                       VSBY 1/2 MILE OR LESS
                                                   8 = SMOKE OR HAZE
[NO. OF DAYS WITH]      [WEATHER - DAYS WITH]      9 = BLOWING SNOW
                                                   X = TORNADO
MAX 32 OR BELOW:   2    0.01 INCH OR MORE:   7
MAX 90 OR ABOVE:   0    0.10 INCH OR MORE:   5
MIN 32 OR BELOW:  15    0.50 INCH OR MORE:   2
MIN  0 OR BELOW:   0    1.00 INCH OR MORE:   1

[HDD (BASE 65) ]
TOTAL THIS MO.   634    CLEAR  (SCALE 0-3)   7
DPTR FM NORMAL   -62    PTCLDY (SCALE 4-7)  10
TOTAL FM JUL 1  2438    CLOUDY (SCALE 8-10)  3
DPTR FM NORMAL  -151

[CDD (BASE 65) ]
TOTAL THIS MO.     0
DPTR FM NORMAL     0    [PRESSURE DATA]
TOTAL FM JAN 1     0    HIGHEST SLP M ON M
DPTR FM NORMAL     0    LOWEST  SLP 29.21 ON 20

[REMARKS]
