000
CXUS51 KOKX 260703
CF6BDR
PRELIMINARY LOCAL CLIMATOLOGICAL DATA (WS FORM: F-6)

                                          STATION:   BRIDGEPORT CT
                                          MONTH:     MAY
                                          YEAR:      2019
                                          LATITUDE:   41 10 N
                                          LONGITUDE:  73  8 W

  TEMPERATURE IN F:       :PCPN:    SNOW:  WIND      :SUNSHINE: SKY     :PK WND
================================================================================
1   2   3   4   5  6A  6B    7    8   9   10  11  12  13   14  15   16   17  18
                                     12Z  AVG MX 2MIN
DY MAX MIN AVG DEP HDD CDD  WTR  SNW DPTH SPD SPD DIR MIN PSBL S-S WX    SPD DR
================================================================================

 1  53  48  51  -3  14   0 0.00  0.0    0  6.7 13  90   M    M  10 1      15  90
 2  60  48  54  -1  11   0 0.02  0.0    0  8.5 17 100   M    M   8 1      21  90
 3  51  47  49  -6  16   0    T  0.0    0  9.6 17  90   M    M  10 13     20  90
 4  61  50  56   1   9   0 0.15  0.0    0  5.2 14 120   M    M   9 13     18 120
 5  54  51  53  -3  12   0 0.97  0.0    0 10.3 22  80   M    M  10 1      26  60
 6  62  49  56   0   9   0 0.01  0.0    0  7.4 16 140   M    M   5        19 120
 7  65  49  57   1   8   0 0.00  0.0    0  6.4 17 200   M    M   4        21 200
 8  69  53  61   4   4   0 0.00  0.0    0  7.8 15 360   M    M   4        18  10
 9  55  50  53  -4  12   0 0.00  0.0    0 11.7 22  90   M    M   8        25  90
10  68  50  59   2   6   0 0.02  0.0    0  8.1 16 190   M    M   7 1      21 210
11  70  54  62   4   3   0 0.03  0.0    0  8.5 17 350   M    M   5        24 300
12  59  43  51  -7  14   0 1.20  0.0    0 14.1 23  60   M    M  10 1      29  70
13  52  43  48 -10  17   0 0.50  0.0    0 14.6 31  90   M    M  10 1      37  90
14  51  43  47 -11  18   0 0.01  0.0    0  5.7 13  20   M    M  10        16  50
15  68  46  57  -2   8   0    T  0.0    0  8.9 18 340   M    M   6        27 320
16  70  51  61   2   4   0 0.02  0.0    0  7.1 13 200   M    M   3        16 290
17  71  52  62   3   3   0 0.01  0.0    0  4.6 14 350   M    M   4        17 340
18  72  53  63   3   2   0 0.00  0.0    0  8.3 20 320   M    M   1        26 330
19  75  55  65   5   0   0 0.01  0.0    0  7.4 17 220   M    M   6 13     24 210
20  81  61  71  11   0   6 0.18  0.0    0  8.3 18 190   M    M   3 13     27 260
21  74  54  64   3   1   0 0.00  0.0    0 13.4 25 360   M    M   1        32 290
22  76  50  63   2   2   0 0.00  0.0    0  7.0 18 360   M    M   0        23 340
23  69  57  63   2   2   0 0.02  0.0    0  7.6 15 200   M    M   7 3      20 200
24  76  60  68   6   0   3    T  0.0    0 12.3 29 300   M    M   4 13     37 310
25  70  51  61  -1   4   0    T  0.0    0  9.1 16 200   M    M   3        23 200
================================================================================
SM 1632 1268       179   9  3.15     0.0 218.6          M      148
================================================================================
AV 65.3 50.7                               8.7 FASTST   M    M   6    MAX(MPH)
                                 MISC ---->  # 31  90               # 37   90
================================================================================
NOTES:
# LAST OF SEVERAL OCCURRENCES

COLUMN 17 PEAK WIND IN M.P.H.

PRELIMINARY LOCAL CLIMATOLOGICAL DATA (WS FORM: F-6) , PAGE 2

                                          STATION:  BRIDGEPORT CT
                                          MONTH:    MAY
                                          YEAR:     2019
                                          LATITUDE:   41 10 N
                                          LONGITUDE:  73  8 W

[TEMPERATURE DATA]      [PRECIPITATION DATA]       SYMBOLS USED IN COLUMN 16

AVERAGE MONTHLY: 58.0   TOTAL FOR MONTH:   3.15    1 = FOG OR MIST
DPTR FM NORMAL:  -0.2   DPTR FM NORMAL:    0.16    2 = FOG REDUCING VISIBILITY
HIGHEST:    81 ON 20    GRTST 24HR  1.20 ON 12-12      TO 1/4 MILE OR LESS
LOWEST:     43 ON 14,13                            3 = THUNDER
                        SNOW, ICE PELLETS, HAIL    4 = ICE PELLETS
                        TOTAL MONTH:   0.0 INCH    5 = HAIL
                        GRTST 24HR     0.0         6 = FREEZING RAIN OR DRIZZLE
                        GRTST DEPTH:   0           7 = DUSTSTORM OR SANDSTORM:
                                                       VSBY 1/2 MILE OR LESS
                                                   8 = SMOKE OR HAZE
[NO. OF DAYS WITH]      [WEATHER - DAYS WITH]      9 = BLOWING SNOW
                                                   X = TORNADO
MAX 32 OR BELOW:   0    0.01 INCH OR MORE:  14
MAX 90 OR ABOVE:   0    0.10 INCH OR MORE:   5
MIN 32 OR BELOW:   0    0.50 INCH OR MORE:   3
MIN  0 OR BELOW:   0    1.00 INCH OR MORE:   1

[HDD (BASE 65) ]
TOTAL THIS MO.   179    CLEAR  (SCALE 0-3)   5
DPTR FM NORMAL    -5    PTCLDY (SCALE 4-7)  12
TOTAL FM JUL 1  5118    CLOUDY (SCALE 8-10)  8
DPTR FM NORMAL  -221

[CDD (BASE 65) ]
TOTAL THIS MO.     9
DPTR FM NORMAL    -2    [PRESSURE DATA]
TOTAL FM JAN 1     9    HIGHEST SLP M ON M
DPTR FM NORMAL    -4    LOWEST  SLP 29.68 ON 20

[REMARKS]
