000
CXUS51 KOKX 240910
CF6BDR
PRELIMINARY LOCAL CLIMATOLOGICAL DATA (WS FORM: F-6)

                                          STATION:   BRIDGEPORT CT
                                          MONTH:     OCTOBER
                                          YEAR:      2021
                                          LATITUDE:   41 10 N
                                          LONGITUDE:  73  8 W

  TEMPERATURE IN F:       :PCPN:    SNOW:  WIND      :SUNSHINE: SKY     :PK WND
================================================================================
1   2   3   4   5  6A  6B    7    8   9   10  11  12  13   14  15   16   17  18
                                     12Z  AVG MX 2MIN
DY MAX MIN AVG DEP HDD CDD  WTR  SNW DPTH SPD SPD DIR MIN PSBL S-S WX    SPD DR
================================================================================

 1  69  50  60  -2   5   0 0.00  0.0    0  7.5 16 300   M    M   1        27 310
 2  75  50  63   1   2   0 0.00  0.0    0  6.3 16 220   M    M   0        21 220
 3  77  55  66   5   0   1    T  0.0    0  4.7 13 220   M    M   3        14 220
 4  69  59  64   3   1   0 0.53  0.0    0 11.9 21  70   M    M  10 13     26  70
 5  66  57  62   2   3   0 0.00  0.0    0  8.4 16  20   M    M  10        20  20
 6  69  58  64   4   1   0 0.00  0.0    0  4.4  9 220   M    M   9        12 200
 7  72  55  64   4   1   0 0.00  0.0    0  3.9 10 200   M    M   1        13 200
 8  73  57  65   6   0   0 0.00  0.0    0  6.6 21  70   M    M   4 1      26  70
 9  68  60  64   5   1   0    T  0.0    0 14.8 23  90   M    M   9        29 100
10  66  59  63   5   2   0 0.04  0.0    0 13.3 22  70   M    M  10 1      29  70
11  75  61  68  10   0   3 0.00  0.0    0 11.4 20  40   M    M   6        26  20
12  70  56  63   5   2   0 0.00  0.0    0  4.9 10  90   M    M   0        16 100
13  71  55  63   6   2   0    T  0.0    0  3.6 10 220   M    M   7 1      13 210
14  79  61  70  13   0   5 0.00  0.0    0  5.5 17 360   M    M   4        23 350
15  77  60  69  12   0   4 0.00  0.0    0  4.7 12 220   M    M   0        14 220
16  75  58  67  11   0   2 0.16  0.0    0 12.3 22 210   M    M   4 1      28 180
17  66  50  58   2   7   0    T  0.0    0  8.3 20 280   M    M   4        27 290
18  61  44  53  -3  12   0 0.04  0.0    0  8.8 22 340   M    M   3        29 320
19  68  43  56   1   9   0 0.00  0.0    0 10.3 20 270   M    M   0        26 290
20  77  52  65  10   0   0 0.00  0.0    0  6.6 14 260   M    M   1        18 270
21  73  53  63   9   2   0 0.00  0.0    0  8.1 17 200   M    M   0        23 180
22  71  57  64  10   1   0 0.00  0.0    0  9.9 18 220   M    M   4        23 220
23  62  49  56   2   9   0 0.01  0.0    0  7.0 13 340   M    M   9        17 340
================================================================================
SM 1629 1259        60  15  0.78  0.0    183.2          M       99
================================================================================
AV 70.8 54.7                               8.0 FASTST   M    M   4    MAX(MPH)
                                 MISC ---->    23  90               # 29 100
================================================================================
NOTES:
# LAST OF SEVERAL OCCURRENCES

COLUMN 17 PEAK WIND IN M.P.H.

PRELIMINARY LOCAL CLIMATOLOGICAL DATA (WS FORM: F-6) , PAGE 2

                                          STATION:   BRIDGEPORT CT
                                          MONTH:     OCTOBER
                                          YEAR:      2021
                                          LATITUDE:   41 10 N
                                          LONGITUDE:  73  8 W

[TEMPERATURE DATA]      [PRECIPITATION DATA]       SYMBOLS USED IN COLUMN 16

AVERAGE MONTHLY: 62.8   TOTAL FOR MONTH:   0.78    1 = FOG OR MIST
DPTR FM NORMAL:   5.0   DPTR FM NORMAL:   -2.15    2 = FOG REDUCING VISIBILITY
HIGHEST:    79 ON 14    GRTST 24HR  0.53 ON  3- 4      TO 1/4 MILE OR LESS
LOWEST:     43 ON 19                               3 = THUNDER
                        SNOW, ICE PELLETS, HAIL    4 = ICE PELLETS
                        TOTAL MONTH:   0.0 INCH    5 = HAIL
                        GRTST 24HR  0.0            6 = FREEZING RAIN OR DRIZZLE
                        GRTST DEPTH:  0            7 = DUSTSTORM OR SANDSTORM:
                                                       VSBY 1/2 MILE OR LESS
                                                   8 = SMOKE OR HAZE
[NO. OF DAYS WITH]      [WEATHER - DAYS WITH]      9 = BLOWING SNOW
                                                   X = TORNADO
MAX 32 OR BELOW:   0    0.01 INCH OR MORE:   5
MAX 90 OR ABOVE:   0    0.10 INCH OR MORE:   2
MIN 32 OR BELOW:   0    0.50 INCH OR MORE:   1
MIN  0 OR BELOW:   0    1.00 INCH OR MORE:   0

[HDD (BASE 65) ]
TOTAL THIS MO.    60    CLEAR  (SCALE 0-3)  10
DPTR FM NORMAL  -119    PTCLDY (SCALE 4-7)   7
TOTAL FM JUL 1    72    CLOUDY (SCALE 8-10)  6
DPTR FM NORMAL  -153

[CDD (BASE 65) ]
TOTAL THIS MO.    15
DPTR FM NORMAL     4    [PRESSURE DATA]
TOTAL FM JAN 1  1101    HIGHEST SLP M ON M
DPTR FM NORMAL   150    LOWEST  SLP 29.62 ON 16

[REMARKS]
