000
CXUS51 KOKX 200703
CF6BDR
PRELIMINARY LOCAL CLIMATOLOGICAL DATA (WS FORM: F-6)

                                          STATION:   BRIDGEPORT CT
                                          MONTH:     OCTOBER
                                          YEAR:      2018
                                          LATITUDE:   41 10 N
                                          LONGITUDE:  73  8 W

  TEMPERATURE IN F:       :PCPN:    SNOW:  WIND      :SUNSHINE: SKY     :PK WND
================================================================================
1   2   3   4   5  6A  6B    7    8   9   10  11  12  13   14  15   16   17  18
                                     12Z  AVG MX 2MIN
DY MAX MIN AVG DEP HDD CDD  WTR  SNW DPTH SPD SPD DIR MIN PSBL S-S WX    SPD DR
================================================================================

 1  74  61  68   8   0   3    T  0.0    0  7.7 14  40   M    M   8        17 210
 2  76  60  68   8   0   3 2.82  0.0    0  8.3 24 200   M    M   9 13     27 190
 3  76  60  68   8   0   3 0.01  0.0    0  7.0 14 320   M    M   4 1      18 320
 4  75  58  67   8   0   2 0.01  0.0    0  4.8 15 220   M    M   4 1      18 220
 5  69  60  65   6   0   0 0.00  0.0    0  8.6 15 360   M    M   4        20 330
 6  69  58  64   6   1   0    T  0.0    0  8.2 15 220   M    M  10        19 220
 7  77  68  73  15   0   8 0.02  0.0    0  7.1 14 220   M    M   7 18     17 220
 8  72  62  67   9   0   2 0.01  0.0    0 10.0 16 100   M    M  10 18     20  80
 9  75  65  70  13   0   5 0.00  0.0    0  5.9 13 200   M    M   7        17 200
10  79  70  75  18   0  10 0.00  0.0    0  8.4 16 220   M    M   6 1      19 210
11  76  70  73  17   0   8 1.08  0.0    0  8.3 24 230   M    M   8 13     34 230
12  70  49  60   4   5   0 0.75  0.0    0 12.5 30 340   M    M   3 13     40 350
13  58  44  51  -5  14   0 0.16  0.0    0  5.9 15 290   M    M   5 1      20 290
14  61  42  52  -3  13   0 0.00  0.0    0  4.6 15 230   M    M   1        19 230
15  69  48  59   4   6   0 0.17  0.0    0 11.3 28 280   M    M   9 1      41 290
16  61  46  54  -1  11   0 0.02  0.0    0 10.6 23 310   M    M   0        33 330
17  63  45  54   0  11   0    T  0.0    0 10.4 28 300   M    M   2        36 320
18  52  38  45  -9  20   0 0.00  0.0    0  9.7 21 290   M    M   1        28 300
19  61  36  49  -5  16   0 0.00  0.0    0 12.6 29 220   M    M   0        35 230
================================================================================
SM 1313 1040        97  44  5.05     0.0 161.9          M       98
================================================================================
AV 69.1 54.7                               8.5 FASTST   M    M   5    MAX(MPH)
                                 MISC ---->  # 30 340               # 41  290
================================================================================
NOTES:
# LAST OF SEVERAL OCCURRENCES

COLUMN 17 PEAK WIND IN M.P.H.

PRELIMINARY LOCAL CLIMATOLOGICAL DATA (WS FORM: F-6) , PAGE 2

                                          STATION:  BRIDGEPORT CT
                                          MONTH:    OCTOBER
                                          YEAR:     2018
                                          LATITUDE:   41 10 N
                                          LONGITUDE:  73  8 W

[TEMPERATURE DATA]      [PRECIPITATION DATA]       SYMBOLS USED IN COLUMN 16

AVERAGE MONTHLY: 61.9   TOTAL FOR MONTH:   5.05    1 = FOG OR MIST
DPTR FM NORMAL:   5.0   DPTR FM NORMAL:    2.78    2 = FOG REDUCING VISIBILITY
HIGHEST:    79 ON 10    GRTST 24HR  2.82 ON  2- 2      TO 1/4 MILE OR LESS
LOWEST:     36 ON 19                               3 = THUNDER
                        SNOW, ICE PELLETS, HAIL    4 = ICE PELLETS
                        TOTAL MONTH:   0.0 INCH    5 = HAIL
                        GRTST 24HR     0.0         6 = FREEZING RAIN OR DRIZZLE
                        GRTST DEPTH:   0           7 = DUSTSTORM OR SANDSTORM:
                                                       VSBY 1/2 MILE OR LESS
                                                   8 = SMOKE OR HAZE
[NO. OF DAYS WITH]      [WEATHER - DAYS WITH]      9 = BLOWING SNOW
                                                   X = TORNADO
MAX 32 OR BELOW:   0    0.01 INCH OR MORE:  10
MAX 90 OR ABOVE:   0    0.10 INCH OR MORE:   5
MIN 32 OR BELOW:   0    0.50 INCH OR MORE:   3
MIN  0 OR BELOW:   0    1.00 INCH OR MORE:   2

[HDD (BASE 65) ]
TOTAL THIS MO.    97    CLEAR  (SCALE 0-3)   6
DPTR FM NORMAL   -66    PTCLDY (SCALE 4-7)   8
TOTAL FM JUL 1   130    CLOUDY (SCALE 8-10)  5
DPTR FM NORMAL  -101

[CDD (BASE 65) ]
TOTAL THIS MO.    44
DPTR FM NORMAL    36    [PRESSURE DATA]
TOTAL FM JAN 1  1172    HIGHEST SLP M ON M
DPTR FM NORMAL   348    LOWEST  SLP 29.47 ON 12

[REMARKS]
