000
CXUS51 KOKX 190703
CF6BDR
PRELIMINARY LOCAL CLIMATOLOGICAL DATA (WS FORM: F-6)

                                          STATION:   BRIDGEPORT CT
                                          MONTH:     NOVEMBER
                                          YEAR:      2018
                                          LATITUDE:   41 10 N
                                          LONGITUDE:  73  8 W

  TEMPERATURE IN F:       :PCPN:    SNOW:  WIND      :SUNSHINE: SKY     :PK WND
================================================================================
1   2   3   4   5  6A  6B    7    8   9   10  11  12  13   14  15   16   17  18
                                     12Z  AVG MX 2MIN
DY MAX MIN AVG DEP HDD CDD  WTR  SNW DPTH SPD SPD DIR MIN PSBL S-S WX    SPD DR
================================================================================

 1  67  57  62  12   3   0 0.00  0.0    0  5.9 14 200   M    M   5        18 200
 2  67  63  65  15   0   0 0.34  0.0    0 16.1 24 200   M    M   9 1      32 200
 3  66  47  57   8   8   0 0.41  0.0    0 14.6 31 290   M    M   4 1      44 280
 4  56  37  47  -2  18   0 0.00  0.0    0  5.2 13 190   M    M   0        15 190
 5  52  43  48  -1  17   0 0.20  0.0    0 12.7 22 100   M    M   8 1      28 110
 6  61  48  55   7  10   0 0.54  0.0    0  8.0 21 290   M    M   9 1      25 290
 7  63  53  58  10   7   0 0.00  0.0    0 11.4 20 230   M    M   1        26 220
 8  57  41  49   1  16   0 0.00  0.0    0  5.9 13 200   M    M   0        18 290
 9  53  36  45  -3  20   0 0.96  0.0    0 12.5 31  80   M    M   6 1      36  70
10  49  37  43  -4  22   0    T  0.0    0 13.2 31 300   M    M   4 1      39 310
11  47  33  40  -7  25   0 0.00  0.0    0  6.1 14 310   M    M   0        20 290
12  49  30  40  -7  25   0 0.03  0.0    0  3.4 10 220   M    M   1        13 220
13  55  42  49   3  16   0 1.54  0.0    0  9.5 21 340   M    M   9 1      27 320
14  42  30  36 -10  29   0 0.00  0.0    0 12.3 24 300   M    M   1        31 350
15  36  27  32 -14  33   0 0.97    M    0 12.5 32  60   M    M   4 16     43  60
16  45  35  40  -6  25   0 0.16    M    M 17.2 36  60   M    M   8 1      45 330
17  50  39  45   0  20   0 0.00  0.0    0  9.6 21 300   M    M   6        26 290
18  44  35  40  -5  25   0 0.00  0.0    0  4.9 10  20   M    M   8        12 300
================================================================================
SM  959  733       319   0  5.15     0.0 181.0          M       83
================================================================================
AV 53.3 40.7                              10.1 FASTST   M    M   5    MAX(MPH)
                                 MISC ---->  # 36  60               # 45  330
================================================================================
NOTES:
# LAST OF SEVERAL OCCURRENCES

COLUMN 17 PEAK WIND IN M.P.H.

PRELIMINARY LOCAL CLIMATOLOGICAL DATA (WS FORM: F-6) , PAGE 2

                                          STATION:  BRIDGEPORT CT
                                          MONTH:    NOVEMBER
                                          YEAR:     2018
                                          LATITUDE:   41 10 N
                                          LONGITUDE:  73  8 W

[TEMPERATURE DATA]      [PRECIPITATION DATA]       SYMBOLS USED IN COLUMN 16

AVERAGE MONTHLY: 47.0   TOTAL FOR MONTH:   5.15    1 = FOG OR MIST
DPTR FM NORMAL:  -0.4   DPTR FM NORMAL:    3.21    2 = FOG REDUCING VISIBILITY
HIGHEST:    67 ON  2, 1 GRTST 24HR  1.54 ON 13-13      TO 1/4 MILE OR LESS
LOWEST:     27 ON 15                               3 = THUNDER
                        SNOW, ICE PELLETS, HAIL    4 = ICE PELLETS
                        TOTAL MONTH:   0.0 INCH    5 = HAIL
                        GRTST 24HR     0.0         6 = FREEZING RAIN OR DRIZZLE
                        GRTST DEPTH:   0           7 = DUSTSTORM OR SANDSTORM:
                                                       VSBY 1/2 MILE OR LESS
                                                   8 = SMOKE OR HAZE
[NO. OF DAYS WITH]      [WEATHER - DAYS WITH]      9 = BLOWING SNOW
                                                   X = TORNADO
MAX 32 OR BELOW:   0    0.01 INCH OR MORE:   9
MAX 90 OR ABOVE:   0    0.10 INCH OR MORE:   8
MIN 32 OR BELOW:   3    0.50 INCH OR MORE:   4
MIN  0 OR BELOW:   0    1.00 INCH OR MORE:   1

[HDD (BASE 65) ]
TOTAL THIS MO.   319    CLEAR  (SCALE 0-3)   6
DPTR FM NORMAL     3    PTCLDY (SCALE 4-7)   8
TOTAL FM JUL 1   649    CLOUDY (SCALE 8-10)  4
DPTR FM NORMAL   -57

[CDD (BASE 65) ]
TOTAL THIS MO.     0
DPTR FM NORMAL     0    [PRESSURE DATA]
TOTAL FM JAN 1  1172    HIGHEST SLP M ON M
DPTR FM NORMAL   347    LOWEST  SLP 29.44 ON 16

[REMARKS]
