000
CXUS51 KOKX 210703
CF6BDR
PRELIMINARY LOCAL CLIMATOLOGICAL DATA (WS FORM: F-6)

                                          STATION:   BRIDGEPORT CT
                                          MONTH:     MARCH
                                          YEAR:      2019
                                          LATITUDE:   41 10 N
                                          LONGITUDE:  73  8 W

  TEMPERATURE IN F:       :PCPN:    SNOW:  WIND      :SUNSHINE: SKY     :PK WND
================================================================================
1   2   3   4   5  6A  6B    7    8   9   10  11  12  13   14  15   16   17  18
                                     12Z  AVG MX 2MIN
DY MAX MIN AVG DEP HDD CDD  WTR  SNW DPTH SPD SPD DIR MIN PSBL S-S WX    SPD DR
================================================================================

 1  34  24  29  -6  36   0 0.09  1.0    0  7.9 12  50   M    M   9 1      14  50
 2  42  30  36   1  29   0 0.52  3.5    3  8.4 16  10   M    M  10 1      20 360
 3  42  31  37   1  28   0 0.41  3.0    1  6.3 14  50   M    M   5 1      17  60
 4  41  25  33  -3  32   0 0.67  6.0    9 11.5 22 310   M    M   6 1      31 300
 5  31  18  25 -11  40   0 0.00  0.0    5  9.2 16 230   M    M   1        21 230
 6  27  17  22 -14  43   0 0.00  0.0    5 12.1 22 290   M    M   2        30 290
 7  31  13  22 -15  43   0 0.00  0.0    4  7.9 18 280   M    M   3        26 280
 8  35  14  25 -12  40   0 0.00  0.0    3  4.2 13 210   M    M   0        14 210
 9  43  24  34  -3  31   0 0.00  0.0    3  2.6 12  80   M    M   1 18     14  80
10  40  33  37   0  28   0 0.43    T    3 12.5 24  60   M    M   9 1      31  60
11  53  37  45   7  20   0 0.00  0.0    0  9.3 22 300   M    M   1 1      31 300
12  45  31  38   0  27   0 0.00  0.0    0 10.8 22 320   M    M   3        34 290
13  44  25  35  -3  30   0 0.00  0.0    0  3.8 10 200   M    M   1        14 200
14  49  38  44   6  21   0    T  0.0    0  6.1 13  80   M    M   6        16  70
15  58  46  52  13  13   0 0.22  0.0    0  8.4 20 200   M    M   3 1      27 180
16  55  35  45   6  20   0 0.00  0.0    0 14.8 29 300   M    M   2 1      38 300
17  45  32  39   0  26   0 0.00  0.0    0 10.9 20 300   M    M   0        25 340
18  47  24  36  -4  29   0 0.00  0.0    0  5.8 18 210   M    M   2        22 290
19  49  26  38  -2  27   0 0.00  0.0    0  5.2 21 310   M    M   2        28 310
20  50  29  40   0  25   0 0.00  0.0    0  4.3 15 190   M    M   0         M  M
================================================================================
SM  861  552       588   0  2.34    13.5 162.0          M       66
================================================================================
AV 43.1 27.6                               8.1 FASTST   M    M   3    MAX(MPH)
                                 MISC ---->  # 29 300               # 38  300
================================================================================
NOTES:
# LAST OF SEVERAL OCCURRENCES

COLUMN 17 PEAK WIND IN M.P.H.

PRELIMINARY LOCAL CLIMATOLOGICAL DATA (WS FORM: F-6) , PAGE 2

                                          STATION:  BRIDGEPORT CT
                                          MONTH:    MARCH
                                          YEAR:     2019
                                          LATITUDE:   41 10 N
                                          LONGITUDE:  73  8 W

[TEMPERATURE DATA]      [PRECIPITATION DATA]       SYMBOLS USED IN COLUMN 16

AVERAGE MONTHLY: 35.3   TOTAL FOR MONTH:   2.34    1 = FOG OR MIST
DPTR FM NORMAL:  -2.2   DPTR FM NORMAL:   -0.20    2 = FOG REDUCING VISIBILITY
HIGHEST:    58 ON 15    GRTST 24HR  0.67 ON  4- 4      TO 1/4 MILE OR LESS
LOWEST:     13 ON  7                               3 = THUNDER
                        SNOW, ICE PELLETS, HAIL    4 = ICE PELLETS
                        TOTAL MONTH:  13.5 INCHES  5 = HAIL
                        GRTST 24HR   6.0 ON  4- 4  6 = FREEZING RAIN OR DRIZZLE
                        GRTST DEPTH:   9 ON  4     7 = DUSTSTORM OR SANDSTORM:
                                                       VSBY 1/2 MILE OR LESS
                                                   8 = SMOKE OR HAZE
[NO. OF DAYS WITH]      [WEATHER - DAYS WITH]      9 = BLOWING SNOW
                                                   X = TORNADO
MAX 32 OR BELOW:   3    0.01 INCH OR MORE:   6
MAX 90 OR ABOVE:   0    0.10 INCH OR MORE:   5
MIN 32 OR BELOW:  15    0.50 INCH OR MORE:   2
MIN  0 OR BELOW:   0    1.00 INCH OR MORE:   0

[HDD (BASE 65) ]
TOTAL THIS MO.   588    CLEAR  (SCALE 0-3)  13
DPTR FM NORMAL    40    PTCLDY (SCALE 4-7)   4
TOTAL FM JUL 1  4298    CLOUDY (SCALE 8-10)  3
DPTR FM NORMAL  -137

[CDD (BASE 65) ]
TOTAL THIS MO.     0
DPTR FM NORMAL     0    [PRESSURE DATA]
TOTAL FM JAN 1     0    HIGHEST SLP M ON M
DPTR FM NORMAL     0    LOWEST  SLP 29.58 ON 15

[REMARKS]
