633
CXUS53 KIWX 240810
CF6BEH
PRELIMINARY LOCAL CLIMATOLOGICAL DATA (WS FORM: F-6)

                                          STATION:   BENTON HARBOR
                                          MONTH:     MAY
                                          YEAR:      2024
                                          LATITUDE:   42  7 N
                                          LONGITUDE:  86 26 W

  TEMPERATURE IN F:       :PCPN:    SNOW:  WIND      :SUNSHINE: SKY     :PK WND
================================================================================
1   2   3   4   5  6A  6B    7    8   9   10  11  12  13   14  15   16   17  18
                                     12Z  AVG MX 2MIN
DY MAX MIN AVG DEP HDD CDD  WTR  SNW DPTH SPD SPD DIR MIN PSBL S-S WX    SPD DR
================================================================================

 1  72  50  61   8   4   0    T  0.0    0  8.8 24 230   M    M   3        34 220
 2  82  49  66  13   0   1 0.90  0.0    0  9.3 25 260   M    M   4 138    40 210
 3  66  48  57   4   8   0 0.28  0.0    0  4.1 13 310   M    M   6 13     21 320
 4  81  47  64  10   1   0 0.36  0.0    0  4.9 16 260   M    M   3 1238   24 300
 5  65  46  56   2   9   0    T  0.0    0  5.3 16 280   M    M   7 1      23 270
 6  75  46  61   7   4   0 0.00  0.0    0  6.8 17 100   M    M   0 1      23 100
 7  77  57  67  12   0   2 1.02    M    M  8.2 22 250   M    M   4 123    35 260
 8  76  49  63   8   2   0 0.00    M    M  5.4 13 270   M    M   1 1      16 100
 9  65  53  59   4   6   0 0.26    M    M  8.4 16  70   M    M  10 1      28  70
10  66  46  56   0   9   0 0.00    M    M  5.5 15 230   M    M   2 1      21 250
11  61  47  54  -2  11   0 0.26    M    M  7.5 29 290   M    M   3 1      47 260
12  81  42  62   6   3   0 0.00    M    M  5.9 18 260   M    M   1 13     24 280
13  83  62  73  16   0   8    T    M    M 10.2 25 230   M    M   3        34 250
14  75  59  67  10   0   2 0.10    M    M  3.8 13  60   M    M   6 18     18  60
15  71  51  61   4   4   0 0.00    M    M  5.9 13  70   M    M   3        22  10
16  79  48  64   6   1   0 0.00    M    M  5.6 18 240   M    M   3        24 280
17  75  57  66   8   0   1 0.00    M    M  4.2 14 270   M    M   1 128    19 260
18  84  54  69  11   0   4 0.00    M    M  4.1 14 270   M    M   1 1      17 210
19  74  53  64   5   1   0 0.00    M    M  4.5 14 270   M    M   1        19 260
20  88  53  71  12   0   6 0.56    M    M  6.8 29 260   M    M   3 138    43 270
21  89  59  74  14   0   9 0.00    M    M  9.6 18 180   M    M   3 12     31 170
22  82  55  69   9   0   4 0.00    M    M 12.6 28 220   M    M   2        41 230
23  79  52  66   6   0   1 0.00    M    M  3.2 10 280   M    M   0        15 300
================================================================================
SM 1746 1183        63  38  3.74  0.0    150.6          M       70
================================================================================
AV 75.9 51.4                               6.5 FASTST   M    M   3    MAX(MPH)
                                 MISC ---->  # 29 290                 47 260
================================================================================
NOTES:
# LAST OF SEVERAL OCCURRENCES

COLUMN 17 PEAK WIND IN M.P.H.

PRELIMINARY LOCAL CLIMATOLOGICAL DATA (WS FORM: F-6) , PAGE 2

                                          STATION:   BENTON HARBOR
                                          MONTH:     MAY
                                          YEAR:      2024
                                          LATITUDE:   42  7 N
                                          LONGITUDE:  86 26 W

[TEMPERATURE DATA]      [PRECIPITATION DATA]       SYMBOLS USED IN COLUMN 16

AVERAGE MONTHLY: 63.7   TOTAL FOR MONTH:   3.74    1 = FOG OR MIST
DPTR FM NORMAL:   7.3   DPTR FM NORMAL:    0.83    2 = FOG REDUCING VISIBILITY
HIGHEST:    89 ON 21    GRTST 24HR  1.18 ON  2- 3      TO 1/4 MILE OR LESS
LOWEST:     42 ON 12                               3 = THUNDER
                        SNOW, ICE PELLETS, HAIL    4 = ICE PELLETS
                        TOTAL MONTH:   0.0 INCH    5 = HAIL
                        GRTST 24HR  0.0            6 = FREEZING RAIN OR DRIZZLE
                        GRTST DEPTH:  0            7 = DUSTSTORM OR SANDSTORM:
                                                       VSBY 1/2 MILE OR LESS
                                                   8 = SMOKE OR HAZE
[NO. OF DAYS WITH]      [WEATHER - DAYS WITH]      9 = BLOWING SNOW
                                                   X = TORNADO
MAX 32 OR BELOW:   0    0.01 INCH OR MORE:   8
MAX 90 OR ABOVE:   0    0.10 INCH OR MORE:   8
MIN 32 OR BELOW:   0    0.50 INCH OR MORE:   3
MIN  0 OR BELOW:   0    1.00 INCH OR MORE:   1

[HDD (BASE 65) ]
TOTAL THIS MO.    63    CLEAR  (SCALE 0-3)  15
DPTR FM NORMAL  -157    PTCLDY (SCALE 4-7)   7
TOTAL FM JUL 1  4859    CLOUDY (SCALE 8-10)  1
DPTR FM NORMAL -1220

[CDD (BASE 65) ]
TOTAL THIS MO.    38
DPTR FM NORMAL    16    [PRESSURE DATA]
TOTAL FM JAN 1    50    HIGHEST SLP M ON M
DPTR FM NORMAL    21    LOWEST  SLP 29.58 ON 22

[REMARKS]