000
CXAK56 PAFC 201236 RRA
CF6BET

PRELIMINARY LOCAL CLIMATOLOGICAL DATA (WS FORM: F-6)

                                          STATION:   BETHEL
                                          MONTH:     SEPTEMBER
                                          YEAR:      2018
                                          LATITUDE:   60 46 N
                                          LONGITUDE: 161 48 W

  TEMPERATURE IN F:       :PCPN:    SNOW:  WIND      :SUNSHINE: SKY     :PK WND
================================================================================
1   2   3   4   5  6A  6B    7    8   9   10  11  12  13   14  15   16   17  18
                                     12Z  AVG MX 2MIN
DY MAX MIN AVG DEP HDD CDD  WTR  SNW DPTH SPD SPD DIR MIN PSBL S-S WX    SPD DR
================================================================================

 1  55  46  51   0  14   0    T  0.0    0  6.9 14 300   M    M   8        19 340
 2  51  46  49  -2  16   0 0.01  0.0    0  5.6 12 230   M    M  10 1      14 230
 3  56  46  51   1  14   0    T  0.0    0  7.1 12 290   M    M  10        16 290
 4  53  46  50   0  15   0 0.00  0.0    0  5.6 12 340   M    M  10        17 320
 5  53  47  50   0  15   0    T  0.0    0  3.4 10 330   M    M  10 1      13 330
 6  56  48  52   2  13   0 0.08  0.0    0  6.4 15 340   M    M   8 1      20 340
 7  60  41  51   2  14   0    T  0.0    0 12.6 20 360   M    M   1        25  10
 8  62  39  51   2  14   0 0.00  0.0    0 11.4 20  20   M    M   0        23  20
 9  59  40  50   1  15   0    T  0.0    0  8.3 13 320   M    M   0        17 320
10  65  39  52   4  13   0 0.00  0.0    0  6.6 10 290   M    M   3 12     18 300
11  62  44  53   5  12   0 0.00  0.0    0  7.6 14 310   M    M   7 12     17 320
12  58  46  52   5  13   0 0.00  0.0    0  6.0 10 360   M    M   4 1      13 320
13  67  40  54   7  11   0 0.00  0.0    0  5.2  9  50   M    M   1 18     12  50
14  64  54  59  12   6   0 0.03  0.0    0  5.8 13 170   M    M  10 1      16 180
15  59  51  55   9  10   0 0.36  0.0    0  7.8 14 280   M    M  10 12     16 270
16  53  45  49   3  16   0 0.14  0.0    0  8.1 16 290   M    M   9 1      20 280
17  55  46  51   6  14   0 0.05  0.0    0  6.6 14 290   M    M  10 12     17 300
18  55  41  48   3  17   0 0.00  0.0    0  7.3 13 270   M    M   8 12     16 270
19  54  45  50   6  15   0 0.05  0.0    0 10.4 16 230   M    M  10 18     22 210
================================================================================
SM 1097  850       257   0  0.72     0.0 138.7          M      129
================================================================================
AV 57.7 44.7                               7.3 FASTST   M    M   7    MAX(MPH)
                                 MISC ---->  # 20 360               # 25   10
================================================================================
NOTES:
# LAST OF SEVERAL OCCURRENCES

COLUMN 17 PEAK WIND IN M.P.H.

PRELIMINARY LOCAL CLIMATOLOGICAL DATA (WS FORM: F-6) , PAGE 2

                                          STATION:  BETHEL
                                          MONTH:    SEPTEMBER
                                          YEAR:     2018
                                          LATITUDE:   60 46 N
                                          LONGITUDE: 161 48 W

[TEMPERATURE DATA]      [PRECIPITATION DATA]       SYMBOLS USED IN COLUMN 16

AVERAGE MONTHLY: 51.2   TOTAL FOR MONTH:   0.72    1 = FOG OR MIST
DPTR FM NORMAL:   3.2   DPTR FM NORMAL:   -1.09    2 = FOG REDUCING VISIBILITY
HIGHEST:    67 ON 13    GRTST 24HR  0.36 ON 15-15      TO 1/4 MILE OR LESS
LOWEST:     39 ON 10, 8                            3 = THUNDER
                        SNOW, ICE PELLETS, HAIL    4 = ICE PELLETS
                        TOTAL MONTH:   0.0 INCH    5 = HAIL
                        GRTST 24HR     0.0         6 = FREEZING RAIN OR DRIZZLE
                        GRTST DEPTH:   0           7 = DUSTSTORM OR SANDSTORM:
                                                       VSBY 1/2 MILE OR LESS
                                                   8 = SMOKE OR HAZE
[NO. OF DAYS WITH]      [WEATHER - DAYS WITH]      9 = BLOWING SNOW
                                                   X = TORNADO
MAX 32 OR BELOW:   0    0.01 INCH OR MORE:   7
MAX 90 OR ABOVE:   0    0.10 INCH OR MORE:   2
MIN 32 OR BELOW:   0    0.50 INCH OR MORE:   0
MIN  0 OR BELOW:   0    1.00 INCH OR MORE:   0

[HDD (BASE 65) ]
TOTAL THIS MO.   257    CLEAR  (SCALE 0-3)   5
DPTR FM NORMAL   -66    PTCLDY (SCALE 4-7)   2
TOTAL FM JUL 1   865    CLOUDY (SCALE 8-10) 12
DPTR FM NORMAL   -94

[CDD (BASE 65) ]
TOTAL THIS MO.     0
DPTR FM NORMAL     0    [PRESSURE DATA]
TOTAL FM JAN 1     1    HIGHEST SLP M ON M
DPTR FM NORMAL    -3    LOWEST  SLP 29.75 ON 15

[REMARKS]
