000
CXAK56 PAFC 191336
CF6BET

PRELIMINARY LOCAL CLIMATOLOGICAL DATA (WS FORM: F-6)

                                          STATION:   BETHEL
                                          MONTH:     JUNE
                                          YEAR:      2018
                                          LATITUDE:   60 46 N
                                          LONGITUDE: 161 48 W

  TEMPERATURE IN F:       :PCPN:    SNOW:  WIND      :SUNSHINE: SKY     :PK WND
================================================================================
1   2   3   4   5  6A  6B    7    8   9   10  11  12  13   14  15   16   17  18
                                     12Z  AVG MX 2MIN
DY MAX MIN AVG DEP HDD CDD  WTR  SNW DPTH SPD SPD DIR MIN PSBL S-S WX    SPD DR
================================================================================

 1  61  45  53   5  12   0 0.00  0.0    0  8.8 14 290   M    M   6         M  M
 2  68  38  53   5  12   0 0.00  0.0    0  9.4 23 180   M    M   1 12     30 160
 3  51  35  43  -6  22   0 0.05  0.0    0 10.7 17 180   M    M   6 128     M  M
 4  65  43  54   5  11   0 0.01  0.0    0  5.8 10 310   M    M   5         M  M
 5  71  48  60  11   5   0    T  0.0    0  9.7 20 150   M    M   5        25 150
 6  73  49  61  11   4   0 0.00  0.0    0 14.9 26 310   M    M   1        32 320
 7  51  43  47  -3  18   0 0.00  0.0    0  9.2 20 320   M    M  10 1      25 320
 8  59  45  52   2  13   0 0.00  0.0    0  4.3 10 320   M    M   7 1      15 310
 9  66  43  55   4  10   0 0.00  0.0    0  8.9 13 300   M    M   1        21 320
10  70  46  58   7   7   0 0.00  0.0    0 12.7 24 330   M    M   3 12     28 330
11  66  44  55   4  10   0 0.00  0.0    0 13.5 22 360   M    M   0        28 360
12  69  44  57   5   8   0 0.00  0.0    0  7.8 14 330   M    M   1         M  M
13  68  45  57   5   8   0 0.00  0.0    0 10.8 15 280   M    M   0        31 320
14  69  43  56   4   9   0 0.00  0.0    0  7.3 10  20   M    M   0        18 290
15  67  47  57   4   8   0 0.04  0.0    0 11.5 21  60   M    M   5 1      25  60
16  56  49  53   0  12   0 0.77  0.0    0  6.0 15 180   M    M  10 1      18 190
17  53  46  50  -3  15   0 0.27  0.0    0  8.1 12 110   M    M  10 1       M  M
18  60  47  54   0  11   0 0.15  0.0    0 10.8 22 180   M    M   8 1      25 190
================================================================================
SM 1143  800       195   0  1.29     0.0 170.2          M       79
================================================================================
AV 63.5 44.4                               9.5 FASTST   M    M   4    MAX(MPH)
                                 MISC ---->  # 26 310               # 32  320
================================================================================
NOTES:
# LAST OF SEVERAL OCCURRENCES

COLUMN 17 PEAK WIND IN M.P.H.

PRELIMINARY LOCAL CLIMATOLOGICAL DATA (WS FORM: F-6) , PAGE 2

                                          STATION:  BETHEL
                                          MONTH:    JUNE
                                          YEAR:     2018
                                          LATITUDE:   60 46 N
                                          LONGITUDE: 161 48 W

[TEMPERATURE DATA]      [PRECIPITATION DATA]       SYMBOLS USED IN COLUMN 16

AVERAGE MONTHLY: 54.0   TOTAL FOR MONTH:   1.29    1 = FOG OR MIST
DPTR FM NORMAL:   3.1   DPTR FM NORMAL:    0.31    2 = FOG REDUCING VISIBILITY
HIGHEST:    73 ON  6    GRTST 24HR  0.77 ON 16-16      TO 1/4 MILE OR LESS
LOWEST:     35 ON  3                               3 = THUNDER
                        SNOW, ICE PELLETS, HAIL    4 = ICE PELLETS
                        TOTAL MONTH:   0.0 INCH    5 = HAIL
                        GRTST 24HR     0.0         6 = FREEZING RAIN OR DRIZZLE
                        GRTST DEPTH:   0           7 = DUSTSTORM OR SANDSTORM:
                                                       VSBY 1/2 MILE OR LESS
                                                   8 = SMOKE OR HAZE
[NO. OF DAYS WITH]      [WEATHER - DAYS WITH]      9 = BLOWING SNOW
                                                   X = TORNADO
MAX 32 OR BELOW:   0    0.01 INCH OR MORE:   6
MAX 90 OR ABOVE:   0    0.10 INCH OR MORE:   3
MIN 32 OR BELOW:   0    0.50 INCH OR MORE:   1
MIN  0 OR BELOW:   0    1.00 INCH OR MORE:   0

[HDD (BASE 65) ]
TOTAL THIS MO.   195    CLEAR  (SCALE 0-3)   7
DPTR FM NORMAL   -61    PTCLDY (SCALE 4-7)   7
TOTAL FM JUL 1 10401    CLOUDY (SCALE 8-10)  4
DPTR FM NORMAL -1996

[CDD (BASE 65) ]
TOTAL THIS MO.     0
DPTR FM NORMAL     0    [PRESSURE DATA]
TOTAL FM JAN 1     0    HIGHEST SLP M ON M
DPTR FM NORMAL     0    LOWEST  SLP 29.41 ON 18

[REMARKS]
