000
CXUS55 KCYS 181000
CF6BFF
PRELIMINARY LOCAL CLIMATOLOGICAL DATA (WS FORM: F-6)

                                          STATION:   SCOTTSBLUFF NE AIRPORT
                                          MONTH:     JUNE
                                          YEAR:      2018
                                          LATITUDE:   41 52 N
                                          LONGITUDE: 103 36 W

  TEMPERATURE IN F:       :PCPN:    SNOW:  WIND      :SUNSHINE: SKY     :PK WND
================================================================================
1   2   3   4   5  6A  6B    7    8   9   10  11  12  13   14  15   16   17  18
                                     12Z  AVG MX 2MIN
DY MAX MIN AVG DEP HDD CDD  WTR  SNW DPTH SPD SPD DIR MIN PSBL S-S WX    SPD DR
================================================================================

 1  87  56  72  10   0   7    T  0.0    0 12.6 26 320   M    M   1 3      40 290
 2  77  48  63   0   2   0 0.00  0.0    0  8.3 18 330   M    M   0        29 300
 3  83  45  64   1   1   0 0.00  0.0    0 11.1 24 140   M    M   0        32 130
 4  92  49  71   8   0   6 0.00  0.0    0  6.4 13 340   M    M   0        17 340
 5  98  52  75  11   0  10 0.00  0.0    0  6.7 22 350   M    M   0        29 360
 6  89  53  71   7   0   6 0.00  0.0    0 10.4 29 120   M    M   0 3      37 100
 7  89  57  73   9   0   8    T  0.0    0 13.9 29 120   M    M   0 3      38 140
 8  92  61  77  12   0  12 0.00  0.0    0  9.2 17 100   M    M   2        22 110
 9  91  62  77  12   0  12    T  0.0    0 12.7 24 120   M    M   0        31 120
10  97  65  81  16   0  16 0.02  0.0    0  8.6 23 320   M    M   3 13     29 320
11  80  52  66   0   0   1 0.00  0.0    0 10.2 22 340   M    M   0        28 340
12  82  50  66   0   0   1 0.00  0.0    0  8.6 20 300   M    M   0        25 310
13  99  59  79  13   0  14 0.00  0.0    0 11.3 22 190   M    M   4        29 180
14 102  64  83  16   0  18 0.00  0.0    0  7.2 21 260   M    M   0        27 270
15  88  60  74   7   0   9    T  0.0    0 11.3 26  60   M    M   0 3      33  60
16  89  62  76   9   0  11 0.47  0.0    0  9.7 33 360   M    M   2 13     41 360
17  65  55  60  -8   5   0 0.09  0.0    0 15.4 23  20   M    M  10 13     28  40
================================================================================
SM 1500  950         8 131  0.58     0.0 173.6          M       22
================================================================================
AV 88.2 55.9                              10.2 FASTST   M    M   1    MAX(MPH)
                                 MISC ---->  # 33 360               # 41  360
================================================================================
NOTES:
# LAST OF SEVERAL OCCURRENCES

COLUMN 17 PEAK WIND IN M.P.H.

PRELIMINARY LOCAL CLIMATOLOGICAL DATA (WS FORM: F-6) , PAGE 2

                                          STATION:  SCOTTSBLUFF NE AIRPORT
                                          MONTH:    JUNE
                                          YEAR:     2018
                                          LATITUDE:   41 52 N
                                          LONGITUDE: 103 36 W

[TEMPERATURE DATA]      [PRECIPITATION DATA]       SYMBOLS USED IN COLUMN 16

AVERAGE MONTHLY: 72.1   TOTAL FOR MONTH:   0.58    1 = FOG OR MIST
DPTR FM NORMAL:   7.1   DPTR FM NORMAL:   -1.23    2 = FOG REDUCING VISIBILITY
HIGHEST:   102 ON 14    GRTST 24HR  0.47 ON 16-16      TO 1/4 MILE OR LESS
LOWEST:     45 ON  3                               3 = THUNDER
                        SNOW, ICE PELLETS, HAIL    4 = ICE PELLETS
                        TOTAL MONTH:   0.0 INCH    5 = HAIL
                        GRTST 24HR     0.0         6 = FREEZING RAIN OR DRIZZLE
                        GRTST DEPTH:   0           7 = DUSTSTORM OR SANDSTORM:
                                                       VSBY 1/2 MILE OR LESS
                                                   8 = SMOKE OR HAZE
[NO. OF DAYS WITH]      [WEATHER - DAYS WITH]      9 = BLOWING SNOW
                                                   X = TORNADO
MAX 32 OR BELOW:   0    0.01 INCH OR MORE:   3
MAX 90 OR ABOVE:   7    0.10 INCH OR MORE:   1
MIN 32 OR BELOW:   0    0.50 INCH OR MORE:   0
MIN  0 OR BELOW:   0    1.00 INCH OR MORE:   0

[HDD (BASE 65) ]
TOTAL THIS MO.     8    CLEAR  (SCALE 0-3)  15
DPTR FM NORMAL   -39    PTCLDY (SCALE 4-7)   1
TOTAL FM JUL 1  6092    CLOUDY (SCALE 8-10)  1
DPTR FM NORMAL  -510

[CDD (BASE 65) ]
TOTAL THIS MO.   131
DPTR FM NORMAL    81    [PRESSURE DATA]
TOTAL FM JAN 1   176    HIGHEST SLP  0.00 ON 11
DPTR FM NORMAL   103    LOWEST  SLP 29.49 ON 10

[REMARKS]
