000
CXUS54 KMOB 290639
CF6BFM
PRELIMINARY LOCAL CLIMATOLOGICAL DATA (WS FORM: F-6)

                                          STATION:   BROOKLEY APRT
                                          MONTH:     MAY
                                          YEAR:      2020
                                          LATITUDE:   30 37 N
                                          LONGITUDE:  88  4 W

  TEMPERATURE IN F:       :PCPN:    SNOW:  WIND      :SUNSHINE: SKY     :PK WND
================================================================================
1   2   3   4   5  6A  6B    7    8   9   10  11  12  13   14  15   16   17  18
                                     12Z  AVG MX 2MIN
DY MAX MIN AVG DEP HDD CDD  WTR  SNW DPTH SPD SPD DIR MIN PSBL S-S WX    SPD DR
================================================================================

 1  80  51  66  -4   0   1 0.00  0.0    0  3.9 10 180   M    M   0        14 140
 2  81  54  68  -2   0   3 0.00  0.0    0  4.4 13 160   M    M   0        16 180
 3  80  58  69  -2   0   4 0.00  0.0    0  5.3 16 160   M    M   1        22 150
 4  82  60  71   0   0   6 0.00  0.0    0  5.7 16 160   M    M   1 1      20 160
 5  87  65  76   5   0  11    T  0.0    0  5.5 14 140   M    M   4 1      19 140
 6  87  66  77   6   0  12 0.00  0.0    0 13.5 26 320   M    M   2        33 320
 7  77  55  66  -6   0   1 0.00  0.0    0  7.7 15  10   M    M   0        21  30
 8  82  56  69  -3   0   4 0.02  0.0    0  8.3 18 340   M    M   3        29 160
 9  73  58  66  -6   0   1 0.00  0.0    0 11.5 22  20   M    M   4        31  10
10  81  59  70  -2   0   5 0.00  0.0    0  8.2 16  40   M    M   3        18  40
11  83  52  68  -5   0   3 0.00  0.0    0  8.4 16  30   M    M   0        22  30
12  82  57  70  -3   0   5 0.00  0.0    0  6.8 14 180   M    M   0        20 180
13  84  59  72  -1   0   7 0.00  0.0    0  8.1 16 130   M    M   1 1      24 160
14  83  68  76   3   0  11 0.00  0.0    0 11.8 20 130   M    M   3        25 130
15  82  72  77   3   0  12 0.00  0.0    0  9.8 17 150   M    M   4        23 150
16  85  69  77   3   0  12    T  0.0    0  7.9 16 150   M    M   3 1      23 180
17  85  72  79   5   0  14 0.01  0.0    0 10.0 22 160   M    M   7 138    33 170
18  87  67  77   3   0  12    M  0.0    0  5.6 17 310   M    M   6 1      22 320
19  88  65  77   2   0  12    M  0.0    0  5.9 12 240   M    M   4        18 210
20  76  66  71  -4   0   6    T  0.0    0  3.2 12 340   M    M   7 13     14 310
21  92  65  79   4   0  14 0.00  0.0    0  4.5 14 160   M    M   4 18     23 160
22  88  78  83   8   0  18 0.01  0.0    0  8.8 16 150   M    M   4        21 150
23  88  74  81   5   0  16 0.00  0.0    0  9.1 20  90   M    M   2        22  90
24  90  74  82   6   0  17 0.00  0.0    0  6.7 17 100   M    M   2 3      20  90
25  91  75  83   7   0  18    T  0.0    0 12.8 24  90   M    M   3        29  90
26  87  74  81   5   0  16 0.08  0.0    0  8.3 16  80   M    M   9 13     20  60
27  83  68  76   0   0  11 1.03  0.0    0  6.3 30 300   M    M   7 13     47 310
28  90  71  81   4   0  16 0.00  0.0    0  3.9 13 130   M    M   2 13     16 150
================================================================================
SM 2354 1808         0 268  1.15     0.0 211.9          M       86
================================================================================
AV 84.1 64.6                               7.6 FASTST   M    M   3    MAX(MPH)
                                 MISC ---->  # 30 300               # 47  310
================================================================================
NOTES:
# LAST OF SEVERAL OCCURRENCES

COLUMN 17 PEAK WIND IN M.P.H.

PRELIMINARY LOCAL CLIMATOLOGICAL DATA (WS FORM: F-6) , PAGE 2

                                          STATION:  BROOKLEY APRT
                                          MONTH:    MAY
                                          YEAR:     2020
                                          LATITUDE:   30 37 N
                                          LONGITUDE:  88  4 W

[TEMPERATURE DATA]      [PRECIPITATION DATA]       SYMBOLS USED IN COLUMN 16

AVERAGE MONTHLY: 74.3   TOTAL FOR MONTH:   1.15    1 = FOG OR MIST
DPTR FM NORMAL:   0.9   DPTR FM NORMAL:   -3.33    2 = FOG REDUCING VISIBILITY
HIGHEST:    92 ON 21    GRTST 24HR  1.03 ON 27-27      TO 1/4 MILE OR LESS
LOWEST:     51 ON  1                               3 = THUNDER
                        SNOW, ICE PELLETS, HAIL    4 = ICE PELLETS
                        TOTAL MONTH:   0.0 INCH    5 = HAIL
                        GRTST 24HR     0.0         6 = FREEZING RAIN OR DRIZZLE
                        GRTST DEPTH:   0           7 = DUSTSTORM OR SANDSTORM:
                                                       VSBY 1/2 MILE OR LESS
                                                   8 = SMOKE OR HAZE
[NO. OF DAYS WITH]      [WEATHER - DAYS WITH]      9 = BLOWING SNOW
                                                   X = TORNADO
MAX 32 OR BELOW:   0    0.01 INCH OR MORE:   5
MAX 90 OR ABOVE:   4    0.10 INCH OR MORE:   1
MIN 32 OR BELOW:   0    0.50 INCH OR MORE:   1
MIN  0 OR BELOW:   0    1.00 INCH OR MORE:   1

[HDD (BASE 65) ]
TOTAL THIS MO.     0    CLEAR  (SCALE 0-3)  16
DPTR FM NORMAL    -1    PTCLDY (SCALE 4-7)  11
TOTAL FM JUL 1  1025    CLOUDY (SCALE 8-10)  1
DPTR FM NORMAL  -628

[CDD (BASE 65) ]
TOTAL THIS MO.   268
DPTR FM NORMAL    26    [PRESSURE DATA]
TOTAL FM JAN 1   655    HIGHEST SLP M ON M
DPTR FM NORMAL   281    LOWEST  SLP 29.74 ON 18

[REMARKS]
