000
CXUS54 KMOB 211609
CF6BFM
PRELIMINARY LOCAL CLIMATOLOGICAL DATA (WS FORM: F-6)

                                          STATION:   BROOKLEY APRT
                                          MONTH:     OCTOBER
                                          YEAR:      2019
                                          LATITUDE:   30 37 N
                                          LONGITUDE:  88  4 W

  TEMPERATURE IN F:       :PCPN:    SNOW:  WIND      :SUNSHINE: SKY     :PK WND
================================================================================
1   2   3   4   5  6A  6B    7    8   9   10  11  12  13   14  15   16   17  18
                                     12Z  AVG MX 2MIN
DY MAX MIN AVG DEP HDD CDD  WTR  SNW DPTH SPD SPD DIR MIN PSBL S-S WX    SPD DR
================================================================================

 1  98  74  86  12   0  21 0.00  0.0    0  3.7 10 170   M    M   1 1      13 150
 2  96  74  85  11   0  20 0.00  0.0    0  3.6 13 170   M    M   1 18     17 170
 3  97  73  85  11   0  20 0.00  0.0    0  3.2 10  30   M    M   0        14 180
 4  95  74  85  12   0  20 0.00  0.0    0  3.5 22 330   M    M   1 3      27 320
 5  91  71  81   8   0  16 0.00  0.0    0  4.1 14 160   M    M   1 1      19 160
 6  91  75  83  10   0  18 0.00  0.0    0 10.0 21  90   M    M   2        24  80
 7  92  74  83  11   0  18 0.00  0.0    0  7.8 22  30   M    M   1        28  20
 8  90  70  80   8   0  15 0.00  0.0    0  8.2 14  10   M    M   2        19  10
 9  91  69  80   8   0  15 0.00  0.0    0  7.4 16 130   M    M   4 3      20 130
10  89  76  83  12   0  18 0.00  0.0    0 11.2 20 100   M    M   2        23  90
11  89  76  83  12   0  18    T  0.0    0  9.2 15 150   M    M   4        20 140
12  80  62  71   1   0   6    T  0.0    0 10.6 18 340   M    M   9 1      24 340
13  84  63  74   4   0   9    T  0.0    0  7.2 14  30   M    M   7        18  30
14  85  65  75   5   0  10 0.02  0.0    0  6.6 14 350   M    M   5        16 340
15  87  73  80  10   0  15 1.75  0.0    0  5.0 26 330   M    M   9 13     31 320
16  81  61  71   2   0   6 0.19  0.0    0  8.6 18 340   M    M   6 1      25 340
17  72  56  64  -5   1   0 0.00  0.0    0  8.1 14 360   M    M   0        18  10
18  66  62  64  -4   1   0 0.10  0.0    0 11.3 17  40   M    M   7        24  30
19  82  63  73   5   0   8 0.16  0.0    0  9.5 18 330   M    M   7 1      26  30
20  81  62  72   4   0   7 0.00  0.0    0  4.2 10 160   M    M   1 12     14 150
================================================================================
SM 1737 1373         2 260  2.22     0.0 143.0          M       70
================================================================================
AV 86.9 68.7                               7.1 FASTST   M    M   4    MAX(MPH)
                                 MISC ---->  # 26 330               # 31  320
================================================================================
NOTES:
# LAST OF SEVERAL OCCURRENCES

COLUMN 17 PEAK WIND IN M.P.H.

PRELIMINARY LOCAL CLIMATOLOGICAL DATA (WS FORM: F-6) , PAGE 2

                                          STATION:  BROOKLEY APRT
                                          MONTH:    OCTOBER
                                          YEAR:     2019
                                          LATITUDE:   30 37 N
                                          LONGITUDE:  88  4 W

[TEMPERATURE DATA]      [PRECIPITATION DATA]       SYMBOLS USED IN COLUMN 16

AVERAGE MONTHLY: 77.8   TOTAL FOR MONTH:   2.22    1 = FOG OR MIST
DPTR FM NORMAL:   6.7   DPTR FM NORMAL:   -0.37    2 = FOG REDUCING VISIBILITY
HIGHEST:    98 ON  1    GRTST 24HR  1.75 ON 15-15      TO 1/4 MILE OR LESS
LOWEST:     56 ON 17                               3 = THUNDER
                        SNOW, ICE PELLETS, HAIL    4 = ICE PELLETS
                        TOTAL MONTH:   0.0 INCH    5 = HAIL
                        GRTST 24HR     0.0         6 = FREEZING RAIN OR DRIZZLE
                        GRTST DEPTH:   0           7 = DUSTSTORM OR SANDSTORM:
                                                       VSBY 1/2 MILE OR LESS
                                                   8 = SMOKE OR HAZE
[NO. OF DAYS WITH]      [WEATHER - DAYS WITH]      9 = BLOWING SNOW
                                                   X = TORNADO
MAX 32 OR BELOW:   0    0.01 INCH OR MORE:   5
MAX 90 OR ABOVE:   9    0.10 INCH OR MORE:   4
MIN 32 OR BELOW:   0    0.50 INCH OR MORE:   1
MIN  0 OR BELOW:   0    1.00 INCH OR MORE:   1

[HDD (BASE 65) ]
TOTAL THIS MO.     2    CLEAR  (SCALE 0-3)  11
DPTR FM NORMAL   -10    PTCLDY (SCALE 4-7)   7
TOTAL FM JUL 1     2    CLOUDY (SCALE 8-10)  2
DPTR FM NORMAL   -11

[CDD (BASE 65) ]
TOTAL THIS MO.   260
DPTR FM NORMAL   123    [PRESSURE DATA]
TOTAL FM JAN 1  3300    HIGHEST SLP M ON M
DPTR FM NORMAL   847    LOWEST  SLP 29.67 ON 19

[REMARKS]
