313
CXUS54 KMOB 260629
CF6BFM
PRELIMINARY LOCAL CLIMATOLOGICAL DATA (WS FORM: F-6)

                                          STATION:   BROOKLEY APRT
                                          MONTH:     MAY
                                          YEAR:      2024
                                          LATITUDE:   30 37 N
                                          LONGITUDE:  88  4 W

  TEMPERATURE IN F:       :PCPN:    SNOW:  WIND      :SUNSHINE: SKY     :PK WND
================================================================================
1   2   3   4   5  6A  6B    7    8   9   10  11  12  13   14  15   16   17  18
                                     12Z  AVG MX 2MIN
DY MAX MIN AVG DEP HDD CDD  WTR  SNW DPTH SPD SPD DIR MIN PSBL S-S WX    SPD DR
================================================================================

 1  87  67  77   5   0  12 0.00  0.0    0  5.3 15 160   M    M   3 12     22 180
 2  85  68  77   5   0  12 0.00  0.0    0  6.9 15 180   M    M   5 18     22 160
 3  85  71  78   6   0  13    T  0.0    0  5.3 15 170   M    M   5        24 160
 4  84  68  76   3   0  11 0.04  0.0    0  4.6 15 160   M    M   4 1238   22 150
 5  86  67  77   4   0  12 0.00  0.0    0  6.9 16 160   M    M   2 128    24 200
 6  86  75  81   8   0  16    T  0.0    0  9.1 18 150   M    M   5        26 150
 7  87  78  83  10   0  18    T  0.0    0  9.6 17 160   M    M   6        28 150
 8  88  79  84  10   0  19 0.00  0.0    0 11.6 17 170   M    M   7        28 180
 9  88  80  84  10   0  19 0.01  0.0    0  8.2 16 160   M    M   7 8      26 170
10  84  68  76   2   0  11 1.22  0.0    0  5.3 36 310   M    M   5 13     61 310
11  82  68  75   1   0  10 0.00  0.0    0  7.8 15  20   M    M   0        20 340
12  83  66  75   0   0  10    T  0.0    0  8.6 16 120   M    M   3        23  30
13  79  65  72  -3   0   7 5.85  0.0    0  9.2 29 350   M    M   9 138    43 330
14  85  69  77   2   0  12 0.29  0.0    0  9.6 35 110   M    M   4 13     47 140
15  92  68  80   5   0  15 0.00  0.0    0  6.0 16 330   M    M   1 18     26 320
16  89  65  77   1   0  12 0.11  0.0    0  5.7 14  30   M    M   1 13     22 180
17  85  71  78   2   0  13 0.77  0.0    0 11.4 28 110   M    M   8 138    36 110
18  83  72  78   2   0  13 0.12  0.0    0  5.1 21 130   M    M   5 138    26 130
19  89  70  80   4   0  15 0.00  0.0    0  5.1 13  20   M    M   3        17  40
20  89  67  78   1   0  13 0.00  0.0    0  5.9 16 180   M    M   2        21 170
21  86  72  79   2   0  14 0.00  0.0    0  8.0 15 110   M    M   1        19 150
22  86  70  78   1   0  13 0.00  0.0    0  5.9 16 180   M    M   1        22 180
23  87  72  80   2   0  15 0.00  0.0    0  7.0 15 150   M    M   1        22 150
24  88  74  81   3   0  16 0.00  0.0    0  8.8 23 140   M    M   4        30 160
25  92  77  85   7   0  20 0.00  0.0    0  6.0 15 160   M    M   1        22 150
================================================================================
SM 2155 1767         0 341  8.41  0.0    182.9          M       93
================================================================================
AV 86.2 70.7                               7.3 FASTST   M    M   4    MAX(MPH)
                                 MISC ---->    36 310                 61 310
================================================================================
NOTES:
# LAST OF SEVERAL OCCURRENCES

COLUMN 17 PEAK WIND IN M.P.H.

PRELIMINARY LOCAL CLIMATOLOGICAL DATA (WS FORM: F-6) , PAGE 2

                                          STATION:   BROOKLEY APRT
                                          MONTH:     MAY
                                          YEAR:      2024
                                          LATITUDE:   30 37 N
                                          LONGITUDE:  88  4 W

[TEMPERATURE DATA]      [PRECIPITATION DATA]       SYMBOLS USED IN COLUMN 16

AVERAGE MONTHLY: 78.4   TOTAL FOR MONTH:   8.41    1 = FOG OR MIST
DPTR FM NORMAL:   3.5   DPTR FM NORMAL:    4.98    2 = FOG REDUCING VISIBILITY
HIGHEST:    92 ON 25,15  GRTST 24HR  6.14 ON 13-14      TO 1/4 MILE OR LESS
LOWEST:     65 ON 16,13                             3 = THUNDER
                        SNOW, ICE PELLETS, HAIL    4 = ICE PELLETS
                        TOTAL MONTH:   0.0 INCH    5 = HAIL
                        GRTST 24HR  0.0            6 = FREEZING RAIN OR DRIZZLE
                        GRTST DEPTH:  0            7 = DUSTSTORM OR SANDSTORM:
                                                       VSBY 1/2 MILE OR LESS
                                                   8 = SMOKE OR HAZE
[NO. OF DAYS WITH]      [WEATHER - DAYS WITH]      9 = BLOWING SNOW
                                                   X = TORNADO
MAX 32 OR BELOW:   0    0.01 INCH OR MORE:   8
MAX 90 OR ABOVE:   2    0.10 INCH OR MORE:   6
MIN 32 OR BELOW:   0    0.50 INCH OR MORE:   3
MIN  0 OR BELOW:   0    1.00 INCH OR MORE:   2

[HDD (BASE 65) ]
TOTAL THIS MO.     0    CLEAR  (SCALE 0-3)  11
DPTR FM NORMAL     0    PTCLDY (SCALE 4-7)  12
TOTAL FM JUL 1  1232    CLOUDY (SCALE 8-10)  2
DPTR FM NORMAL  -170

[CDD (BASE 65) ]
TOTAL THIS MO.   341
DPTR FM NORMAL    91    [PRESSURE DATA]
TOTAL FM JAN 1   553    HIGHEST SLP M ON M
DPTR FM NORMAL    92    LOWEST  SLP 29.68 ON 14

[REMARKS]