000
CXUS54 KAMA 221015
CF6BGD
PRELIMINARY LOCAL CLIMATOLOGICAL DATA (WS FORM: F-6)

                                          STATION:   BORGER
                                          MONTH:     FEBRUARY
                                          YEAR:      2019
                                          LATITUDE:   35 42 N
                                          LONGITUDE: 101 24 W

  TEMPERATURE IN F:       :PCPN:    SNOW:  WIND      :SUNSHINE: SKY     :PK WND
================================================================================
1   2   3   4   5  6A  6B    7    8   9   10  11  12  13   14  15   16   17  18
                                     12Z  AVG MX 2MIN
DY MAX MIN AVG DEP HDD CDD  WTR  SNW DPTH SPD SPD DIR MIN PSBL S-S WX    SPD DR
================================================================================

 1  60  22  41   1  24   0 0.00  0.0    0  6.9 20 170   M    M   0 1      25 160
 2  73  44  59  19   6   0 0.00  0.0    0 15.2 26 230   M    M   0 1      38 200
 3  77  46  62  22   3   0 0.00  0.0    0 17.5 31 240   M    M   0        40 250
 4  74  42  58  17   7   0 0.00  0.0    0 10.8 25 250   M    M   1        32 240
 5  71  30  51  10  14   0 0.00  0.0    0  7.5 24 240   M    M   0 12     31 240
 6  72  21  47   6  18   0 0.00  0.0    0 12.3 31 230   M    M   7 12     45 220
 7  32  17  25 -16  40   0    T    M    0 10.9 21  10   M    M   6        26 350
 8  38  10  24 -17  41   0 0.00  0.0    0  9.4 24 170   M    M   0        35 180
 9  46  21  34  -7  31   0 0.00  0.0    0 13.0 24 180   M    M   4        32 200
10  53  35  44   3  21   0 0.00  0.0    0 10.4 23 200   M    M   2        33 200
11  63  32  48   7  17   0    T    M    0 14.0 37  20   M    M   3        47  10
12  59  24  42   0  23   0 0.00  0.0    0 10.3 22 180   M    M   0        30 170
13  72  36  54  12  11   0 0.00  0.0    0 20.1 36 230   M    M   0        46 230
14  73  51  62  20   3   0 0.01    M    M 13.0 29 230   M    M   1        37 230
15  51  25  38  -4  27   0 0.08  0.0    0  9.2 24 140   M    M   7 1      33 140
16  68  25  47   5  18   0 0.00  0.0    0 12.9 39 250   M    M   6 1      52 260
17  50   1  26 -16  39   0    M    M    M  6.8 18  90   M    M   2        24  90
18   M   M   M   M   M   M    M    M    M 11.8 20  70   M    M   5        27  70
19   M   M   M   M   M   M    T    T    0  6.2 13  90   M    M   8 8      17  90
20  54  21  38  -5  27   0 0.00  0.0    0  8.6 21 230   M    M   0        27 240
21  59  28  44   1  21   0 0.00  0.0    0 12.9 28 140   M    M   2        39 140
================================================================================
SM 1145  531       391   0  0.09    T    239.7          M       54
================================================================================
AV 60.3 28.0                              11.4 FASTST   M    M   3    MAX(MPH)
                                 MISC ---->  # 39 250               # 52  260
================================================================================
NOTES:
# LAST OF SEVERAL OCCURRENCES

COLUMN 17 PEAK WIND IN M.P.H.

PRELIMINARY LOCAL CLIMATOLOGICAL DATA (WS FORM: F-6) , PAGE 2

                                          STATION:  BORGER
                                          MONTH:    FEBRUARY
                                          YEAR:     2019
                                          LATITUDE:   35 42 N
                                          LONGITUDE: 101 24 W

[TEMPERATURE DATA]      [PRECIPITATION DATA]       SYMBOLS USED IN COLUMN 16

AVERAGE MONTHLY: 44.1   TOTAL FOR MONTH:   0.09    1 = FOG OR MIST
DPTR FM NORMAL:   2.6   DPTR FM NORMAL:   -0.40    2 = FOG REDUCING VISIBILITY
HIGHEST:    77 ON  3    GRTST 24HR  0.08 ON 15-15      TO 1/4 MILE OR LESS
LOWEST:      1 ON 17                               3 = THUNDER
                        SNOW, ICE PELLETS, HAIL    4 = ICE PELLETS
                        TOTAL MONTH:    T          5 = HAIL
                        GRTST 24HR    T  ON 19-19  6 = FREEZING RAIN OR DRIZZLE
                        GRTST DEPTH:   0           7 = DUSTSTORM OR SANDSTORM:
                                                       VSBY 1/2 MILE OR LESS
                                                   8 = SMOKE OR HAZE
[NO. OF DAYS WITH]      [WEATHER - DAYS WITH]      9 = BLOWING SNOW
                                                   X = TORNADO
MAX 32 OR BELOW:   1    0.01 INCH OR MORE:   2
MAX 90 OR ABOVE:   0    0.10 INCH OR MORE:   0
MIN 32 OR BELOW:  13    0.50 INCH OR MORE:   0
MIN  0 OR BELOW:   0    1.00 INCH OR MORE:   0

[HDD (BASE 65) ]
TOTAL THIS MO.   391    CLEAR  (SCALE 0-3)  14
DPTR FM NORMAL  -104    PTCLDY (SCALE 4-7)   7
TOTAL FM JUL 1  2693    CLOUDY (SCALE 8-10)  0
DPTR FM NORMAL  -154

[CDD (BASE 65) ]
TOTAL THIS MO.     0
DPTR FM NORMAL     0    [PRESSURE DATA]
TOTAL FM JAN 1     0    HIGHEST SLP M ON M
DPTR FM NORMAL     0    LOWEST  SLP 29.39 ON 16

[REMARKS]
