000
CXUS54 KAMA 250810
CF6BGD
PRELIMINARY LOCAL CLIMATOLOGICAL DATA (WS FORM: F-6)

                                          STATION:   BORGER
                                          MONTH:     FEBRUARY
                                          YEAR:      2020
                                          LATITUDE:   35 42 N
                                          LONGITUDE: 101 24 W

  TEMPERATURE IN F:       :PCPN:    SNOW:  WIND      :SUNSHINE: SKY     :PK WND
================================================================================
1   2   3   4   5  6A  6B    7    8   9   10  11  12  13   14  15   16   17  18
                                     12Z  AVG MX 2MIN
DY MAX MIN AVG DEP HDD CDD  WTR  SNW DPTH SPD SPD DIR MIN PSBL S-S WX    SPD DR
================================================================================

 1  72  35  54  14  11   0 0.00    M    M  9.5 20 250   M    M   1        25 250
 2  81  37  59  19   6   0 0.00    M    M 10.1 21 210   M    M   0        31 220
 3  58  34  46   6  19   0 0.00    M    M 12.7 21 220   M    M   3        31 220
 4  34  27  31 -10  34   0    M    M    M 15.5 21  10   M    M  10 8      26  20
 5  37  18  28 -13  37   0 0.00    M    M  9.0 20 360   M    M   1        27  10
 6  51  17  34  -7  31   0 0.00    M    M  9.1 20 290   M    M   3        24 320
 7  48  35  42   1  23   0    T    M    M  7.0 15 350   M    M   8        19 330
 8  63  28  46   5  19   0 0.00    M    M 13.3 26 200   M    M   1        36 210
 9  55  35  45   4  20   0 0.00    M    M 12.7 24  10   M    M   0        35 200
10  37  28  33  -8  32   0 0.09    M    M  3.9 12  30   M    M   6 1      14  50
11  40  32  36  -5  29   0 0.04    M    M  7.3 15  80   M    M   9 18     19  60
12  50  26  38  -4  27   0 0.09    M    M 10.2 29  20   M    M   5 18     35  20
13  33  20  27 -15  38   0    T    M    M  8.5 17  30   M    M   8        21  30
14  45  25  35  -7  30   0 0.00    M    M 15.5 30 190   M    M   7        41 210
15  61  39  50   8  15   0 0.00  0.0    0 12.2 29 210   M    M   0        42 210
16  65  30  48   6  17   0 0.00  0.0    0  6.6 18 170   M    M   0 18     25 180
17  62  38  50   8  15   0 0.00  0.0    0  8.5 20 170   M    M   3        24 170
18  47  37  42   0  23   0 0.00  0.0    0 10.7 18  20   M    M   6        25  60
19  49  36  43   0  22   0 0.00  0.0    0  8.4 18  50   M    M  10        24  50
20  36  22  29 -14  36   0    T    M    M 10.0 24  10   M    M   8 16     28  30
21  57  19  38  -5  27   0 0.00  0.0    0 11.7 25 210   M    M   0        34 210
22  66  40  53  10  12   0 0.00  0.0    0 11.1 23 180   M    M   2        30 180
23  77  43  60  16   5   0 0.04  0.0    0 13.4 31 280   M    M   4        38 270
24  62  37  50   6  15   0 0.04    T    0 11.0 38 360   M    M   5        53 350
================================================================================
SM 1286  738       543   0  0.30    T    247.9          M      100
================================================================================
AV 53.6 30.8                              10.3 FASTST   M    M   4    MAX(MPH)
                                 MISC ---->    38 360                 53 350
================================================================================
NOTES:
# LAST OF SEVERAL OCCURRENCES

COLUMN 17 PEAK WIND IN M.P.H.

PRELIMINARY LOCAL CLIMATOLOGICAL DATA (WS FORM: F-6) , PAGE 2

                                          STATION:   BORGER
                                          MONTH:     FEBRUARY
                                          YEAR:      2020
                                          LATITUDE:   35 42 N
                                          LONGITUDE: 101 24 W

[TEMPERATURE DATA]      [PRECIPITATION DATA]       SYMBOLS USED IN COLUMN 16

AVERAGE MONTHLY: 42.2   TOTAL FOR MONTH:   0.30    1 = FOG OR MIST
DPTR FM NORMAL:   0.4   DPTR FM NORMAL:   -0.25    2 = FOG REDUCING VISIBILITY
HIGHEST:    81 ON  2    GRTST 24HR  0.13 ON 11-12      TO 1/4 MILE OR LESS
LOWEST:     17 ON  6                               3 = THUNDER
                        SNOW, ICE PELLETS, HAIL    4 = ICE PELLETS
                        TOTAL MONTH:  T            5 = HAIL
                        GRTST 24HR   T   ON 24-24  6 = FREEZING RAIN OR DRIZZLE
                        GRTST DEPTH:  0            7 = DUSTSTORM OR SANDSTORM:
                                                       VSBY 1/2 MILE OR LESS
                                                   8 = SMOKE OR HAZE
[NO. OF DAYS WITH]      [WEATHER - DAYS WITH]      9 = BLOWING SNOW
                                                   X = TORNADO
MAX 32 OR BELOW:   0    0.01 INCH OR MORE:   5
MAX 90 OR ABOVE:   0    0.10 INCH OR MORE:   0
MIN 32 OR BELOW:  12    0.50 INCH OR MORE:   0
MIN  0 OR BELOW:   0    1.00 INCH OR MORE:   0

[HDD (BASE 65) ]
TOTAL THIS MO.   543    CLEAR  (SCALE 0-3)  11
DPTR FM NORMAL   -17    PTCLDY (SCALE 4-7)   9
TOTAL FM JUL 1  2543    CLOUDY (SCALE 8-10)  4
DPTR FM NORMAL  -369

[CDD (BASE 65) ]
TOTAL THIS MO.     0
DPTR FM NORMAL     0    [PRESSURE DATA]
TOTAL FM JAN 1     0    HIGHEST SLP M ON M
DPTR FM NORMAL     0    LOWEST  SLP 29.43 ON  3

[REMARKS]
