000
CXUS54 KAMA 181015
CF6BGD
PRELIMINARY LOCAL CLIMATOLOGICAL DATA (WS FORM: F-6)

                                          STATION:   BORGER
                                          MONTH:     AUGUST
                                          YEAR:      2018
                                          LATITUDE:   35 42 N
                                          LONGITUDE: 101 24 W

  TEMPERATURE IN F:       :PCPN:    SNOW:  WIND      :SUNSHINE: SKY     :PK WND
================================================================================
1   2   3   4   5  6A  6B    7    8   9   10  11  12  13   14  15   16   17  18
                                     12Z  AVG MX 2MIN
DY MAX MIN AVG DEP HDD CDD  WTR  SNW DPTH SPD SPD DIR MIN PSBL S-S WX    SPD DR
================================================================================

 1  96  64  80  -2   0  15 0.12  0.0    0  8.8 18 140   M    M   1 3      25 140
 2  92  67  80  -2   0  15 0.02  0.0    0  8.1 16 140   M    M   1        23 140
 3  99  70  85   3   0  20 0.10  0.0    0 13.8 25 170   M    M   0 3      35 190
 4  98  68  83   1   0  18 0.03  0.0    0 11.3 21 160   M    M   1        31 180
 5  98  70  84   2   0  19 0.00  0.0    0 12.9 23 170   M    M   0        33 200
 6  96  72  84   2   0  19 0.00  0.0    0 13.3 25 180   M    M   0        39 170
 7  97  69  83   1   0  18 0.01  0.0    0  6.9 16 240   M    M   2 3      23 200
 8  90  68  79  -3   0  14 0.01  0.0    0  8.9 31 180   M    M   3 38     37 180
 9  93  69  81   0   0  16 0.00  0.0    0  5.1 21  50   M    M   3 3      25  50
10  94  66  80  -1   0  15    T  0.0    0  6.0 25 120   M    M   2 3      39  90
11  91  66  79  -2   0  14 0.00  0.0    0  5.7 18  40   M    M   0        23  20
12  90  63  77  -4   0  12    T  0.0    0  6.5 17 150   M    M   2        22 140
13  91  68  80  -1   0  15    T  0.0    0  8.5 22 140   M    M   1        30 160
14  92  69  81   0   0  16 0.07  0.0    0  8.0 26 110   M    M   2 3      32 110
15  93  66  80   0   0  15 0.00  0.0    0  8.0 20 250   M    M   0        30 250
16  98  72  85   5   0  20    T  0.0    0  8.7 17 140   M    M   2 3      23 160
17  95  71  83   3   0  18 0.06  0.0    0  6.6 24  50   M    M   0 3      35  50
================================================================================
SM 1603 1158         0 279  0.42     0.0 147.1          M       20
================================================================================
AV 94.3 68.1                               8.7 FASTST   M    M   1    MAX(MPH)
                                 MISC ---->  # 31 180               # 39  170
================================================================================
NOTES:
# LAST OF SEVERAL OCCURRENCES

COLUMN 17 PEAK WIND IN M.P.H.

PRELIMINARY LOCAL CLIMATOLOGICAL DATA (WS FORM: F-6) , PAGE 2

                                          STATION:  BORGER
                                          MONTH:    AUGUST
                                          YEAR:     2018
                                          LATITUDE:   35 42 N
                                          LONGITUDE: 101 24 W

[TEMPERATURE DATA]      [PRECIPITATION DATA]       SYMBOLS USED IN COLUMN 16

AVERAGE MONTHLY: 81.2   TOTAL FOR MONTH:   0.42    1 = FOG OR MIST
DPTR FM NORMAL:  -0.1   DPTR FM NORMAL:   -1.17    2 = FOG REDUCING VISIBILITY
HIGHEST:    99 ON  3    GRTST 24HR  0.12 ON  1- 1      TO 1/4 MILE OR LESS
LOWEST:     63 ON 12                               3 = THUNDER
                        SNOW, ICE PELLETS, HAIL    4 = ICE PELLETS
                        TOTAL MONTH:   0.0 INCH    5 = HAIL
                        GRTST 24HR     0.0         6 = FREEZING RAIN OR DRIZZLE
                        GRTST DEPTH:   0           7 = DUSTSTORM OR SANDSTORM:
                                                       VSBY 1/2 MILE OR LESS
                                                   8 = SMOKE OR HAZE
[NO. OF DAYS WITH]      [WEATHER - DAYS WITH]      9 = BLOWING SNOW
                                                   X = TORNADO
MAX 32 OR BELOW:   0    0.01 INCH OR MORE:   8
MAX 90 OR ABOVE:  17    0.10 INCH OR MORE:   2
MIN 32 OR BELOW:   0    0.50 INCH OR MORE:   0
MIN  0 OR BELOW:   0    1.00 INCH OR MORE:   0

[HDD (BASE 65) ]
TOTAL THIS MO.     0    CLEAR  (SCALE 0-3)  16
DPTR FM NORMAL     0    PTCLDY (SCALE 4-7)   1
TOTAL FM JUL 1     0    CLOUDY (SCALE 8-10)  0
DPTR FM NORMAL     0

[CDD (BASE 65) ]
TOTAL THIS MO.   279
DPTR FM NORMAL     1    [PRESSURE DATA]
TOTAL FM JAN 1  1782    HIGHEST SLP M ON M
DPTR FM NORMAL   423    LOWEST  SLP 29.73 ON 14

[REMARKS]
