000
CXUS51 KBGM 210800
CF6BGM
PRELIMINARY LOCAL CLIMATOLOGICAL DATA (WS FORM: F-6)

                                          STATION:   BINGHAMTON NY
                                          MONTH:     JANUARY
                                          YEAR:      2019
                                          LATITUDE:   42 13 N
                                          LONGITUDE:  75 59 W

  TEMPERATURE IN F:       :PCPN:    SNOW:  WIND      :SUNSHINE: SKY     :PK WND
================================================================================
1   2   3   4   5  6A  6B    7    8   9   10  11  12  13   14  15   16   17  18
                                     12Z  AVG MX 2MIN
DY MAX MIN AVG DEP HDD CDD  WTR  SNW DPTH SPD SPD DIR MIN PSBL S-S WX    SPD DR
================================================================================

 1  48  26  37  14  28   0    T    T    0 13.0 29 310   M    M  10 1      42 300
 2  33  24  29   6  36   0    T    T    0  6.3 17 180   M    M  10        25 170
 3  34  28  31   8  34   0 0.07    T    T  9.1 17 330   M    M  10 1      27 320
 4  40  27  34  11  31   0 0.00  0.0    T  7.5 15 220   M    M   1        21 210
 5  43  29  36  13  29   0 0.14  0.0    0  8.1 18 330   M    M   8 12     29 340
 6  35  19  27   5  38   0 0.01  0.1    0 14.0 24 310   M    M  10 18     36 310
 7  28  10  19  -3  46   0 0.07  0.1    T  8.9 20 160   M    M   4        28 150
 8  39  25  32  10  33   0 0.36    T    T  8.5 18 170   M    M   9 126    26 200
 9  36  22  29   7  36   0 0.25  1.4    T 15.1 28 280   M    M  10 12     37 290
10  22  14  18  -4  47   0 0.02  2.3    2 17.9 28 320   M    M  10 1      41 330
11  15   6  11 -11  54   0 0.01  0.8    3 10.2 22 320   M    M   6 18     30 320
12  21   7  14  -8  51   0 0.00  0.0    2  5.0 12 350   M    M  10        14 350
13  24   8  16  -6  49   0 0.00  0.0    2  5.6 12  20   M    M   2        13  30
14  26   5  16  -6  49   0 0.00  0.0    2  3.9 10  10   M    M   0        12 320
15  25  17  21  -1  44   0 0.00  0.0    2  5.8 13 330   M    M   8 1      17 350
16  31  14  23   1  42   0    T    T    2 12.6 26 280   M    M   8        36 290
17  24   9  17  -5  48   0 0.02  0.2    2  5.5 15 170   M    M   3 18     20 160
18  31  19  25   3  40   0 0.09  1.2    2  7.8 16 310   M    M  10 1      21 310
19  25  21  23   1  42   0 0.56  7.2   10  7.1 16 110   M    M  10 12     20 120
20  28  -2  13  -9  52   0 0.53  5.1   13 14.9 26 330   M    M  10 12689  39 320
================================================================================
SM  608  328       829   0  2.13    18.4 186.8          M      149
================================================================================
AV 30.4 16.4                               9.3 FASTST   M    M   7    MAX(MPH)
                                 MISC ---->  # 29 310               # 42  300
================================================================================
NOTES:
# LAST OF SEVERAL OCCURRENCES

COLUMN 17 PEAK WIND IN M.P.H.

PRELIMINARY LOCAL CLIMATOLOGICAL DATA (WS FORM: F-6) , PAGE 2

                                          STATION:  BINGHAMTON NY
                                          MONTH:    JANUARY
                                          YEAR:     2019
                                          LATITUDE:   42 13 N
                                          LONGITUDE:  75 59 W

[TEMPERATURE DATA]      [PRECIPITATION DATA]       SYMBOLS USED IN COLUMN 16

AVERAGE MONTHLY: 23.4   TOTAL FOR MONTH:   2.13    1 = FOG OR MIST
DPTR FM NORMAL:   1.1   DPTR FM NORMAL:    0.54    2 = FOG REDUCING VISIBILITY
HIGHEST:    48 ON  1    GRTST 24HR  0.57 ON 31- 1      TO 1/4 MILE OR LESS
LOWEST:     -2 ON 20                               3 = THUNDER
                        SNOW, ICE PELLETS, HAIL    4 = ICE PELLETS
                        TOTAL MONTH:  18.4 INCHES  5 = HAIL
                        GRTST 24HR   7.2 ON 19-19  6 = FREEZING RAIN OR DRIZZLE
                        GRTST DEPTH:  13 ON 20     7 = DUSTSTORM OR SANDSTORM:
                                                       VSBY 1/2 MILE OR LESS
                                                   8 = SMOKE OR HAZE
[NO. OF DAYS WITH]      [WEATHER - DAYS WITH]      9 = BLOWING SNOW
                                                   X = TORNADO
MAX 32 OR BELOW:  12    0.01 INCH OR MORE:  12
MAX 90 OR ABOVE:   0    0.10 INCH OR MORE:   5
MIN 32 OR BELOW:  20    0.50 INCH OR MORE:   2
MIN  0 OR BELOW:   1    1.00 INCH OR MORE:   0

[HDD (BASE 65) ]
TOTAL THIS MO.   829    CLEAR  (SCALE 0-3)   4
DPTR FM NORMAL   -25    PTCLDY (SCALE 4-7)   4
TOTAL FM JUL 1  3549    CLOUDY (SCALE 8-10) 12
DPTR FM NORMAL   -50

[CDD (BASE 65) ]
TOTAL THIS MO.     0
DPTR FM NORMAL     0    [PRESSURE DATA]
TOTAL FM JAN 1     0    HIGHEST SLP M ON M
DPTR FM NORMAL     0    LOWEST  SLP 29.29 ON 20

[REMARKS]
