000
CXUS51 KBGM 231613
CF6BGM
PRELIMINARY LOCAL CLIMATOLOGICAL DATA (WS FORM: F-6)

                                          STATION:   BINGHAMTON NY
                                          MONTH:     JULY
                                          YEAR:      2019
                                          LATITUDE:   42 13 N
                                          LONGITUDE:  75 59 W

  TEMPERATURE IN F:       :PCPN:    SNOW:  WIND      :SUNSHINE: SKY     :PK WND
================================================================================
1   2   3   4   5  6A  6B    7    8   9   10  11  12  13   14  15   16   17  18
                                     12Z  AVG MX 2MIN
DY MAX MIN AVG DEP HDD CDD  WTR  SNW DPTH SPD SPD DIR MIN PSBL S-S WX    SPD DR
================================================================================

 1  77  53  65  -3   0   0 0.00  0.0    0  4.9 14  10   M    M   1        21 100
 2  77  58  68   0   0   3    T  0.0    0  6.3 13 330   M    M   5        16 330
 3  82  64  73   5   0   8 0.00  0.0    0  2.6  8 260   M    M   5 1      11 230
 4  86  63  75   7   0  10 0.00  0.0    0  5.8 13 240   M    M   3        22 240
 5  83  68  76   8   0  11 0.05  0.0    0  7.4 13 230   M    M   6 1      19 250
 6  85  69  77   9   0  12 0.64  0.0    0  7.1 23 340   M    M   3 13     31 330
 7  77  63  70   2   0   5 0.00  0.0    0  6.4 12 350   M    M   6        15  30
 8  80  59  70   2   0   5    T  0.0    0  5.3 13 360   M    M   4        16  10
 9  80  56  68  -1   0   3 0.00  0.0    0  2.0  9 200   M    M   0        12 250
10  85  59  72   3   0   7 0.00  0.0    0  4.1 10 220   M    M   1        15 260
11  77  68  73   4   0   8 0.12  0.0    0  6.5 12 190   M    M   6 13     16 190
12  73  62  68  -1   0   3 0.00  0.0    0  7.0 15 320   M    M   8 1      22 330
13  82  62  72   3   0   7 0.00  0.0    0  5.8 14 270   M    M   6        17 270
14  78  60  69   0   0   4 0.00  0.0    0  9.0 17 340   M    M   2        24 340
15  81  57  69   0   0   4 0.00  0.0    0  5.5 12 340   M    M   1        17 300
16  87  61  74   5   0   9 0.48  0.0    0  6.4 25 260   M    M   4 138    33 260
17  82  68  75   6   0  10 0.58  0.0    0  5.7 15 250   M    M   8 13     19 280
18  82  68  75   6   0  10 0.00  0.0    0  3.7  8  50   M    M   8 12     10 330
19  89  68  79  10   0  14 0.13  0.0    0  6.8 20 280   M    M   4 13     27 280
20  87  70  79  10   0  14 0.00  0.0    0  8.4 16 260   M    M   2        20 250
21  87  67  77   8   0  12 0.00  0.0    0  8.1 18 290   M    M   2        24 290
22  70  61  66  -3   0   1 0.69  0.0    0  4.4  9 360   M    M   8 1       M  M
================================================================================
SM 1787 1384         0 160  2.69     0.0 129.2          M       93
================================================================================
AV 81.2 62.9                               5.9 FASTST   M    M   4    MAX(MPH)
                                 MISC ---->  # 25 260               # 33  260
================================================================================
NOTES:
# LAST OF SEVERAL OCCURRENCES

COLUMN 17 PEAK WIND IN M.P.H.

PRELIMINARY LOCAL CLIMATOLOGICAL DATA (WS FORM: F-6) , PAGE 2

                                          STATION:  BINGHAMTON NY
                                          MONTH:    JULY
                                          YEAR:     2019
                                          LATITUDE:   42 13 N
                                          LONGITUDE:  75 59 W

[TEMPERATURE DATA]      [PRECIPITATION DATA]       SYMBOLS USED IN COLUMN 16

AVERAGE MONTHLY: 72.1   TOTAL FOR MONTH:   2.69    1 = FOG OR MIST
DPTR FM NORMAL:   3.4   DPTR FM NORMAL:    0.05    2 = FOG REDUCING VISIBILITY
HIGHEST:    89 ON 19    GRTST 24HR  0.69 ON 22-22      TO 1/4 MILE OR LESS
LOWEST:     53 ON  1                               3 = THUNDER
                        SNOW, ICE PELLETS, HAIL    4 = ICE PELLETS
                        TOTAL MONTH:   0.0 INCH    5 = HAIL
                        GRTST 24HR     0.0         6 = FREEZING RAIN OR DRIZZLE
                        GRTST DEPTH:   0           7 = DUSTSTORM OR SANDSTORM:
                                                       VSBY 1/2 MILE OR LESS
                                                   8 = SMOKE OR HAZE
[NO. OF DAYS WITH]      [WEATHER - DAYS WITH]      9 = BLOWING SNOW
                                                   X = TORNADO
MAX 32 OR BELOW:   0    0.01 INCH OR MORE:   7
MAX 90 OR ABOVE:   0    0.10 INCH OR MORE:   6
MIN 32 OR BELOW:   0    0.50 INCH OR MORE:   3
MIN  0 OR BELOW:   0    1.00 INCH OR MORE:   0

[HDD (BASE 65) ]
TOTAL THIS MO.     0    CLEAR  (SCALE 0-3)   7
DPTR FM NORMAL   -22    PTCLDY (SCALE 4-7)  15
TOTAL FM JUL 1     0    CLOUDY (SCALE 8-10)  0
DPTR FM NORMAL   -22

[CDD (BASE 65) ]
TOTAL THIS MO.   160
DPTR FM NORMAL    59    [PRESSURE DATA]
TOTAL FM JAN 1   213    HIGHEST SLP 30.14 ON  5
DPTR FM NORMAL    15    LOWEST  SLP 29.72 ON 12

[REMARKS]
