000
CXUS51 KBGM 210800
CF6BGM
PRELIMINARY LOCAL CLIMATOLOGICAL DATA (WS FORM: F-6)

                                          STATION:   BINGHAMTON NY
                                          MONTH:     MARCH
                                          YEAR:      2019
                                          LATITUDE:   42 13 N
                                          LONGITUDE:  75 59 W

  TEMPERATURE IN F:       :PCPN:    SNOW:  WIND      :SUNSHINE: SKY     :PK WND
================================================================================
1   2   3   4   5  6A  6B    7    8   9   10  11  12  13   14  15   16   17  18
                                     12Z  AVG MX 2MIN
DY MAX MIN AVG DEP HDD CDD  WTR  SNW DPTH SPD SPD DIR MIN PSBL S-S WX    SPD DR
================================================================================

 1  34  16  25  -3  40   0 0.01  0.1    3  3.5  9 230   M    M   8 1      12 230
 2  33  27  30   2  35   0 0.02  0.3    2  5.1 17 330   M    M  10 1      27 320
 3  28  24  26  -2  39   0 0.19  3.9    3  4.7 13 330   M    M  10 18     18 330
 4  25   8  17 -12  48   0 0.03  0.5    7 10.8 21 300   M    M   7 18     29 310
 5  21   6  14 -15  51   0 0.02  0.1    6  8.7 21 340   M    M   8 18     31 340
 6  16   4  10 -19  55   0    T    T    6 11.6 25 280   M    M   3 9      36 270
 7  20   3  12 -18  53   0 0.01  0.3    5  8.2 20 260   M    M   5 18     26 280
 8  32   5  19 -11  46   0 0.00  0.0    5  6.0 13 220   M    M   0        17 220
 9  39  18  29  -1  36   0 0.00  0.0    5  6.7 26 140   M    M   0 1      33 150
10  40  28  34   3  31   0 0.07  0.3    4 14.8 32 140   M    M  10 16     48 130
11  40  26  33   2  32   0    T    T    3 12.5 22 310   M    M   6        31 290
12  31  23  27  -4  38   0    T  0.1    2  9.7 21 310   M    M   7 18     30 300
13  43  19  31  -1  34   0 0.00  0.0    2  6.2 13 170   M    M   4        20 170
14  58  38  48  16  17   0 0.00  0.0    1 10.0 17 170   M    M   3        27 170
15  63  37  50  18  15   0 0.02  0.0    T 14.7 29 240   M    M   4        39 250
16  37  25  31  -2  34   0    T  0.4    T 14.2 26 290   M    M  10 18     38 290
17  31  21  26  -7  39   0    T  0.2    T 10.0 23 290   M    M   6 1      32 280
18  34  19  27  -6  38   0    T    T    0  5.5 18 340   M    M   5        23 350
19  40  19  30  -4  35   0 0.00    T    0  5.7 14 330   M    M   3        18 270
20  49  25  37   3  28   0 0.00  0.0    0  7.7 14 240   M    M   2        21 250
================================================================================
SM  714  391       744   0  0.37     6.2 176.3          M      111
================================================================================
AV 35.7 19.6                               8.8 FASTST   M    M   6    MAX(MPH)
                                 MISC ---->  # 32 140               # 48  130
================================================================================
NOTES:
# LAST OF SEVERAL OCCURRENCES

COLUMN 17 PEAK WIND IN M.P.H.

PRELIMINARY LOCAL CLIMATOLOGICAL DATA (WS FORM: F-6) , PAGE 2

                                          STATION:  BINGHAMTON NY
                                          MONTH:    MARCH
                                          YEAR:     2019
                                          LATITUDE:   42 13 N
                                          LONGITUDE:  75 59 W

[TEMPERATURE DATA]      [PRECIPITATION DATA]       SYMBOLS USED IN COLUMN 16

AVERAGE MONTHLY: 27.6   TOTAL FOR MONTH:   0.37    1 = FOG OR MIST
DPTR FM NORMAL:  -3.2   DPTR FM NORMAL:   -1.46    2 = FOG REDUCING VISIBILITY
HIGHEST:    63 ON 15    GRTST 24HR  0.19 ON  3- 3      TO 1/4 MILE OR LESS
LOWEST:      3 ON  7                               3 = THUNDER
                        SNOW, ICE PELLETS, HAIL    4 = ICE PELLETS
                        TOTAL MONTH:   6.2 INCHES  5 = HAIL
                        GRTST 24HR   3.9 ON  3- 3  6 = FREEZING RAIN OR DRIZZLE
                        GRTST DEPTH:   7 ON  4     7 = DUSTSTORM OR SANDSTORM:
                                                       VSBY 1/2 MILE OR LESS
                                                   8 = SMOKE OR HAZE
[NO. OF DAYS WITH]      [WEATHER - DAYS WITH]      9 = BLOWING SNOW
                                                   X = TORNADO
MAX 32 OR BELOW:   8    0.01 INCH OR MORE:   8
MAX 90 OR ABOVE:   0    0.10 INCH OR MORE:   1
MIN 32 OR BELOW:  18    0.50 INCH OR MORE:   0
MIN  0 OR BELOW:   0    1.00 INCH OR MORE:   0

[HDD (BASE 65) ]
TOTAL THIS MO.   744    CLEAR  (SCALE 0-3)   5
DPTR FM NORMAL    61    PTCLDY (SCALE 4-7)  10
TOTAL FM JUL 1  5933    CLOUDY (SCALE 8-10)  5
DPTR FM NORMAL    51

[CDD (BASE 65) ]
TOTAL THIS MO.     0
DPTR FM NORMAL     0    [PRESSURE DATA]
TOTAL FM JAN 1     0    HIGHEST SLP 30.37 ON  8
DPTR FM NORMAL     0    LOWEST  SLP 29.62 ON 15

[REMARKS]
