000
CXUS51 KBGM 210800
CF6BGM
PRELIMINARY LOCAL CLIMATOLOGICAL DATA (WS FORM: F-6)

                                          STATION:   BINGHAMTON NY
                                          MONTH:     OCTOBER
                                          YEAR:      2019
                                          LATITUDE:   42 13 N
                                          LONGITUDE:  75 59 W

  TEMPERATURE IN F:       :PCPN:    SNOW:  WIND      :SUNSHINE: SKY     :PK WND
================================================================================
1   2   3   4   5  6A  6B    7    8   9   10  11  12  13   14  15   16   17  18
                                     12Z  AVG MX 2MIN
DY MAX MIN AVG DEP HDD CDD  WTR  SNW DPTH SPD SPD DIR MIN PSBL S-S WX    SPD DR
================================================================================

 1  82  58  70  16   0   5 0.28  0.0    0  8.1 16 250   M    M   4 13     22 250
 2  74  48  61   8   4   0 0.10  0.0    0  8.1 20 350   M    M   9 1      22 350
 3  54  42  48  -5  17   0 0.72  0.0    0  8.9 15 160   M    M  10 12     21 160
 4  55  37  46  -6  19   0 0.02  0.0    0 11.3 22 360   M    M   9 1      29 360
 5  56  30  43  -9  22   0 0.00  0.0    0  7.8 16 160   M    M   0 1      23 160
 6  60  44  52   0  13   0 0.01  0.0    0 10.4 17 180   M    M   9 1      26 180
 7  60  49  55   4  10   0 1.81  0.0    0  5.0 21 340   M    M  10 1      26 320
 8  60  46  53   2  12   0 0.00  0.0    0  5.8 12  40   M    M   0 12     16  50
 9  58  41  50  -1  15   0 0.00  0.0    0  5.8  9  70   M    M   0        13  70
10  66  42  54   4  11   0 0.00  0.0    0  5.6 10  60   M    M   0        15  70
11  66  41  54   4  11   0 0.00  0.0    0  7.5 15  60   M    M   1        24  60
12  53  42  48  -2  17   0 0.01  0.0    0  4.7 12 360   M    M   6 1      14 350
13  61  35  48  -1  17   0 0.00  0.0    0  5.6 15 150   M    M   3 12     19 150
14  62  42  52   3  13   0 0.00  0.0    0  9.1 23 260   M    M   4        30 290
15  56  37  47  -2  18   0 0.00  0.0    0  5.4 12 200   M    M   1        15 150
16  57  43  50   2  15   0 1.18  0.0    0 10.8 18 290   M    M   8 1      31 180
17  43  41  42  -6  23   0 0.13  0.0    0 14.8 26 300   M    M  10 1      40 290
18  45  34  40  -8  25   0    T  0.0    0 10.4 20 330   M    M   7 1      28 340
19  55  30  43  -4  22   0 0.00  0.0    0  3.8  7 170   M    M   1 12     11 230
20  52  41  47   0  18   0 0.02  0.0    0  5.4 10 150   M    M   4 1      15 160
================================================================================
SM 1175  823       302   5  4.28     0.0 154.3          M       96
================================================================================
AV 58.8 41.2                               7.7 FASTST   M    M   5    MAX(MPH)
                                 MISC ---->  # 26 300               # 40  290
================================================================================
NOTES:
# LAST OF SEVERAL OCCURRENCES

COLUMN 17 PEAK WIND IN M.P.H.

PRELIMINARY LOCAL CLIMATOLOGICAL DATA (WS FORM: F-6) , PAGE 2

                                          STATION:  BINGHAMTON NY
                                          MONTH:    OCTOBER
                                          YEAR:     2019
                                          LATITUDE:   42 13 N
                                          LONGITUDE:  75 59 W

[TEMPERATURE DATA]      [PRECIPITATION DATA]       SYMBOLS USED IN COLUMN 16

AVERAGE MONTHLY: 50.0   TOTAL FOR MONTH:   4.28    1 = FOG OR MIST
DPTR FM NORMAL:  -0.2   DPTR FM NORMAL:    2.10    2 = FOG REDUCING VISIBILITY
HIGHEST:    82 ON  1    GRTST 24HR  1.81 ON  7- 7      TO 1/4 MILE OR LESS
LOWEST:     30 ON 19, 5                            3 = THUNDER
                        SNOW, ICE PELLETS, HAIL    4 = ICE PELLETS
                        TOTAL MONTH:   0.0 INCH    5 = HAIL
                        GRTST 24HR     0.0         6 = FREEZING RAIN OR DRIZZLE
                        GRTST DEPTH:   0           7 = DUSTSTORM OR SANDSTORM:
                                                       VSBY 1/2 MILE OR LESS
                                                   8 = SMOKE OR HAZE
[NO. OF DAYS WITH]      [WEATHER - DAYS WITH]      9 = BLOWING SNOW
                                                   X = TORNADO
MAX 32 OR BELOW:   0    0.01 INCH OR MORE:  10
MAX 90 OR ABOVE:   0    0.10 INCH OR MORE:   6
MIN 32 OR BELOW:   2    0.50 INCH OR MORE:   3
MIN  0 OR BELOW:   0    1.00 INCH OR MORE:   2

[HDD (BASE 65) ]
TOTAL THIS MO.   302    CLEAR  (SCALE 0-3)   8
DPTR FM NORMAL     5    PTCLDY (SCALE 4-7)   6
TOTAL FM JUL 1   475    CLOUDY (SCALE 8-10)  6
DPTR FM NORMAL   -79

[CDD (BASE 65) ]
TOTAL THIS MO.     5
DPTR FM NORMAL     5    [PRESSURE DATA]
TOTAL FM JAN 1   389    HIGHEST SLP 30.46 ON  5
DPTR FM NORMAL    10    LOWEST  SLP 29.33 ON 17

[REMARKS]
