000
CXUS53 KGRR 181017
CF6BIV
PRELIMINARY LOCAL CLIMATOLOGICAL DATA (WS FORM: F-6)

                                          STATION:   HOLLAND
                                          MONTH:     FEBRUARY
                                          YEAR:      2019
                                          LATITUDE:   42 49 N
                                          LONGITUDE:  86 10 W

  TEMPERATURE IN F:       :PCPN:    SNOW:  WIND      :SUNSHINE: SKY     :PK WND
================================================================================
1   2   3   4   5  6A  6B    7    8   9   10  11  12  13   14  15   16   17  18
                                     12Z  AVG MX 2MIN
DY MAX MIN AVG DEP HDD CDD  WTR  SNW DPTH SPD SPD DIR MIN PSBL S-S WX    SPD DR
================================================================================

 1  18   0   9 -17  56   0    T    M    M  6.2 12 130   M    M   6        13 170
 2  42  13  28   2  37   0 0.00    M    M 10.5 20 230   M    M   7 18     25 220
 3  48  38  43  17  22   0    T    M    M 14.3 24 230   M    M  10 1      33 230
 4  52  36  44  18  21   0 0.08    M    M 11.7 26 230   M    M  10 12     37 230
 5  36  28  32   6  33   0 0.34    M    M  9.7 20 110   M    M  10 16     28 100
 6  35  32  34   7  31   0 0.31    M    M  6.8 21 120   M    M  10 16     26 120
 7  49  23  36   9  29   0 0.55    M    M 17.0 38 250   M    M   9 18     50 270
 8  23  13  18  -9  47   0    T    M    M 20.9 33 260   M    M  10        48 260
 9  23  13  18  -9  47   0    T    M    M  4.8 15 320   M    M   8        22 320
10  28  19  24  -3  41   0 0.03    M    M  8.5 16 120   M    M   9        19 110
11  30  24  27   0  38   0 0.00    M    M 12.7 22  90   M    M  10        30 100
12  34  27  31   3  34   0 0.51    M    M 15.3 28 280   M    M  10 6      37  90
13  29  20  25  -3  40   0 0.02    M    M 14.0 26 280   M    M   7 128    40 270
14  43  22  33   5  32   0 0.00    M    M  9.2 16 240   M    M   5        21 280
15  38  19  29   1  36   0    T    M    M 12.3 24 280   M    M  10 18     33 310
16  28  18  23  -5  42   0 0.00    M    M  5.2 10  80   M    M   8        14  10
17  25  17  21  -8  44   0 0.12    M    M  9.4 18  70   M    M   8 12     24  70
================================================================================
SM  581  362       630   0  1.96    M    188.5          M      147
================================================================================
AV 34.2 21.3                              11.1 FASTST   M    M   9    MAX(MPH)
                                 MISC ---->  # 38 250               # 50  270
================================================================================
NOTES:
# LAST OF SEVERAL OCCURRENCES

COLUMN 17 PEAK WIND IN M.P.H.

PRELIMINARY LOCAL CLIMATOLOGICAL DATA (WS FORM: F-6) , PAGE 2

                                          STATION:  HOLLAND
                                          MONTH:    FEBRUARY
                                          YEAR:     2019
                                          LATITUDE:   42 49 N
                                          LONGITUDE:  86 10 W

[TEMPERATURE DATA]      [PRECIPITATION DATA]       SYMBOLS USED IN COLUMN 16

AVERAGE MONTHLY: 27.7   TOTAL FOR MONTH:   1.96    1 = FOG OR MIST
DPTR FM NORMAL:   0.6   DPTR FM NORMAL:    1.00    2 = FOG REDUCING VISIBILITY
HIGHEST:    52 ON  4    GRTST 24HR  0.55 ON  7- 7      TO 1/4 MILE OR LESS
LOWEST:      0 ON  1                               3 = THUNDER
                        SNOW, ICE PELLETS, HAIL    4 = ICE PELLETS
                        TOTAL MONTH:    M          5 = HAIL
                        GRTST 24HR    M  ON   M    6 = FREEZING RAIN OR DRIZZLE
                        GRTST DEPTH:  M  ON   M    7 = DUSTSTORM OR SANDSTORM:
                                                       VSBY 1/2 MILE OR LESS
                                                   8 = SMOKE OR HAZE
[NO. OF DAYS WITH]      [WEATHER - DAYS WITH]      9 = BLOWING SNOW
                                                   X = TORNADO
MAX 32 OR BELOW:   8    0.01 INCH OR MORE:   8
MAX 90 OR ABOVE:   0    0.10 INCH OR MORE:   5
MIN 32 OR BELOW:  15    0.50 INCH OR MORE:   2
MIN  0 OR BELOW:   1    1.00 INCH OR MORE:   0

[HDD (BASE 65) ]
TOTAL THIS MO.   630    CLEAR  (SCALE 0-3)   0
DPTR FM NORMAL   -14    PTCLDY (SCALE 4-7)   6
TOTAL FM JUL 1  4286    CLOUDY (SCALE 8-10) 11
DPTR FM NORMAL   168

[CDD (BASE 65) ]
TOTAL THIS MO.     0
DPTR FM NORMAL     0    [PRESSURE DATA]
TOTAL FM JAN 1     0    HIGHEST SLP M ON M
DPTR FM NORMAL     0    LOWEST  SLP 29.43 ON 12

[REMARKS]
