000
CXUS53 KGRR 211017
CF6BIV
PRELIMINARY LOCAL CLIMATOLOGICAL DATA (WS FORM: F-6)

                                          STATION:   HOLLAND
                                          MONTH:     FEBRUARY
                                          YEAR:      2020
                                          LATITUDE:   42 49 N
                                          LONGITUDE:  86 10 W

  TEMPERATURE IN F:       :PCPN:    SNOW:  WIND      :SUNSHINE: SKY     :PK WND
================================================================================
1   2   3   4   5  6A  6B    7    8   9   10  11  12  13   14  15   16   17  18
                                     12Z  AVG MX 2MIN
DY MAX MIN AVG DEP HDD CDD  WTR  SNW DPTH SPD SPD DIR MIN PSBL S-S WX    SPD DR
================================================================================

 1  37  33  35   9  30   0 0.06    M    M 11.0 20 250   M    M  10 1      26 250
 2  48  34  41  15  24   0 0.00    M    M 17.3 30 230   M    M   2        38 240
 3  50  30  40  14  25   0 0.00    M    M  6.1 13  50   M    M   2 1      22  50
 4  39  28  34   8  31   0 0.00    M    M  8.8 16  50   M    M   9 1      24  40
 5  29  22  26   0  39   0 0.01    M    M  7.9 14 110   M    M   6 1      20 110
 6  28  23  26  -1  39   0 0.02    M    M  6.8 12  20   M    M  10 1      20  30
 7  35  20  28   1  37   0 0.07    M    M  4.4 17 310   M    M   7 18     24 310
 8  32  24  28   1  37   0 0.05    M    M  5.8 12 280   M    M   9 12     18 290
 9  37  27  32   5  33   0 0.05    M    M 12.2 21 150   M    M   9 128    30 160
10  35  24  30   3  35   0 0.00    M    M  4.7 16 310   M    M   9        23 290
11  33  26  30   3  35   0 0.00    M    M 10.7 21 280   M    M   8        33 270
12  35  23  29   1  36   0 0.03    M    M  8.7 20 270   M    M   5 1      26 270
13  33  13  23  -5  42   0 0.11    M    M  7.3 16 340   M    M  10 18     26 340
14  20   6  13 -15  52   0 0.04    M    M  6.9 15 220   M    M   8 18     19 240
15  34   4  19  -9  46   0    T    M    M 16.1 26 240   M    M   7 1      39 220
16  36  21  29   1  36   0 0.00    M    M  5.6 13 260   M    M   4 1      18 250
17  36  20  28  -1  37   0    T    M    M 12.0 21 110   M    M   8 1      27 110
18  38  30  34   5  31   0 0.09    M    M 14.7 23 310   M    M   8 1      38 280
19  31  17  24  -5  41   0 0.00    M    M  9.4 21 320   M    M   4        35 310
20  23  15  19 -10  46   0    T    M    M  6.5 14 320   M    M   9        20 320
================================================================================
SM  689  440       732   0  0.53    M    182.9          M      144
================================================================================
AV 34.5 22.0                               9.1 FASTST   M    M   7    MAX(MPH)
                                 MISC ---->  # 30 230               # 39  220
================================================================================
NOTES:
# LAST OF SEVERAL OCCURRENCES

COLUMN 17 PEAK WIND IN M.P.H.

PRELIMINARY LOCAL CLIMATOLOGICAL DATA (WS FORM: F-6) , PAGE 2

                                          STATION:  HOLLAND
                                          MONTH:    FEBRUARY
                                          YEAR:     2020
                                          LATITUDE:   42 49 N
                                          LONGITUDE:  86 10 W

[TEMPERATURE DATA]      [PRECIPITATION DATA]       SYMBOLS USED IN COLUMN 16

AVERAGE MONTHLY: 28.2   TOTAL FOR MONTH:   0.53    1 = FOG OR MIST
DPTR FM NORMAL:   0.8   DPTR FM NORMAL:   -0.66    2 = FOG REDUCING VISIBILITY
HIGHEST:    50 ON  3    GRTST 24HR  0.11 ON 13-13      TO 1/4 MILE OR LESS
LOWEST:      4 ON 15                               3 = THUNDER
                        SNOW, ICE PELLETS, HAIL    4 = ICE PELLETS
                        TOTAL MONTH:    M          5 = HAIL
                        GRTST 24HR    M  ON   M    6 = FREEZING RAIN OR DRIZZLE
                        GRTST DEPTH:  M  ON   M    7 = DUSTSTORM OR SANDSTORM:
                                                       VSBY 1/2 MILE OR LESS
                                                   8 = SMOKE OR HAZE
[NO. OF DAYS WITH]      [WEATHER - DAYS WITH]      9 = BLOWING SNOW
                                                   X = TORNADO
MAX 32 OR BELOW:   6    0.01 INCH OR MORE:  10
MAX 90 OR ABOVE:   0    0.10 INCH OR MORE:   1
MIN 32 OR BELOW:  18    0.50 INCH OR MORE:   0
MIN  0 OR BELOW:   0    1.00 INCH OR MORE:   0

[HDD (BASE 65) ]
TOTAL THIS MO.   732    CLEAR  (SCALE 0-3)   2
DPTR FM NORMAL   -20    PTCLDY (SCALE 4-7)   9
TOTAL FM JUL 1  4036    CLOUDY (SCALE 8-10)  9
DPTR FM NORMAL  -190

[CDD (BASE 65) ]
TOTAL THIS MO.     0
DPTR FM NORMAL     0    [PRESSURE DATA]
TOTAL FM JAN 1     0    HIGHEST SLP M ON M
DPTR FM NORMAL     0    LOWEST  SLP 29.37 ON  2

[REMARKS]
