000
CXUS53 KGRR 231017
CF6BIV
PRELIMINARY LOCAL CLIMATOLOGICAL DATA (WS FORM: F-6)

                                          STATION:   HOLLAND
                                          MONTH:     OCTOBER
                                          YEAR:      2018
                                          LATITUDE:   42 49 N
                                          LONGITUDE:  86 10 W

  TEMPERATURE IN F:       :PCPN:    SNOW:  WIND      :SUNSHINE: SKY     :PK WND
================================================================================
1   2   3   4   5  6A  6B    7    8   9   10  11  12  13   14  15   16   17  18
                                     12Z  AVG MX 2MIN
DY MAX MIN AVG DEP HDD CDD  WTR  SNW DPTH SPD SPD DIR MIN PSBL S-S WX    SPD DR
================================================================================

 1  59  48  54  -4  11   0 2.68    M    M  9.8 18 120   M    M  10 13     23 120
 2  67  57  62   5   3   0 0.19    M    M  6.6 21 240   M    M  10 1      29 220
 3  84  56  70  13   0   5 0.00    M    M 14.5 35 220   M    M   4        46 200
 4  79  45  62   6   3   0 0.00    M    M 11.1 33 230   M    M   3        46 220
 5  60  44  52  -4  13   0 0.36    M    M  8.7 17 100   M    M   7 1      22 100
 6  69  56  63   7   2   0 0.52    M    M  4.9 14 330   M    M  10 13     19 330
 7  58  52  55  -1  10   0 0.05    M    M  8.6 14 100   M    M  10 1      19 100
 8  83  57  70  15   0   5 0.18    M    M  8.9 22 220   M    M   5 1      27 220
 9  84  67  76  21   0  11 0.00    M    M  8.5 20 230   M    M   3        24 230
10  73  59  66  12   0   1 0.70    M    M 11.5 25 240   M    M   5 1      36 260
11  59  45  52  -2  13   0 0.00    M    M 14.1 24 260   M    M  10        35 260
12  47  42  45  -9  20   0 0.13    M    M  5.8 13 280   M    M  10 1      19 330
13  52  40  46  -8  19   0 0.00    M    M  8.0 17 230   M    M   5        22 260
14  60  40  50  -3  15   0    T    M    M  4.8 12 160   M    M   6        17 160
15  52  42  47  -6  18   0 0.31    M    M 10.2 21 280   M    M   9 1      31 280
16  56  44  50  -3  15   0    T    M    M 18.2 33 230   M    M   4        41 240
17  55  32  44  -8  21   0 0.01    M    M   M   M 999   M    M   7         M 999
18  54  29  42 -10  23   0 0.00    M    M  6.6 18 240   M    M   0        24 230
19  56  40  48  -4  17   0 0.09    M    M 15.0 28 220   M    M   5 18     38 210
20  55  38  47  -4  18   0 0.02    M    M 11.9 25 310   M    M   4 3      41 300
21  48  36  42  -9  23   0    T    M    M  7.8 20 260   M    M   6        28 240
22  56  34  45  -6  20   0 0.00    M    M  7.2 17 240   M    M   0        21 240
================================================================================
SM 1366 1003       264  22  5.24    M    202.7          M      133
================================================================================
AV 62.1 45.6                               9.7 FASTST   M    M   6    MAX(MPH)
                                 MISC ---->  # 35 220               # 46  200
================================================================================
NOTES:
# LAST OF SEVERAL OCCURRENCES

COLUMN 17 PEAK WIND IN M.P.H.

PRELIMINARY LOCAL CLIMATOLOGICAL DATA (WS FORM: F-6) , PAGE 2

                                          STATION:  HOLLAND
                                          MONTH:    OCTOBER
                                          YEAR:     2018
                                          LATITUDE:   42 49 N
                                          LONGITUDE:  86 10 W

[TEMPERATURE DATA]      [PRECIPITATION DATA]       SYMBOLS USED IN COLUMN 16

AVERAGE MONTHLY: 53.8   TOTAL FOR MONTH:   5.24    1 = FOG OR MIST
DPTR FM NORMAL:  -0.2   DPTR FM NORMAL:    2.77    2 = FOG REDUCING VISIBILITY
HIGHEST:    84 ON  9, 3 GRTST 24HR  2.68 ON  1- 1      TO 1/4 MILE OR LESS
LOWEST:     29 ON 18                               3 = THUNDER
                        SNOW, ICE PELLETS, HAIL    4 = ICE PELLETS
                        TOTAL MONTH:    M          5 = HAIL
                        GRTST 24HR    M  ON   M    6 = FREEZING RAIN OR DRIZZLE
                        GRTST DEPTH:  M  ON   M    7 = DUSTSTORM OR SANDSTORM:
                                                       VSBY 1/2 MILE OR LESS
                                                   8 = SMOKE OR HAZE
[NO. OF DAYS WITH]      [WEATHER - DAYS WITH]      9 = BLOWING SNOW
                                                   X = TORNADO
MAX 32 OR BELOW:   0    0.01 INCH OR MORE:  12
MAX 90 OR ABOVE:   0    0.10 INCH OR MORE:   8
MIN 32 OR BELOW:   2    0.50 INCH OR MORE:   3
MIN  0 OR BELOW:   0    1.00 INCH OR MORE:   1

[HDD (BASE 65) ]
TOTAL THIS MO.   264    CLEAR  (SCALE 0-3)   3
DPTR FM NORMAL    14    PTCLDY (SCALE 4-7)  12
TOTAL FM JUL 1   353    CLOUDY (SCALE 8-10)  7
DPTR FM NORMAL   -27

[CDD (BASE 65) ]
TOTAL THIS MO.    22
DPTR FM NORMAL    12    [PRESSURE DATA]
TOTAL FM JAN 1   891    HIGHEST SLP M ON M
DPTR FM NORMAL   199    LOWEST  SLP 29.58 ON 10

[REMARKS]
