000
CXUS51 KRLX 241128
CF6BKW
PRELIMINARY LOCAL CLIMATOLOGICAL DATA (WS FORM: F-6)

                                          STATION:   BECKLEY WV
                                          MONTH:     MAY
                                          YEAR:      2020
                                          LATITUDE:   37 46 N
                                          LONGITUDE:  81  7 W

  TEMPERATURE IN F:       :PCPN:    SNOW:  WIND      :SUNSHINE: SKY     :PK WND
================================================================================
1   2   3   4   5  6A  6B    7    8   9   10  11  12  13   14  15   16   17  18
                                     12Z  AVG MX 2MIN
DY MAX MIN AVG DEP HDD CDD  WTR  SNW DPTH SPD SPD DIR MIN PSBL S-S WX    SPD DR
================================================================================

 1  47  41  44 -12  21   0 0.13  0.0    0  9.0 20 320   M    M  10 1      26 280
 2  75  38  57   0   8   0 0.00  0.0    0  5.8 15 220   M    M   0        19 220
 3  81  58  70  13   0   5 0.92  0.0    0  8.4 18 330   M    M   7 13     26 280
 4  69  50  60   3   5   0 0.01  0.0    0  8.9 21 320   M    M   2 1      33 300
 5  58  46  52  -5  13   0 0.32  0.0    0  9.3 23 130   M    M   8 1      35 140
 6  49  36  43 -15  22   0 0.02  0.0    0  9.2 16 330   M    M   9 1      25 300
 7  59  33  46 -12  19   0 0.00  0.0    0  9.0 22 260   M    M   2        29 280
 8  53  30  42 -16  23   0 0.47    T    0 10.2 25 260   M    M   7 1      35 260
 9  48  29  39 -19  26   0    T    T    0 10.4 25 320   M    M   3 1      32 310
10  64  29  47 -11  18   0 0.09  0.0    0  8.4 24 320   M    M   3 1      35 250
11  45  36  41 -18  24   0    T  0.0    0 11.5 23 270   M    M  10        31 270
12  55  37  46 -13  19   0 0.00  0.0    0  7.2 18 270   M    M   7        36 300
13  55  36  46 -13  19   0    T  0.0    0  4.3 10 150   M    M   9 1      13 140
14  77  51  64   5   1   0 0.03  0.0    0  6.2 22 320   M    M   6 13     27 290
15  82  57  70  10   0   5 0.00  0.0    0  8.0 22 270   M    M   2        26 250
16  82  57  70  10   0   5 0.01  0.0    0  4.3 15 270   M    M   5 8      19 280
17  80  61  71  11   0   6 0.00  0.0    0 11.4 22 120   M    M   2        29 130
18  78  59  69   9   0   4    T  0.0    0 13.7 24 130   M    M   3        32 120
19  59  46  53  -7  12   0 0.12  0.0    0 21.0 30 120   M    M  10 1      42 110
20  52  41  47 -14  18   0 1.16  0.0    0 14.4 28 110   M    M  10 1      38 110
21   M   M   M   M   M   M    M    M    M   M   M   M   M    M   M 1       M  M
22  72  50  61   0   4   0 0.02  0.0    0  5.3 20 230   M    M   6 12     25 240
23  76  59  68   7   0   3    T  0.0    0  4.4 12 270   M    M   7 1      17 270
================================================================================
SM 1416  980       252  28  3.30    T    200.3          M      128
================================================================================
AV 64.4 44.6                               9.1 FASTST   M    M   6    MAX(MPH)
                                 MISC ---->  # 30 120               # 42  110
================================================================================
NOTES:
# LAST OF SEVERAL OCCURRENCES

COLUMN 17 PEAK WIND IN M.P.H.

PRELIMINARY LOCAL CLIMATOLOGICAL DATA (WS FORM: F-6) , PAGE 2

                                          STATION:  BECKLEY WV
                                          MONTH:    MAY
                                          YEAR:     2020
                                          LATITUDE:   37 46 N
                                          LONGITUDE:  81  7 W

[TEMPERATURE DATA]      [PRECIPITATION DATA]       SYMBOLS USED IN COLUMN 16

AVERAGE MONTHLY: 54.5   TOTAL FOR MONTH:   3.30    1 = FOG OR MIST
DPTR FM NORMAL:  -4.4   DPTR FM NORMAL:   -0.12    2 = FOG REDUCING VISIBILITY
HIGHEST:    82 ON 16,15 GRTST 24HR  1.16 ON 20-20      TO 1/4 MILE OR LESS
LOWEST:     29 ON 10, 9                            3 = THUNDER
                        SNOW, ICE PELLETS, HAIL    4 = ICE PELLETS
                        TOTAL MONTH:    T          5 = HAIL
                        GRTST 24HR    T  ON  9- 9  6 = FREEZING RAIN OR DRIZZLE
                        GRTST DEPTH:   0           7 = DUSTSTORM OR SANDSTORM:
                                                       VSBY 1/2 MILE OR LESS
                                                   8 = SMOKE OR HAZE
[NO. OF DAYS WITH]      [WEATHER - DAYS WITH]      9 = BLOWING SNOW
                                                   X = TORNADO
MAX 32 OR BELOW:   0    0.01 INCH OR MORE:  12
MAX 90 OR ABOVE:   0    0.10 INCH OR MORE:   6
MIN 32 OR BELOW:   3    0.50 INCH OR MORE:   2
MIN  0 OR BELOW:   0    1.00 INCH OR MORE:   1

[HDD (BASE 65) ]
TOTAL THIS MO.   252    CLEAR  (SCALE 0-3)   8
DPTR FM NORMAL    92    PTCLDY (SCALE 4-7)   8
TOTAL FM JUL 1  4654    CLOUDY (SCALE 8-10)  6
DPTR FM NORMAL  -615

[CDD (BASE 65) ]
TOTAL THIS MO.    28
DPTR FM NORMAL    11    [PRESSURE DATA]
TOTAL FM JAN 1    42    HIGHEST SLP M ON M
DPTR FM NORMAL    15    LOWEST  SLP 29.69 ON  5

[REMARKS]
