000
CXUS55 KSEW 260930
CF6BLI
PRELIMINARY LOCAL CLIMATOLOGICAL DATA (WS FORM: F-6)

                                          STATION:   BELLINGHAM WA AIRPORT
                                          MONTH:     MAY
                                          YEAR:      2020
                                          LATITUDE:   48 47 N
                                          LONGITUDE: 122 32 W

  TEMPERATURE IN F:       :PCPN:    SNOW:  WIND      :SUNSHINE: SKY     :PK WND
================================================================================
1   2   3   4   5  6A  6B    7    8   9   10  11  12  13   14  15   16   17  18
                                     12Z  AVG MX 2MIN
DY MAX MIN AVG DEP HDD CDD  WTR  SNW DPTH SPD SPD DIR MIN PSBL S-S WX    SPD DR
================================================================================

 1  65  45  55   4  10   0    T  0.0    0  4.1 17 150   M    M   5 1      22 150
 2  61  44  53   2  12   0 0.47  0.0    0  5.9 23 160   M    M   7 1      40 160
 3  56  42  49  -2  16   0 0.02  0.0    0  6.4 17 180   M    M   5        25 180
 4  64  37  51  -1  14   0    T  0.0    0  4.6 23 160   M    M   4 1      29 170
 5  70  49  60   8   5   0 0.06  0.0    0  4.6 18 170   M    M   5        25 170
 6  61  47  54   2  11   0 0.08  0.0    0  6.4 14 170   M    M   5        20 260
 7  64  40  52   0  13   0 0.00  0.0    0  4.8 15 300   M    M   0        18 300
 8  79  43  61   9   4   0 0.00  0.0    0  5.4 21  40   M    M   0        28  30
 9  82  45  64  11   1   0 0.00  0.0    0  4.7 17  20   M    M   0        21  30
10  81  47  64  11   1   0 0.00  0.0    0  3.3 12 290   M    M   0        16  60
11  76  51  64  11   1   0 0.15  0.0    0  5.2 17 160   M    M   4 1      24 150
12  68  52  60   7   5   0 0.52  0.0    0  6.1 17 150   M    M   9 1      21 170
13  64  50  57   4   8   0 0.06  0.0    0  7.6 17 170   M    M   7        24 160
14  62  47  55   1  10   0 0.00  0.0    0  5.1 13 170   M    M   4        15 170
15  66  49  58   4   7   0 0.00  0.0    0  5.4 14 180   M    M   3        19 180
16  63  49  56   2   9   0 0.26  0.0    0  3.9 12  40   M    M   8 1      15  40
17  66  48  57   3   8   0 0.21  0.0    0  4.4 13 170   M    M   6 1      17 170
18  67  44  56   2   9   0 0.00  0.0    0  4.2 12 170   M    M   2 1      16 290
19  64  53  59   4   6   0 0.00  0.0    0  9.8 17 160   M    M   4        25 150
20  61  51  56   1   9   0    T  0.0    0 11.1 18 180   M    M   8        25 180
21  59  50  55   0  10   0    T  0.0    0  7.7 16 160   M    M   7        21 150
22  60  50  55   0  10   0    T  0.0    0  8.8 15 170   M    M   8        21 150
23  62  49  56   1   9   0    T  0.0    0  5.4 13 160   M    M   7        17 170
24  67  50  59   4   6   0 0.01  0.0    0  3.2  9 180   M    M   8        12 180
25  57  54  56   0   9   0 0.45  0.0    0  5.6 13 180   M    M   9 1      19 180
================================================================================
SM 1645 1186       203   0  2.29     0.0 143.7          M      125
================================================================================
AV 65.8 47.4                               5.7 FASTST   M    M   5    MAX(MPH)
                                 MISC ---->  # 23 160               # 40  160
================================================================================
NOTES:
# LAST OF SEVERAL OCCURRENCES

COLUMN 17 PEAK WIND IN M.P.H.

PRELIMINARY LOCAL CLIMATOLOGICAL DATA (WS FORM: F-6) , PAGE 2

                                          STATION:  BELLINGHAM WA AIRPORT
                                          MONTH:    MAY
                                          YEAR:     2020
                                          LATITUDE:   48 47 N
                                          LONGITUDE: 122 32 W

[TEMPERATURE DATA]      [PRECIPITATION DATA]       SYMBOLS USED IN COLUMN 16

AVERAGE MONTHLY: 56.6   TOTAL FOR MONTH:   2.29    1 = FOG OR MIST
DPTR FM NORMAL:   3.3   DPTR FM NORMAL:    0.30    2 = FOG REDUCING VISIBILITY
HIGHEST:    82 ON  9    GRTST 24HR  0.52 ON 12-12      TO 1/4 MILE OR LESS
LOWEST:     37 ON  4                               3 = THUNDER
                        SNOW, ICE PELLETS, HAIL    4 = ICE PELLETS
                        TOTAL MONTH:   0.0 INCH    5 = HAIL
                        GRTST 24HR     0.0         6 = FREEZING RAIN OR DRIZZLE
                        GRTST DEPTH:   0           7 = DUSTSTORM OR SANDSTORM:
                                                       VSBY 1/2 MILE OR LESS
                                                   8 = SMOKE OR HAZE
[NO. OF DAYS WITH]      [WEATHER - DAYS WITH]      9 = BLOWING SNOW
                                                   X = TORNADO
MAX 32 OR BELOW:   0    0.01 INCH OR MORE:  11
MAX 90 OR ABOVE:   0    0.10 INCH OR MORE:   6
MIN 32 OR BELOW:   0    0.50 INCH OR MORE:   1
MIN  0 OR BELOW:   0    1.00 INCH OR MORE:   0

[HDD (BASE 65) ]
TOTAL THIS MO.   203    CLEAR  (SCALE 0-3)   6
DPTR FM NORMAL   -88    PTCLDY (SCALE 4-7)  15
TOTAL FM JUL 1  4721    CLOUDY (SCALE 8-10)  4
DPTR FM NORMAL  -582

[CDD (BASE 65) ]
TOTAL THIS MO.     0
DPTR FM NORMAL     0    [PRESSURE DATA]
TOTAL FM JAN 1     0    HIGHEST SLP M ON M
DPTR FM NORMAL     0    LOWEST  SLP 29.63 ON 12

[REMARKS]
