000
CXUS55 KSEW 200930
CF6BLI
PRELIMINARY LOCAL CLIMATOLOGICAL DATA (WS FORM: F-6)

                                          STATION:   BELLINGHAM WA AIRPORT
                                          MONTH:     OCTOBER
                                          YEAR:      2018
                                          LATITUDE:   48 47 N
                                          LONGITUDE: 122 32 W

  TEMPERATURE IN F:       :PCPN:    SNOW:  WIND      :SUNSHINE: SKY     :PK WND
================================================================================
1   2   3   4   5  6A  6B    7    8   9   10  11  12  13   14  15   16   17  18
                                     12Z  AVG MX 2MIN
DY MAX MIN AVG DEP HDD CDD  WTR  SNW DPTH SPD SPD DIR MIN PSBL S-S WX    SPD DR
================================================================================

 1  64  57  61   8   4   0 0.44  0.0    0  8.1 28 150   M    M  10 1      42 170
 2  59  42  51  -2  14   0 0.00  0.0    0  7.3 17 270   M    M   6        27 290
 3  53  38  46  -7  19   0 0.00  0.0    0  7.6 15  20   M    M   1        19  20
 4  58  37  48  -5  17   0 0.00  0.0    0  3.8 13  20   M    M   0        17  30
 5  56  38  47  -5  18   0    T  0.0    0  2.5  8  20   M    M   7 18     11  30
 6  60  36  48  -4  17   0 0.00  0.0    0  3.0  9 240   M    M   1 12     14 250
 7  54  45  50  -2  15   0 0.16  0.0    0  1.8  7  20   M    M   8 1       9  30
 8  56  50  53   1  12   0 0.05  0.0    0  1.7  6 300   M    M   9 1       7  10
 9  66  46  56   5   9   0 0.02  0.0    0  5.6 20  20   M    M   3 1      28  40
10  65  42  54   3  11   0 0.00  0.0    0  3.0 12  10   M    M   4 1      15  20
11  62  36  49  -2  16   0 0.00  0.0    0  1.2  8 140   M    M   1 1       9 140
12  60  42  51   0  14   0 0.00  0.0    0  4.2 12 150   M    M   4 1      15 150
13  67  41  54   4  11   0 0.00  0.0    0  6.3 16 360   M    M   0 1      20 360
14  64  37  51   1  14   0 0.00  0.0    0  3.0 13  30   M    M   0        17  10
15  63  35  49  -1  16   0 0.00  0.0    0  2.8  9 270   M    M   0 1      12  10
16  71  37  54   4  11   0 0.00  0.0    0  1.4  8 360   M    M   1 12     12 350
17  70  37  54   5  11   0 0.00  0.0    0  1.0  6 280   M    M   1 12      8 310
18  65  39  52   3  13   0 0.00  0.0    0  0.5  6 200   M    M   0 12      8 200
19  62  39  51   2  14   0 0.00  0.0    0  2.2  8 170   M    M   3 128    11 170
================================================================================
SM 1175  774       256   0  0.67     0.0  67.0          M       59
================================================================================
AV 61.8 40.7                               3.5 FASTST   M    M   3    MAX(MPH)
                                 MISC ---->  # 28 150               # 42  170
================================================================================
NOTES:
# LAST OF SEVERAL OCCURRENCES

COLUMN 17 PEAK WIND IN M.P.H.

PRELIMINARY LOCAL CLIMATOLOGICAL DATA (WS FORM: F-6) , PAGE 2

                                          STATION:  BELLINGHAM WA AIRPORT
                                          MONTH:    OCTOBER
                                          YEAR:     2018
                                          LATITUDE:   48 47 N
                                          LONGITUDE: 122 32 W

[TEMPERATURE DATA]      [PRECIPITATION DATA]       SYMBOLS USED IN COLUMN 16

AVERAGE MONTHLY: 51.3   TOTAL FOR MONTH:   0.67    1 = FOG OR MIST
DPTR FM NORMAL:   0.2   DPTR FM NORMAL:   -1.22    2 = FOG REDUCING VISIBILITY
HIGHEST:    71 ON 16    GRTST 24HR  0.44 ON  1- 1      TO 1/4 MILE OR LESS
LOWEST:     35 ON 15                               3 = THUNDER
                        SNOW, ICE PELLETS, HAIL    4 = ICE PELLETS
                        TOTAL MONTH:   0.0 INCH    5 = HAIL
                        GRTST 24HR     0.0         6 = FREEZING RAIN OR DRIZZLE
                        GRTST DEPTH:   0           7 = DUSTSTORM OR SANDSTORM:
                                                       VSBY 1/2 MILE OR LESS
                                                   8 = SMOKE OR HAZE
[NO. OF DAYS WITH]      [WEATHER - DAYS WITH]      9 = BLOWING SNOW
                                                   X = TORNADO
MAX 32 OR BELOW:   0    0.01 INCH OR MORE:   4
MAX 90 OR ABOVE:   0    0.10 INCH OR MORE:   2
MIN 32 OR BELOW:   0    0.50 INCH OR MORE:   0
MIN  0 OR BELOW:   0    1.00 INCH OR MORE:   0

[HDD (BASE 65) ]
TOTAL THIS MO.   256    CLEAR  (SCALE 0-3)  12
DPTR FM NORMAL    -8    PTCLDY (SCALE 4-7)   5
TOTAL FM JUL 1   517    CLOUDY (SCALE 8-10)  2
DPTR FM NORMAL  -178

[CDD (BASE 65) ]
TOTAL THIS MO.     0
DPTR FM NORMAL     0    [PRESSURE DATA]
TOTAL FM JAN 1   147    HIGHEST SLP M ON M
DPTR FM NORMAL   105    LOWEST  SLP 29.70 ON  1

[REMARKS]
