000
CXUS55 KSEW 230930
CF6BLI
PRELIMINARY LOCAL CLIMATOLOGICAL DATA (WS FORM: F-6)

                                          STATION:   BELLINGHAM WA AIRPORT
                                          MONTH:     JANUARY
                                          YEAR:      2019
                                          LATITUDE:   48 47 N
                                          LONGITUDE: 122 32 W

  TEMPERATURE IN F:       :PCPN:    SNOW:  WIND      :SUNSHINE: SKY     :PK WND
================================================================================
1   2   3   4   5  6A  6B    7    8   9   10  11  12  13   14  15   16   17  18
                                     12Z  AVG MX 2MIN
DY MAX MIN AVG DEP HDD CDD  WTR  SNW DPTH SPD SPD DIR MIN PSBL S-S WX    SPD DR
================================================================================

 1  42  30  36  -2  29   0 0.00  0.0    0  1.5  8  40   M    M   8        11  10
 2  48  33  41   3  24   0 0.45  0.0    0  7.0 23 140   M    M  10 1      30 170
 3  54  46  50  12  15   0 1.03  0.0    0 18.2 40 150   M    M  10 1      53 150
 4  52  43  48  10  17   0    T  0.0    0 14.1 28 150   M    M   8        41 150
 5  50  40  45   7  20   0 0.05  0.0    0  6.6 17 130   M    M   7        23 150
 6  47  34  41   3  24   0 0.32  0.0    0  8.2 31 150   M    M   7 1      40 160
 7  45  28  37  -2  28   0 0.06  0.0    0  4.3 14 150   M    M   5 1      21 170
 8  41  31  36  -3  29   0 0.02  0.0    0 12.0 20  30   M    M   7        26  40
 9  57  39  48   9  17   0 0.09  0.0    0 13.4 33 140   M    M   8        44 140
10  55  43  49  10  16   0 0.01  0.0    0 10.7 24 150   M    M   9        33 150
11  53  34  44   5  21   0 0.00  0.0    0  2.6 10  30   M    M   2        13  30
12  53  29  41   2  24   0 0.00  0.0    0  3.3  8  30   M    M   0        11  30
13  53  29  41   2  24   0 0.00  0.0    0  2.2 10  10   M    M   0 1      14  10
14  51  27  39   0  26   0 0.00  0.0    0  3.7 13  10   M    M   2 12     17  30
15  47  26  37  -2  28   0 0.00  0.0    0  3.8 10 360   M    M   1        13 360
16  47  30  39   0  26   0 0.00  0.0    0  5.0 10  10   M    M   2        15 340
17  56  39  48   9  17   0 0.10  0.0    0 12.3 35 140   M    M   9        43 130
18  51  44  48   8  17   0 0.28  0.0    0 11.9 22 150   M    M   8 1      33 160
19  53  40  47   7  18   0 0.08  0.0    0  7.8 23 150   M    M   6        33 160
20  48  30  39  -1  26   0 0.00  0.0    0  4.2 10  10   M    M   2 1      16  10
21  46  27  37  -3  28   0 0.00  0.0    0  0.7  7 150   M    M   5 1       8 150
22  46  34  40   0  25   0 1.01  0.0    0 11.0 22 130   M    M  10 18     28 140
================================================================================
SM 1095  756       499   0  3.50     0.0 164.5          M      126
================================================================================
AV 49.8 34.4                               7.5 FASTST   M    M   6    MAX(MPH)
                                 MISC ---->  # 40 150               # 53  150
================================================================================
NOTES:
# LAST OF SEVERAL OCCURRENCES

COLUMN 17 PEAK WIND IN M.P.H.

PRELIMINARY LOCAL CLIMATOLOGICAL DATA (WS FORM: F-6) , PAGE 2

                                          STATION:  BELLINGHAM WA AIRPORT
                                          MONTH:    JANUARY
                                          YEAR:     2019
                                          LATITUDE:   48 47 N
                                          LONGITUDE: 122 32 W

[TEMPERATURE DATA]      [PRECIPITATION DATA]       SYMBOLS USED IN COLUMN 16

AVERAGE MONTHLY: 42.1   TOTAL FOR MONTH:   3.50    1 = FOG OR MIST
DPTR FM NORMAL:   3.1   DPTR FM NORMAL:    0.11    2 = FOG REDUCING VISIBILITY
HIGHEST:    57 ON  9    GRTST 24HR  1.03 ON  3- 3      TO 1/4 MILE OR LESS
LOWEST:     26 ON 15                               3 = THUNDER
                        SNOW, ICE PELLETS, HAIL    4 = ICE PELLETS
                        TOTAL MONTH:   0.0 INCH    5 = HAIL
                        GRTST 24HR     0.0         6 = FREEZING RAIN OR DRIZZLE
                        GRTST DEPTH:   0           7 = DUSTSTORM OR SANDSTORM:
                                                       VSBY 1/2 MILE OR LESS
                                                   8 = SMOKE OR HAZE
[NO. OF DAYS WITH]      [WEATHER - DAYS WITH]      9 = BLOWING SNOW
                                                   X = TORNADO
MAX 32 OR BELOW:   0    0.01 INCH OR MORE:  12
MAX 90 OR ABOVE:   0    0.10 INCH OR MORE:   6
MIN 32 OR BELOW:  10    0.50 INCH OR MORE:   2
MIN  0 OR BELOW:   0    1.00 INCH OR MORE:   2

[HDD (BASE 65) ]
TOTAL THIS MO.   499    CLEAR  (SCALE 0-3)   7
DPTR FM NORMAL   -74    PTCLDY (SCALE 4-7)   8
TOTAL FM JUL 1  2432    CLOUDY (SCALE 8-10)  7
DPTR FM NORMAL  -533

[CDD (BASE 65) ]
TOTAL THIS MO.     0
DPTR FM NORMAL     0    [PRESSURE DATA]
TOTAL FM JAN 1     0    HIGHEST SLP M ON M
DPTR FM NORMAL     0    LOWEST  SLP 29.10 ON  5

[REMARKS]
