000
CXUS53 KIND 190730
CF6BMG
PRELIMINARY LOCAL CLIMATOLOGICAL DATA (WS FORM: F-6)

                                          STATION:   BLOOMINGTON IN
                                          MONTH:     OCTOBER
                                          YEAR:      2019
                                          LATITUDE:   39  7 N
                                          LONGITUDE:  86 37 W

  TEMPERATURE IN F:       :PCPN:    SNOW:  WIND      :SUNSHINE: SKY     :PK WND
================================================================================
1   2   3   4   5  6A  6B    7    8   9   10  11  12  13   14  15   16   17  18
                                     12Z  AVG MX 2MIN
DY MAX MIN AVG DEP HDD CDD  WTR  SNW DPTH SPD SPD DIR MIN PSBL S-S WX    SPD DR
================================================================================

 1  93  64  79  20   0  14 0.00    M    M  4.8 18 210   M    M   1 1      27 210
 2  92  68  80  21   0  15 0.00    M    M  6.2 17 270   M    M   0        31 220
 3  83  58  71  12   0   6 0.00    M    M  7.5 14 350   M    M   2        22 350
 4  71  52  62   4   3   0 0.00    M    M  8.7 15  30   M    M   1        22  20
 5  78  49  64   6   1   0    T    M    M  4.7 12 140   M    M   1        17 130
 6  66  58  62   4   3   0 0.17    M    M  3.7 13 210   M    M   8 13     19 210
 7  73  44  59   2   6   0 0.00    M    M  3.6 12  20   M    M   1 1      18 360
 8  74  40  57   0   8   0 0.00    M    M  2.8 14 120   M    M   0 1      18  90
 9  75  41  58   1   7   0 0.00    M    M  3.3 12 120   M    M   0        17 100
10  81  52  67  11   0   2 0.00    M    M  5.8 14 150   M    M   2 12     19 140
11  70  40  55  -1  10   0 0.74    M    M  9.2 18 290   M    M   9 1      30 260
12  55  33  44 -12  21   0 0.00    M    M  5.2 15 240   M    M   0        22 240
13  69  38  54  -1  11   0 0.00    M    M  7.8 17 220   M    M   0        26 240
14  66  36  51  -4  14   0 0.00    M    M  2.3 13 260   M    M   0        20 290
15  74  38  56   1   9   0 0.01    M    M  5.8 20 340   M    M   4 1      34 350
16  56  42  49  -6  16   0 0.03    M    M  8.1 16 290   M    M   7        27 350
17  59  36  48  -6  17   0 0.00    M    M  3.4 13 280   M    M   1        18 280
18  63  32  48  -6  17   0 0.00    M    M  2.7 12 150   M    M   0 1      20 150
================================================================================
SM 1298  821       143  37  0.95    M     95.6          M       37
================================================================================
AV 72.1 45.6                               5.3 FASTST   M    M   2    MAX(MPH)
                                 MISC ---->  # 20 340               # 34  350
================================================================================
NOTES:
# LAST OF SEVERAL OCCURRENCES

COLUMN 17 PEAK WIND IN M.P.H.

PRELIMINARY LOCAL CLIMATOLOGICAL DATA (WS FORM: F-6) , PAGE 2

                                          STATION:  BLOOMINGTON IN
                                          MONTH:    OCTOBER
                                          YEAR:     2019
                                          LATITUDE:   39  7 N
                                          LONGITUDE:  86 37 W

[TEMPERATURE DATA]      [PRECIPITATION DATA]       SYMBOLS USED IN COLUMN 16

AVERAGE MONTHLY: 58.9   TOTAL FOR MONTH:   0.95    1 = FOG OR MIST
DPTR FM NORMAL:   2.3   DPTR FM NORMAL:   -1.12    2 = FOG REDUCING VISIBILITY
HIGHEST:    93 ON  1    GRTST 24HR  0.74 ON 11-11      TO 1/4 MILE OR LESS
LOWEST:     32 ON 18                               3 = THUNDER
                        SNOW, ICE PELLETS, HAIL    4 = ICE PELLETS
                        TOTAL MONTH:    M          5 = HAIL
                        GRTST 24HR    M  ON   M    6 = FREEZING RAIN OR DRIZZLE
                        GRTST DEPTH:  M  ON   M    7 = DUSTSTORM OR SANDSTORM:
                                                       VSBY 1/2 MILE OR LESS
                                                   8 = SMOKE OR HAZE
[NO. OF DAYS WITH]      [WEATHER - DAYS WITH]      9 = BLOWING SNOW
                                                   X = TORNADO
MAX 32 OR BELOW:   0    0.01 INCH OR MORE:   4
MAX 90 OR ABOVE:   2    0.10 INCH OR MORE:   2
MIN 32 OR BELOW:   1    0.50 INCH OR MORE:   1
MIN  0 OR BELOW:   0    1.00 INCH OR MORE:   0

[HDD (BASE 65) ]
TOTAL THIS MO.   143    CLEAR  (SCALE 0-3)  14
DPTR FM NORMAL   -20    PTCLDY (SCALE 4-7)   3
TOTAL FM JUL 1   145    CLOUDY (SCALE 8-10)  1
DPTR FM NORMAL  -103

[CDD (BASE 65) ]
TOTAL THIS MO.    37
DPTR FM NORMAL    26    [PRESSURE DATA]
TOTAL FM JAN 1  1239    HIGHEST SLP M ON M
DPTR FM NORMAL   315    LOWEST  SLP 29.76 ON 15

[REMARKS]
