000
CXUS53 KIND 270600
CF6BMG
PRELIMINARY LOCAL CLIMATOLOGICAL DATA (WS FORM: F-6)

                                          STATION:   BLOOMINGTON IN
                                          MONTH:     MAY
                                          YEAR:      2020
                                          LATITUDE:   39  7 N
                                          LONGITUDE:  86 37 W

  TEMPERATURE IN F:       :PCPN:    SNOW:  WIND      :SUNSHINE: SKY     :PK WND
================================================================================
1   2   3   4   5  6A  6B    7    8   9   10  11  12  13   14  15   16   17  18
                                     12Z  AVG MX 2MIN
DY MAX MIN AVG DEP HDD CDD  WTR  SNW DPTH SPD SPD DIR MIN PSBL S-S WX    SPD DR
================================================================================

 1  71  38  55  -3  10   0    T    M    M  4.3  9 340   M    M   1 8      13 290
 2  84  55  70  12   0   5 0.01    M    M 10.2 22 230   M    M   2        30 230
 3  75  48  62   3   3   0 0.39    M    M  4.2 22 350   M    M   7 13     29 350
 4  72  43  58  -1   7   0    T    M    M  5.7 16  90   M    M   2 1      23  90
 5  60  43  52  -7  13   0 0.62    M    M  9.1 18 100   M    M  10 18     28  90
 6  62  41  52  -8  13   0    T    M    M  8.1 21 350   M    M   3        29 350
 7  68  42  55  -5  10   0 0.00    M    M  7.8 18 250   M    M   4        28 290
 8  57  34  46 -14  19   0 0.48    M    M  8.6 25 350   M    M   5 1      37 350
 9  57  29  43 -17  22   0 0.00    M    M  1.9 13 290   M    M   0        19 290
10  63  40  52  -9  13   0 0.01    M    M 12.1 28 290   M    M   6 3      46 290
11  53  36  45 -16  20   0 0.00    M    M  4.6 14 280   M    M   9        19 310
12  61  34  48 -13  17   0 0.00    M    M  2.3 14 230   M    M   1        18 290
13  56  43  50 -12  15   0    T    M    M  7.1 21 120   M    M   9 18     28 140
14  81  53  67   5   0   2 0.27    M    M 11.0 26 230   M    M   5 123    43 230
15  76  61  69   7   0   4 0.03    M    M  9.5 24 230   M    M   5 1      40 210
16  82  58  70   8   0   5 0.01    M    M  4.9 13 140   M    M   3 1      16 130
17  76  63  70   7   0   5 0.85    M    M  8.8 20 150   M    M   8 13     28 140
18  69  58  64   1   1   0 0.48    M    M  4.1 10 290   M    M  10 1      15 290
19  70  59  65   2   0   0 0.22    M    M  5.6 14  70   M    M  10 1      20  70
20  59  55  57  -7   8   0    T    M    M  9.7 16  90   M    M  10 18     24  80
21  65  55  60  -4   5   0 0.00    M    M  6.2 12 140   M    M   9        17 100
22  78  51  65   1   0   0 0.00    M    M  1.3  8 140   M    M   6 12     11 150
23  85  59  72   7   0   7 0.00    M    M  5.5 16  70   M    M   4 3      23  70
24  87  63  75  10   0  10 0.26    M    M  5.7 21 240   M    M   2 123    33 230
25  89  63  76  11   0  11 0.00    M    M  5.1 14 140   M    M   1 38     19 150
26  87  65  76  10   0  11 0.04    M    M  5.0 21 180   M    M   2 3      31 160
================================================================================
SM 1843 1289       176  60  3.67    M    168.4          M      134
================================================================================
AV 70.9 49.6                               6.5 FASTST   M    M   5    MAX(MPH)
                                 MISC ---->    28 290                 46 290
================================================================================
NOTES:
# LAST OF SEVERAL OCCURRENCES

COLUMN 17 PEAK WIND IN M.P.H.

PRELIMINARY LOCAL CLIMATOLOGICAL DATA (WS FORM: F-6) , PAGE 2

                                          STATION:   BLOOMINGTON IN
                                          MONTH:     MAY
                                          YEAR:      2020
                                          LATITUDE:   39  7 N
                                          LONGITUDE:  86 37 W

[TEMPERATURE DATA]      [PRECIPITATION DATA]       SYMBOLS USED IN COLUMN 16

AVERAGE MONTHLY: 60.2   TOTAL FOR MONTH:   3.67    1 = FOG OR MIST
DPTR FM NORMAL:  -1.5   DPTR FM NORMAL:   -0.73    2 = FOG REDUCING VISIBILITY
HIGHEST:    89 ON 25    GRTST 24HR  1.22 ON 17-18      TO 1/4 MILE OR LESS
LOWEST:     29 ON  9                               3 = THUNDER
                        SNOW, ICE PELLETS, HAIL    4 = ICE PELLETS
                        TOTAL MONTH:  M            5 = HAIL
                        GRTST 24HR    M  ON   M    6 = FREEZING RAIN OR DRIZZLE
                        GRTST DEPTH:  M  ON   M    7 = DUSTSTORM OR SANDSTORM:
                                                       VSBY 1/2 MILE OR LESS
                                                   8 = SMOKE OR HAZE
[NO. OF DAYS WITH]      [WEATHER - DAYS WITH]      9 = BLOWING SNOW
                                                   X = TORNADO
MAX 32 OR BELOW:   0    0.01 INCH OR MORE:  13
MAX 90 OR ABOVE:   0    0.10 INCH OR MORE:   8
MIN 32 OR BELOW:   1    0.50 INCH OR MORE:   2
MIN  0 OR BELOW:   0    1.00 INCH OR MORE:   0

[HDD (BASE 65) ]
TOTAL THIS MO.   176    CLEAR  (SCALE 0-3)   8
DPTR FM NORMAL    49    PTCLDY (SCALE 4-7)  10
TOTAL FM JUL 1  4736    CLOUDY (SCALE 8-10)  8
DPTR FM NORMAL  -505

[CDD (BASE 65) ]
TOTAL THIS MO.    60
DPTR FM NORMAL    13    [PRESSURE DATA]
TOTAL FM JAN 1    72    HIGHEST SLP M ON M
DPTR FM NORMAL     6    LOWEST  SLP 29.71 ON 18

[REMARKS]
