000
CXUS53 KIND 180730
CF6BMG
PRELIMINARY LOCAL CLIMATOLOGICAL DATA (WS FORM: F-6)

                                          STATION:   BLOOMINGTON IN
                                          MONTH:     OCTOBER
                                          YEAR:      2018
                                          LATITUDE:   39  7 N
                                          LONGITUDE:  86 37 W

  TEMPERATURE IN F:       :PCPN:    SNOW:  WIND      :SUNSHINE: SKY     :PK WND
================================================================================
1   2   3   4   5  6A  6B    7    8   9   10  11  12  13   14  15   16   17  18
                                     12Z  AVG MX 2MIN
DY MAX MIN AVG DEP HDD CDD  WTR  SNW DPTH SPD SPD DIR MIN PSBL S-S WX    SPD DR
================================================================================

 1  84  53  69  10   0   4    T    M    M  4.1 15 190   M    M   1 1      21 180
 2  87  65  76  17   0  11    T    M    M  4.4 14 230   M    M   4        25 240
 3  87  65  76  17   0  11 0.00    M    M  7.3 17 180   M    M   2 1      26 210
 4  78  64  71  13   0   6    T    M    M  7.0 14 230   M    M   8 1      23 220
 5  88  62  75  17   0  10 0.42    M    M  6.2 15 260   M    M   4 1238   30 240
 6  88  70  79  21   0  14 0.00    M    M  6.7 17 200   M    M   1        24 200
 7  87  64  76  19   0  11 0.00    M    M  3.7 12 180   M    M   0 1      17 200
 8  87  67  77  20   0  12 0.00    M    M  5.1 15 180   M    M   1        20 190
 9  85  68  77  20   0  12 0.00    M    M  6.9 17 170   M    M   2        27 190
10  73  59  66  10   0   1 0.20    M    M  8.6 16 150   M    M   7 1      24 290
11  59  43  51  -5  14   0 0.00    M    M  6.9 15 280   M    M   5        25 270
12  52  36  44 -12  21   0 0.07    M    M  3.2  9 250   M    M   4 1      15 240
13  54  35  45 -10  20   0 0.00    M    M  3.3  9 150   M    M   4        15 280
14  53  45  49  -6  16   0 0.11    M    M  5.4 10 100   M    M  10 1      17  90
15  53  36  45 -10  20   0 0.15    M    M  3.9 12 330   M    M   7 1      22 280
16  53  32  43 -12  22   0 0.00    M    M  3.8 12 210   M    M   0 1      17 220
17  60  35  48  -6  17   0 0.00    M    M  5.4 18 290   M    M   0        29 270
================================================================================
SM 1228  899       130  92  0.95    M     91.9          M       60
================================================================================
AV 72.2 52.9                               5.4 FASTST   M    M   4    MAX(MPH)
                                 MISC ---->  # 18 290               # 30  240
================================================================================
NOTES:
# LAST OF SEVERAL OCCURRENCES

COLUMN 17 PEAK WIND IN M.P.H.

PRELIMINARY LOCAL CLIMATOLOGICAL DATA (WS FORM: F-6) , PAGE 2

                                          STATION:  BLOOMINGTON IN
                                          MONTH:    OCTOBER
                                          YEAR:     2018
                                          LATITUDE:   39  7 N
                                          LONGITUDE:  86 37 W

[TEMPERATURE DATA]      [PRECIPITATION DATA]       SYMBOLS USED IN COLUMN 16

AVERAGE MONTHLY: 62.6   TOTAL FOR MONTH:   0.95    1 = FOG OR MIST
DPTR FM NORMAL:   5.9   DPTR FM NORMAL:   -1.00    2 = FOG REDUCING VISIBILITY
HIGHEST:    88 ON  6, 5 GRTST 24HR  0.42 ON  5- 5      TO 1/4 MILE OR LESS
LOWEST:     32 ON 16                               3 = THUNDER
                        SNOW, ICE PELLETS, HAIL    4 = ICE PELLETS
                        TOTAL MONTH:    M          5 = HAIL
                        GRTST 24HR    M  ON   M    6 = FREEZING RAIN OR DRIZZLE
                        GRTST DEPTH:  M  ON   M    7 = DUSTSTORM OR SANDSTORM:
                                                       VSBY 1/2 MILE OR LESS
                                                   8 = SMOKE OR HAZE
[NO. OF DAYS WITH]      [WEATHER - DAYS WITH]      9 = BLOWING SNOW
                                                   X = TORNADO
MAX 32 OR BELOW:   0    0.01 INCH OR MORE:   5
MAX 90 OR ABOVE:   0    0.10 INCH OR MORE:   4
MIN 32 OR BELOW:   1    0.50 INCH OR MORE:   0
MIN  0 OR BELOW:   0    1.00 INCH OR MORE:   0

[HDD (BASE 65) ]
TOTAL THIS MO.   130    CLEAR  (SCALE 0-3)   8
DPTR FM NORMAL   -22    PTCLDY (SCALE 4-7)   8
TOTAL FM JUL 1   165    CLOUDY (SCALE 8-10)  1
DPTR FM NORMAL   -72

[CDD (BASE 65) ]
TOTAL THIS MO.    92
DPTR FM NORMAL    81    [PRESSURE DATA]
TOTAL FM JAN 1  1507    HIGHEST SLP M ON M
DPTR FM NORMAL   583    LOWEST  SLP 29.68 ON 10

[REMARKS]
