000
CXUS54 KEWX 240910
CF6BMQ
PRELIMINARY LOCAL CLIMATOLOGICAL DATA (WS FORM: F-6)

                                          STATION:   BURNET
                                          MONTH:     FEBRUARY
                                          YEAR:      2018
                                          LATITUDE:   30 43 N
                                          LONGITUDE:  98 14 W

  TEMPERATURE IN F:       :PCPN:    SNOW:  WIND      :SUNSHINE: SKY     :PK WND
================================================================================
1   2   3   4   5  6A  6B    7    8   9   10  11  12  13   14  15   16   17  18
                                     12Z  AVG MX 2MIN
DY MAX MIN AVG DEP HDD CDD  WTR  SNW DPTH SPD SPD DIR MIN PSBL S-S WX    SPD DR
================================================================================

 1  69  46  58   8   7   0 0.00    M    M  8.1 17  20   M    M   0        25  10
 2  59  38  49  -1  16   0 0.00    M    M  9.1 18  20   M    M   3        26  20
 3  65  43  54   4  11   0 0.00    M    M  9.5 20 200   M    M   4 1      28 180
 4  73  41  57   7   8   0 0.00    M    M  6.4 21  20   M    M   1 12     29  40
 5  56  35  46  -4  19   0 0.00    M    M  5.2 17  30   M    M   6        23  20
 6  53  34  44  -6  21   0 0.05    M    M  7.8 17  80   M    M  10 1      25 100
 7  49  33  41  -9  24   0 0.00    M    M  8.7 17 350   M    M   7 1      23 330
 8  60  29  45  -5  20   0 0.00    M    M  4.6  9 100   M    M   1 1      13 100
 9  68  46  57   6   8   0 0.00    M    M  7.6 17 180   M    M   9        24 170
10  60  36  48  -3  17   0    T    M    M  6.1 16  20   M    M  10 128    22  10
11  45  27  36 -15  29   0 0.00    M    M 10.4 20 330   M    M   8 1      25 350
12  51  28  40 -11  25   0 0.00    M    M  7.4 15  20   M    M   1        21  10
13  48  37  43  -8  22   0    T    M    M  3.0  8  80   M    M  10 18     10  80
14  76  46  61   9   4   0 0.01    M    M  5.0 16 180   M    M   7 12     24 180
15  75  61  68  16   0   3 0.00    M    M 12.6 21 200   M    M   8 1      28 200
16  70  53  62  10   3   0 0.00    M    M  8.7 17  30   M    M   6 12     23 360
17  71  49  60   8   5   0    T    M    M  4.4 12 330   M    M   6        15 310
18  69  49  59   7   6   0    T    M    M  5.8 16 170   M    M   7 1      26 180
19  76  65  71  18   0   6 0.02    M    M 12.2 26 180   M    M   9 3      37 180
20  72  50  61   8   4   0 0.18    M    M 10.0 18 170   M    M   9 13     28 180
21  50  35  43 -10  22   0 1.93    M    M 10.9 21  30   M    M   8 13     28  40
22  41  33  37 -16  28   0 0.04    M    M  5.2 10  10   M    M  10 13     15 360
23  64  40  52  -2  13   0 0.04    M    M  5.0 22 260   M    M  10 12     31 260
================================================================================
SM 1420  954       312   9  2.27    M    173.7          M      150
================================================================================
AV 61.7 41.5                               7.6 FASTST   M    M   7    MAX(MPH)
                                 MISC ---->  # 26 180               # 37  180
================================================================================
NOTES:
# LAST OF SEVERAL OCCURRENCES

COLUMN 17 PEAK WIND IN M.P.H.

PRELIMINARY LOCAL CLIMATOLOGICAL DATA (WS FORM: F-6) , PAGE 2

                                          STATION:  BURNET
                                          MONTH:    FEBRUARY
                                          YEAR:     2018
                                          LATITUDE:   30 43 N
                                          LONGITUDE:  98 14 W

[TEMPERATURE DATA]      [PRECIPITATION DATA]       SYMBOLS USED IN COLUMN 16

AVERAGE MONTHLY: 51.6   TOTAL FOR MONTH:   2.27    1 = FOG OR MIST
DPTR FM NORMAL:   0.3   DPTR FM NORMAL:    0.72    2 = FOG REDUCING VISIBILITY
HIGHEST:    76 ON 19,14 GRTST 24HR  1.93 ON 21-21      TO 1/4 MILE OR LESS
LOWEST:     27 ON 11                               3 = THUNDER
                        SNOW, ICE PELLETS, HAIL    4 = ICE PELLETS
                        TOTAL MONTH:    M          5 = HAIL
                        GRTST 24HR    M  ON   M    6 = FREEZING RAIN OR DRIZZLE
                        GRTST DEPTH:  M  ON   M    7 = DUSTSTORM OR SANDSTORM:
                                                       VSBY 1/2 MILE OR LESS
                                                   8 = SMOKE OR HAZE
[NO. OF DAYS WITH]      [WEATHER - DAYS WITH]      9 = BLOWING SNOW
                                                   X = TORNADO
MAX 32 OR BELOW:   0    0.01 INCH OR MORE:   7
MAX 90 OR ABOVE:   0    0.10 INCH OR MORE:   2
MIN 32 OR BELOW:   3    0.50 INCH OR MORE:   1
MIN  0 OR BELOW:   0    1.00 INCH OR MORE:   1

[HDD (BASE 65) ]
TOTAL THIS MO.   312    CLEAR  (SCALE 0-3)   4
DPTR FM NORMAL    -9    PTCLDY (SCALE 4-7)  10
TOTAL FM JUL 1  1514    CLOUDY (SCALE 8-10)  9
DPTR FM NORMAL  -154

[CDD (BASE 65) ]
TOTAL THIS MO.     9
DPTR FM NORMAL     9    [PRESSURE DATA]
TOTAL FM JAN 1     9    HIGHEST SLP M ON M
DPTR FM NORMAL     7    LOWEST  SLP 29.75 ON 19

[REMARKS]
