000
CXUS54 KEWX 241010
CF6BMQ
PRELIMINARY LOCAL CLIMATOLOGICAL DATA (WS FORM: F-6)

                                          STATION:   BURNET
                                          MONTH:     MAY
                                          YEAR:      2020
                                          LATITUDE:   30 43 N
                                          LONGITUDE:  98 14 W

  TEMPERATURE IN F:       :PCPN:    SNOW:  WIND      :SUNSHINE: SKY     :PK WND
================================================================================
1   2   3   4   5  6A  6B    7    8   9   10  11  12  13   14  15   16   17  18
                                     12Z  AVG MX 2MIN
DY MAX MIN AVG DEP HDD CDD  WTR  SNW DPTH SPD SPD DIR MIN PSBL S-S WX    SPD DR
================================================================================

 1  86  57  72   2   0   7 0.00    M    M  8.6 18 180   M    M   0        31 180
 2  89  63  76   6   0  11 0.00    M    M 10.2 18 180   M    M   0        27 180
 3  90  65  78   7   0  13 0.00    M    M 10.2 17 190   M    M   0        26 180
 4  94  68  81  10   0  16 0.00    M    M 10.4 18 180   M    M   2        29 180
 5  78  65  72   1   0   7 0.01    M    M  9.8 25  30   M    M   7 1      38  40
 6  82  57  70  -2   0   5 0.00    M    M  7.6 15  70   M    M   2        23  70
 7  82  57  70  -2   0   5 0.00    M    M 10.9 25 180   M    M   3        41 200
 8  77  58  68  -4   0   3 0.00    M    M 13.1 28  20   M    M   4        42 180
 9  75  55  65  -7   0   0 0.00    M    M  7.0 15  70   M    M   1        23 100
10  77  52  65  -8   0   0 0.00    M    M  5.3 14  80   M    M   0        22 110
11  80  56  68  -5   0   3 0.00    M    M  8.1 16 160   M    M   2        30 180
12  72  64  68  -5   0   3 0.29    M    M  6.7 16 200   M    M   9 1      27 180
13  85  64  75   2   0  10 0.00    M    M  9.6 15 140   M    M   7 1      28 170
14  88  70  79   5   0  14 0.00    M    M  8.6 22 140   M    M   1        37 150
15  88  62  75   1   0  10 1.19    M    M 10.8 35 280   M    M   7 13     55 280
16  79  60  70  -4   0   5 0.34    M    M 10.0 23 320   M    M   7 13     31 310
17  89  62  76   2   0  11 0.00    M    M  4.3 13 330   M    M   0        20 290
18  92  63  78   3   0  13 0.00    M    M  5.0 15 230   M    M   0        22 190
19  97  67  82   7   0  17 0.00    M    M  6.4 15 200   M    M   0        22 210
20  94  72  83   8   0  18 0.00    M    M  7.7 14 180   M    M   0 3      23 140
21  90  67  79   3   0  14    T    M    M  7.9 28 300   M    M   3 38     46 280
22  92  66  79   3   0  14 0.01    M    M  9.2 18 200   M    M   3 3      29 350
23  90  72  81   5   0  16    T    M    M  9.2 20 180   M    M   6        32 140
================================================================================
SM 1966 1442         0 215  1.84    M    196.6          M       64
================================================================================
AV 85.5 62.7                               8.5 FASTST   M    M   3    MAX(MPH)
                                 MISC ---->  # 35 280               # 55  280
================================================================================
NOTES:
# LAST OF SEVERAL OCCURRENCES

COLUMN 17 PEAK WIND IN M.P.H.

PRELIMINARY LOCAL CLIMATOLOGICAL DATA (WS FORM: F-6) , PAGE 2

                                          STATION:  BURNET
                                          MONTH:    MAY
                                          YEAR:     2020
                                          LATITUDE:   30 43 N
                                          LONGITUDE:  98 14 W

[TEMPERATURE DATA]      [PRECIPITATION DATA]       SYMBOLS USED IN COLUMN 16

AVERAGE MONTHLY: 74.1   TOTAL FOR MONTH:   1.84    1 = FOG OR MIST
DPTR FM NORMAL:   1.0   DPTR FM NORMAL:   -1.10    2 = FOG REDUCING VISIBILITY
HIGHEST:    97 ON 19    GRTST 24HR  1.19 ON 15-15      TO 1/4 MILE OR LESS
LOWEST:     52 ON 10                               3 = THUNDER
                        SNOW, ICE PELLETS, HAIL    4 = ICE PELLETS
                        TOTAL MONTH:    M          5 = HAIL
                        GRTST 24HR    M  ON   M    6 = FREEZING RAIN OR DRIZZLE
                        GRTST DEPTH:  M  ON   M    7 = DUSTSTORM OR SANDSTORM:
                                                       VSBY 1/2 MILE OR LESS
                                                   8 = SMOKE OR HAZE
[NO. OF DAYS WITH]      [WEATHER - DAYS WITH]      9 = BLOWING SNOW
                                                   X = TORNADO
MAX 32 OR BELOW:   0    0.01 INCH OR MORE:   5
MAX 90 OR ABOVE:   8    0.10 INCH OR MORE:   3
MIN 32 OR BELOW:   0    0.50 INCH OR MORE:   1
MIN  0 OR BELOW:   0    1.00 INCH OR MORE:   1

[HDD (BASE 65) ]
TOTAL THIS MO.     0    CLEAR  (SCALE 0-3)  13
DPTR FM NORMAL    -2    PTCLDY (SCALE 4-7)   9
TOTAL FM JUL 1  1661    CLOUDY (SCALE 8-10)  1
DPTR FM NORMAL  -357

[CDD (BASE 65) ]
TOTAL THIS MO.   215
DPTR FM NORMAL    24    [PRESSURE DATA]
TOTAL FM JAN 1   432    HIGHEST SLP M ON M
DPTR FM NORMAL    92    LOWEST  SLP 29.61 ON 15

[REMARKS]
