000
CXUS54 KEWX 160910
CF6BMQ
PRELIMINARY LOCAL CLIMATOLOGICAL DATA (WS FORM: F-6)

                                          STATION:   BURNET
                                          MONTH:     DECEMBER
                                          YEAR:      2018
                                          LATITUDE:   30 43 N
                                          LONGITUDE:  98 14 W

  TEMPERATURE IN F:       :PCPN:    SNOW:  WIND      :SUNSHINE: SKY     :PK WND
================================================================================
1   2   3   4   5  6A  6B    7    8   9   10  11  12  13   14  15   16   17  18
                                     12Z  AVG MX 2MIN
DY MAX MIN AVG DEP HDD CDD  WTR  SNW DPTH SPD SPD DIR MIN PSBL S-S WX    SPD DR
================================================================================

 1  74  48  61  10   4   0 0.00    M    M  9.8 28 290   M    M   1        37 280
 2  68  43  56   5   9   0 0.00    M    M  5.6 13  30   M    M   1        16  40
 3  61  44  53   2  12   0 0.00    M    M  9.1 15  40   M    M   3        21  20
 4  56  36  46  -5  19   0 0.00    M    M  7.6 14  50   M    M   0        21  50
 5  54  35  45  -5  20   0 0.00    M    M  4.8  9 170   M    M   4        14  40
 6  53  47  50   0  15   0 0.23    M    M  5.4 13  20   M    M  10 1      16  10
 7  52  43  48  -2  17   0 1.85    M    M 10.2 20  20   M    M  10 13     26  20
 8  43  37  40 -10  25   0 0.06    M    M 12.5 20 320   M    M  10 1      27 330
 9  49  33  41  -9  24   0 0.00    M    M  9.5 16 340   M    M   4        21 330
10  57  31  44  -5  21   0 0.00    M    M  2.5  9 280   M    M   0        12 280
11  60  32  46  -3  19   0 0.00    M    M  5.3 16 180   M    M   0        22 180
12  65  48  57   8   8   0 0.00    M    M  8.0 16 190   M    M   2        22 180
13  64  41  53   4  12   0 0.03    M    M 13.5 29 280   M    M   6 12     41 270
14  52  38  45  -4  20   0 0.01    M    M 17.2 30 320   M    M  10        44 320
15  65  36  51   2  14   0 0.00    M    M  6.4 15 320   M    M   0        22 310
================================================================================
SM  873  592       239   0  2.18    M    127.4          M       61
================================================================================
AV 58.2 39.5                               8.5 FASTST   M    M   4    MAX(MPH)
                                 MISC ---->  # 30 320               # 44  320
================================================================================
NOTES:
# LAST OF SEVERAL OCCURRENCES

COLUMN 17 PEAK WIND IN M.P.H.

PRELIMINARY LOCAL CLIMATOLOGICAL DATA (WS FORM: F-6) , PAGE 2

                                          STATION:  BURNET
                                          MONTH:    DECEMBER
                                          YEAR:     2018
                                          LATITUDE:   30 43 N
                                          LONGITUDE:  98 14 W

[TEMPERATURE DATA]      [PRECIPITATION DATA]       SYMBOLS USED IN COLUMN 16

AVERAGE MONTHLY: 48.8   TOTAL FOR MONTH:   2.18    1 = FOG OR MIST
DPTR FM NORMAL:  -1.0   DPTR FM NORMAL:    1.09    2 = FOG REDUCING VISIBILITY
HIGHEST:    74 ON  1    GRTST 24HR  1.85 ON  7- 7      TO 1/4 MILE OR LESS
LOWEST:     31 ON 10                               3 = THUNDER
                        SNOW, ICE PELLETS, HAIL    4 = ICE PELLETS
                        TOTAL MONTH:    M          5 = HAIL
                        GRTST 24HR    M  ON   M    6 = FREEZING RAIN OR DRIZZLE
                        GRTST DEPTH:  M  ON   M    7 = DUSTSTORM OR SANDSTORM:
                                                       VSBY 1/2 MILE OR LESS
                                                   8 = SMOKE OR HAZE
[NO. OF DAYS WITH]      [WEATHER - DAYS WITH]      9 = BLOWING SNOW
                                                   X = TORNADO
MAX 32 OR BELOW:   0    0.01 INCH OR MORE:   5
MAX 90 OR ABOVE:   0    0.10 INCH OR MORE:   2
MIN 32 OR BELOW:   2    0.50 INCH OR MORE:   1
MIN  0 OR BELOW:   0    1.00 INCH OR MORE:   1

[HDD (BASE 65) ]
TOTAL THIS MO.   239    CLEAR  (SCALE 0-3)   8
DPTR FM NORMAL    10    PTCLDY (SCALE 4-7)   3
TOTAL FM JUL 1   666    CLOUDY (SCALE 8-10)  4
DPTR FM NORMAL   113

[CDD (BASE 65) ]
TOTAL THIS MO.     0
DPTR FM NORMAL     0    [PRESSURE DATA]
TOTAL FM JAN 1  3115    HIGHEST SLP M ON M
DPTR FM NORMAL   530    LOWEST  SLP 29.61 ON  1

[REMARKS]
