000
CXUS56 KBOI 211002
CF6BNO
PRELIMINARY LOCAL CLIMATOLOGICAL DATA (WS FORM: F-6)

                                          STATION:   BURNS OR
                                          MONTH:     SEPTEMBER
                                          YEAR:      2018
                                          LATITUDE:   43 34 N
                                          LONGITUDE: 118 57 W

  TEMPERATURE IN F:       :PCPN:    SNOW:  WIND      :SUNSHINE: SKY     :PK WND
================================================================================
1   2   3   4   5  6A  6B    7    8   9   10  11  12  13   14  15   16   17  18
                                     12Z  AVG MX 2MIN
DY MAX MIN AVG DEP HDD CDD  WTR  SNW DPTH SPD SPD DIR MIN PSBL S-S WX    SPD DR
================================================================================

 1  82  33  58  -3   7   0 0.00    M    M  6.8 18 280   M    M   0        24 280
 2  84  34  59  -1   6   0 0.00    M    M  6.2 14 190   M    M   0        19 180
 3  86  35  61   1   4   0 0.00    M    M  7.7 17 230   M    M   0        24 210
 4  87  38  63   3   2   0 0.00    M    M  5.1 16 250   M    M   0        20 250
 5  90  44  67   7   0   2 0.00    M    M  6.1 29 130   M    M   0        37 130
 6  90  39  65   6   0   0 0.00    M    M  6.0 15 260   M    M   0        19 240
 7  84  38  61   2   4   0 0.00    M    M  4.3 13 290   M    M   0        16 280
 8  80  39  60   1   5   0 0.00    M    M  7.0 18 190   M    M   0        24 200
 9  81  34  58   0   7   0 0.00    M    M  5.5 16 240   M    M   0        21 230
10  76  34  55  -3  10   0 0.00    M    M  7.5 20 260   M    M   0        32 230
11  66  35  51  -7  14   0 0.00    M    M  7.3 16 230   M    M   0        20 230
12  66  34  50  -7  15   0 0.00    M    M  5.9 16 190   M    M   3        21 240
13  67  30  49  -8  16   0 0.00    M    M  7.7 18 210   M    M   1        24 210
14  71  27  49  -8  16   0 0.00    M    M  5.9 16 230   M    M   0        22 190
15  73  30  52  -4  13   0 0.00    M    M  7.7 18 240   M    M   2        27 180
16  69  25  47  -9  18   0 0.00    M    M  6.6 21 220   M    M   0        26 230
17  74  23  49  -7  16   0 0.00    M    M  4.5 12 260   M    M   0        14 230
18  75  29  52  -3  13   0 0.00    M    M  7.2 16 230   M    M   0        21 220
19  71  32  52  -3  13   0 0.00    M    M  8.6 20 280   M    M   1        27 290
20  71  24  48  -6  17   0 0.00    M    M  5.8 15 220   M    M   0        22 200
================================================================================
SM 1543  657       196   2  0.00    M    129.4          M        7
================================================================================
AV 77.2 32.9                               6.5 FASTST   M    M   0    MAX(MPH)
                                 MISC ---->  # 29 130               # 37  130
================================================================================
NOTES:
# LAST OF SEVERAL OCCURRENCES

COLUMN 17 PEAK WIND IN M.P.H.

PRELIMINARY LOCAL CLIMATOLOGICAL DATA (WS FORM: F-6) , PAGE 2

                                          STATION:  BURNS OR
                                          MONTH:    SEPTEMBER
                                          YEAR:     2018
                                          LATITUDE:   43 34 N
                                          LONGITUDE: 118 57 W

[TEMPERATURE DATA]      [PRECIPITATION DATA]       SYMBOLS USED IN COLUMN 16

AVERAGE MONTHLY: 55.0   TOTAL FOR MONTH:   0.00    1 = FOG OR MIST
DPTR FM NORMAL:  -2.8   DPTR FM NORMAL:   -0.28    2 = FOG REDUCING VISIBILITY
HIGHEST:    90 ON  6, 5 GRTST 24HR  0.00 ON 20-20      TO 1/4 MILE OR LESS
LOWEST:     23 ON 17                               3 = THUNDER
                        SNOW, ICE PELLETS, HAIL    4 = ICE PELLETS
                        TOTAL MONTH:    M          5 = HAIL
                        GRTST 24HR    M  ON   M    6 = FREEZING RAIN OR DRIZZLE
                        GRTST DEPTH:  M  ON   M    7 = DUSTSTORM OR SANDSTORM:
                                                       VSBY 1/2 MILE OR LESS
                                                   8 = SMOKE OR HAZE
[NO. OF DAYS WITH]      [WEATHER - DAYS WITH]      9 = BLOWING SNOW
                                                   X = TORNADO
MAX 32 OR BELOW:   0    0.01 INCH OR MORE:   0
MAX 90 OR ABOVE:   2    0.10 INCH OR MORE:   0
MIN 32 OR BELOW:   8    0.50 INCH OR MORE:   0
MIN  0 OR BELOW:   0    1.00 INCH OR MORE:   0

[HDD (BASE 65) ]
TOTAL THIS MO.   196    CLEAR  (SCALE 0-3)  20
DPTR FM NORMAL    42    PTCLDY (SCALE 4-7)   0
TOTAL FM JUL 1   290    CLOUDY (SCALE 8-10)  0
DPTR FM NORMAL    -1

[CDD (BASE 65) ]
TOTAL THIS MO.     2
DPTR FM NORMAL    -5    [PRESSURE DATA]
TOTAL FM JAN 1   235    HIGHEST SLP M ON M
DPTR FM NORMAL    22    LOWEST  SLP 29.72 ON 11

[REMARKS]
