000
CXUS55 KBOI 191002
CF6BOI
PRELIMINARY LOCAL CLIMATOLOGICAL DATA (WS FORM: F-6)

                                          STATION:   BOISE ID
                                          MONTH:     OCTOBER
                                          YEAR:      2018
                                          LATITUDE:   43 34 N
                                          LONGITUDE: 116 13 W

  TEMPERATURE IN F:       :PCPN:    SNOW:  WIND      :SUNSHINE: SKY     :PK WND
================================================================================
1   2   3   4   5  6A  6B    7    8   9   10  11  12  13   14  15   16   17  18
                                     12Z  AVG MX 2MIN
DY MAX MIN AVG DEP HDD CDD  WTR  SNW DPTH SPD SPD DIR MIN PSBL S-S WX    SPD DR
================================================================================

 1  71  51  61   2   4   0 0.00  0.0    0  8.1 16 140   M    M   2 8      20 130
 2  75  57  66   8   0   1    T  0.0    0  4.8 12 350   M    M   5 8      15 360
 3  73  53  63   5   2   0 0.01  0.0    0  5.8 15 320   M    M   4        19 320
 4  60  43  52  -6  13   0 0.33  0.0    0  6.7 23 330   M    M   8 1      31 340
 5  62  39  51  -6  14   0 0.01  0.0    0  4.4 10 140   M    M   5 18     13 140
 6  58  46  52  -5  13   0 0.08  0.0    0  8.4 22 310   M    M   9 1      25 310
 7  62  39  51  -5  14   0 0.00  0.0    0 12.1 23 310   M    M   1 18     30 310
 8  61  36  49  -7  16   0    T  0.0    0  5.0 14 310   M    M   4 8      21 310
 9  54  43  49  -7  16   0 0.95  0.0    0  9.2 17 300   M    M   9 138    23 300
10  54  38  46  -9  19   0 0.00  0.0    0  3.4 10 280   M    M   7 18     19 280
11  58  36  47  -8  18   0 0.00  0.0    0  5.0 16 300   M    M   0 8      21 280
12  63  38  51  -3  14   0 0.00  0.0    0  5.0 12 130   M    M   0        15 330
13  60  36  48  -6  17   0 0.00  0.0    0 12.7 30 310   M    M   0        40 320
14  54  28  41 -13  24   0 0.00  0.0    0  5.4 17 120   M    M   0 8      23 140
15  57  32  45  -8  20   0 0.00  0.0    0  6.0 14 300   M    M   0        24 250
16  63  38  51  -2  14   0 0.00  0.0    0  5.4 13 140   M    M   0        16 130
17  65  37  51  -1  14   0 0.00  0.0    0  3.7 10 130   M    M   0        14 150
18  67  42  55   3  10   0 0.00  0.0    0  5.7 14 120   M    M   0 8      18 130
================================================================================
SM 1117  732       242   1  1.38     0.0 116.8          M       54
================================================================================
AV 62.1 40.7                               6.5 FASTST   M    M   3    MAX(MPH)
                                 MISC ---->  # 30 310               # 40  320
================================================================================
NOTES:
# LAST OF SEVERAL OCCURRENCES

COLUMN 17 PEAK WIND IN M.P.H.

PRELIMINARY LOCAL CLIMATOLOGICAL DATA (WS FORM: F-6) , PAGE 2

                                          STATION:  BOISE ID
                                          MONTH:    OCTOBER
                                          YEAR:     2018
                                          LATITUDE:   43 34 N
                                          LONGITUDE: 116 13 W

[TEMPERATURE DATA]      [PRECIPITATION DATA]       SYMBOLS USED IN COLUMN 16

AVERAGE MONTHLY: 51.4   TOTAL FOR MONTH:   1.38    1 = FOG OR MIST
DPTR FM NORMAL:  -4.0   DPTR FM NORMAL:    0.99    2 = FOG REDUCING VISIBILITY
HIGHEST:    75 ON  2    GRTST 24HR  0.95 ON  9- 9      TO 1/4 MILE OR LESS
LOWEST:     28 ON 14                               3 = THUNDER
                        SNOW, ICE PELLETS, HAIL    4 = ICE PELLETS
                        TOTAL MONTH:   0.0 INCH    5 = HAIL
                        GRTST 24HR     0.0         6 = FREEZING RAIN OR DRIZZLE
                        GRTST DEPTH:   0           7 = DUSTSTORM OR SANDSTORM:
                                                       VSBY 1/2 MILE OR LESS
                                                   8 = SMOKE OR HAZE
[NO. OF DAYS WITH]      [WEATHER - DAYS WITH]      9 = BLOWING SNOW
                                                   X = TORNADO
MAX 32 OR BELOW:   0    0.01 INCH OR MORE:   5
MAX 90 OR ABOVE:   0    0.10 INCH OR MORE:   2
MIN 32 OR BELOW:   2    0.50 INCH OR MORE:   1
MIN  0 OR BELOW:   0    1.00 INCH OR MORE:   0

[HDD (BASE 65) ]
TOTAL THIS MO.   242    CLEAR  (SCALE 0-3)  10
DPTR FM NORMAL    63    PTCLDY (SCALE 4-7)   5
TOTAL FM JUL 1   309    CLOUDY (SCALE 8-10)  3
DPTR FM NORMAL     9

[CDD (BASE 65) ]
TOTAL THIS MO.     1
DPTR FM NORMAL    -6    [PRESSURE DATA]
TOTAL FM JAN 1  1121    HIGHEST SLP M ON M
DPTR FM NORMAL   180    LOWEST  SLP 29.67 ON  9

[REMARKS]
