000
CXUS51 KBOX 201200
CF6BOS
PRELIMINARY LOCAL CLIMATOLOGICAL DATA (WS FORM: F-6)

                                          STATION:   BOSTON MA
                                          MONTH:     NOVEMBER
                                          YEAR:      2018
                                          LATITUDE:   42 22 N
                                          LONGITUDE:  71  2 W

  TEMPERATURE IN F:       :PCPN:    SNOW:  WIND      :SUNSHINE: SKY     :PK WND
================================================================================
1   2   3   4   5  6A  6B    7    8   9   10  11  12  13   14  15   16   17  18
                                     12Z  AVG MX 2MIN
DY MAX MIN AVG DEP HDD CDD  WTR  SNW DPTH SPD SPD DIR MIN PSBL S-S WX    SPD DR
================================================================================

 1  64  53  59  10   6   0 0.01  0.0    M  6.7 14 220   M    M   9 18     18 220
 2  70  53  62  13   3   0 0.36  0.0    M 12.7 24 210   M    M  10 128    31 220
 3  68  47  58  10   7   0 1.39  0.0    M 18.0 39 270   M    M   6 18     51 280
 4  56  42  49   1  16   0 0.00  0.0    M  9.8 22 260   M    M   5        27 270
 5  52  46  49   1  16   0 0.36  0.0    M 13.6 22  80   M    M   9 1      25  80
 6  60  48  54   6  11   0 0.78  0.0    M  8.9 21  60   M    M  10 1      25  60
 7  64  53  59  12   6   0 0.00  0.0    M 12.7 23 270   M    M   3        30 230
 8  57  44  51   4  14   0 0.00  0.0    M 10.7 21 280   M    M   4        26 290
 9  50  38  44  -3  21   0 1.10  0.0    M 14.8 31  80   M    M   6 1      40  80
10  50  37  44  -3  21   0 0.45  0.0    M 17.0 30 270   M    M   6 1      38 270
11  46  35  41  -5  24   0 0.00  0.0    M 13.1 21 270   M    M   1        30 260
12  50  33  42  -4  23   0 0.00  0.0    M  7.0 16 230   M    M   4        19 240
13  54  42  48   2  17   0 1.10  0.0    M 13.9 26 300   M    M  10 1      36 300
14  42  25  34 -11  31   0 0.00  0.0    M 17.1 32 270   M    M   5        41 300
15  38  23  31 -14  34   0 0.46  0.1    M  9.8 28  80   M    M  10 1      33  90
16  46  35  41  -4  24   0 0.57    T    M 20.7 39  80   M    M   8 1      45  80
17  50  37  44   0  21   0 0.00  0.0    M 12.8 22 270   M    M   6        30 280
18  41  38  40  -4  25   0 0.00  0.0    M  6.8 14 280   M    M   8        20 280
19  41  36  39  -5  26   0 0.17  0.0    M  5.5  9 300   M    M  10 18     12 270
================================================================================
SM  999  765       346   0  6.75     0.1 231.6          M      130
================================================================================
AV 52.6 40.3                              12.2 FASTST   M    M   7    MAX(MPH)
                                 MISC ---->  # 39 270               # 51  280
================================================================================
NOTES:
# LAST OF SEVERAL OCCURRENCES

COLUMN 17 PEAK WIND IN M.P.H.

PRELIMINARY LOCAL CLIMATOLOGICAL DATA (WS FORM: F-6) , PAGE 2

                                          STATION:  BOSTON MA
                                          MONTH:    NOVEMBER
                                          YEAR:     2018
                                          LATITUDE:   42 22 N
                                          LONGITUDE:  71  2 W

[TEMPERATURE DATA]      [PRECIPITATION DATA]       SYMBOLS USED IN COLUMN 16

AVERAGE MONTHLY: 46.4   TOTAL FOR MONTH:   6.75    1 = FOG OR MIST
DPTR FM NORMAL:  -0.0   DPTR FM NORMAL:    4.25    2 = FOG REDUCING VISIBILITY
HIGHEST:    70 ON  2    GRTST 24HR  1.39 ON  3- 3      TO 1/4 MILE OR LESS
LOWEST:     23 ON 15                               3 = THUNDER
                        SNOW, ICE PELLETS, HAIL    4 = ICE PELLETS
                        TOTAL MONTH:   0.1 INCH    5 = HAIL
                        GRTST 24HR   0.1 ON 15-15  6 = FREEZING RAIN OR DRIZZLE
                        GRTST DEPTH:  M  ON   M    7 = DUSTSTORM OR SANDSTORM:
                                                       VSBY 1/2 MILE OR LESS
                                                   8 = SMOKE OR HAZE
[NO. OF DAYS WITH]      [WEATHER - DAYS WITH]      9 = BLOWING SNOW
                                                   X = TORNADO
MAX 32 OR BELOW:   0    0.01 INCH OR MORE:  11
MAX 90 OR ABOVE:   0    0.10 INCH OR MORE:  10
MIN 32 OR BELOW:   2    0.50 INCH OR MORE:   5
MIN  0 OR BELOW:   0    1.00 INCH OR MORE:   3

[HDD (BASE 65) ]
TOTAL THIS MO.   346    CLEAR  (SCALE 0-3)   2
DPTR FM NORMAL    -7    PTCLDY (SCALE 4-7)   9
TOTAL FM JUL 1   719    CLOUDY (SCALE 8-10)  8
DPTR FM NORMAL   -81

[CDD (BASE 65) ]
TOTAL THIS MO.     0
DPTR FM NORMAL     0    [PRESSURE DATA]
TOTAL FM JAN 1  1132    HIGHEST SLP M ON M
DPTR FM NORMAL   385    LOWEST  SLP 29.40 ON 16

[REMARKS]
