000
CXUS54 KMAF 241110
CF6BPG
PRELIMINARY LOCAL CLIMATOLOGICAL DATA (WS FORM: F-6)

                                          STATION:   BIG SPRING MCMAHON-WRINKLE FI
                                          MONTH:     MAY
                                          YEAR:      2020
                                          LATITUDE:   32 12 N
                                          LONGITUDE: 101 31 W

  TEMPERATURE IN F:       :PCPN:    SNOW:  WIND      :SUNSHINE: SKY     :PK WND
================================================================================
1   2   3   4   5  6A  6B    7    8   9   10  11  12  13   14  15   16   17  18
                                     12Z  AVG MX 2MIN
DY MAX MIN AVG DEP HDD CDD  WTR  SNW DPTH SPD SPD DIR MIN PSBL S-S WX    SPD DR
================================================================================

 1 100  67  84   M   0  19    M    M    M 16.8 28 200   M    M   0        35 200
 2 103  67  85   M   0  20    M    M    M 13.1 21 210   M    M   0        30 220
 3 100  67  84   M   0  19    M    M    M  9.4 14 220   M    M   0        18 300
 4 103  71  87   M   0  22    M    M    M 11.4 18 210   M    M   0 8      36  30
 5  80  64  72   M   0   7    M    M    M 20.6 36  60   M    M   2        43  50
 6  86  54  70   M   0   5    M    M    M 11.1 16 120   M    M   0 8      25 120
 7  95  64  80   M   0  15    M    M    M 20.9 30 190   M    M   0        37 170
 8  78  52  65   M   0   0    M    M    M 20.2 36  10   M    M   0 8      43  20
 9  80  46  63   M   2   0    M    M    M  9.0 20 140   M    M   0        18 130
10  80  54  67   M   0   2    M    M    M 13.9 21 120   M    M   0        28 140
11  82  59  71   M   0   6    M    M    M 18.1 25 180   M    M   3        31 150
12  91  55  73   M   0   8    M    M    M  9.9 24 130   M    M   0        30 130
13  92  65  79   M   0  14    M    M    M 19.3 29 160   M    M   2        36 180
14  97  63  80   M   0  15    M    M    M 12.7 18 230   M    M   1        25 210
15  90  60  75   M   0  10 1.01    M    M 14.7 26 100   M    M   4 13     37 100
16  76  58  67   M   0   2    M    M    M  9.6 26  90   M    M   4        36  90
17  89  57  73   M   0   8    M    M    M  5.4 13 120   M    M   0         M   M
18 100  67  84   M   0  19    M    M    M 11.7 16 180   M    M   0        24 180
19 105  68  87   M   0  22    M    M    M 11.1 17 230   M    M   0        25 230
20 100  67  84   M   0  19    M    M    M 15.3 28 110   M    M   0        37 130
21  98  62  80   M   0  15    M    M    M 10.6 15 170   M    M   0        28 190
22  98  70  84   M   0  19    M    M    M 12.6 18 190   M    M   1        26 190
23  93  67  80   M   0  15    M    M    M 17.4 29 180   M    M   4 8      39 180
================================================================================
SM 2116 1424         2 281  1.01    M    314.8          M       21
================================================================================
AV 92.0 61.9                              13.7 FASTST   M    M   1    MAX(MPH)
                                 MISC ---->  # 36  60               # 43  50
================================================================================
NOTES:
# LAST OF SEVERAL OCCURRENCES

COLUMN 17 PEAK WIND IN M.P.H.

PRELIMINARY LOCAL CLIMATOLOGICAL DATA (WS FORM: F-6) , PAGE 2

                                          STATION:   BIG SPRING MCMAHON-WRINKLE FI
                                          MONTH:     MAY
                                          YEAR:      2020
                                          LATITUDE:   32 12 N
                                          LONGITUDE: 101 31 W

[TEMPERATURE DATA]      [PRECIPITATION DATA]       SYMBOLS USED IN COLUMN 16

AVERAGE MONTHLY: 77.0   TOTAL FOR MONTH:   1.01    1 = FOG OR MIST
DPTR FM NORMAL:   0.0   DPTR FM NORMAL:    1.01    2 = FOG REDUCING VISIBILITY
HIGHEST:   105 ON 19    GRTST 24HR  1.01 ON 15-15      TO 1/4 MILE OR LESS
LOWEST:     46 ON  9                               3 = THUNDER
                        SNOW, ICE PELLETS, HAIL    4 = ICE PELLETS
                        TOTAL MONTH:  M            5 = HAIL
                        GRTST 24HR    M  ON   M    6 = FREEZING RAIN OR DRIZZLE
                        GRTST DEPTH:  M  ON   M    7 = DUSTSTORM OR SANDSTORM:
                                                       VSBY 1/2 MILE OR LESS
                                                   8 = SMOKE OR HAZE
[NO. OF DAYS WITH]      [WEATHER - DAYS WITH]      9 = BLOWING SNOW
                                                   X = TORNADO
MAX 32 OR BELOW:   0    0.01 INCH OR MORE:   1
MAX 90 OR ABOVE:  15    0.10 INCH OR MORE:   1
MIN 32 OR BELOW:   0    0.50 INCH OR MORE:   1
MIN  0 OR BELOW:   0    1.00 INCH OR MORE:   1

[HDD (BASE 65) ]
TOTAL THIS MO.     2    CLEAR  (SCALE 0-3)  19
DPTR FM NORMAL     M    PTCLDY (SCALE 4-7)   4
TOTAL FM JUL 1  2484    CLOUDY (SCALE 8-10)  0
DPTR FM NORMAL     M

[CDD (BASE 65) ]
TOTAL THIS MO.   281
DPTR FM NORMAL     M    [PRESSURE DATA]
TOTAL FM JAN 1   420    HIGHEST SLP M ON M
DPTR FM NORMAL     M    LOWEST  SLP M ON M

[REMARKS]
