000
CXUS54 KMAF 231110
CF6BPG
PRELIMINARY LOCAL CLIMATOLOGICAL DATA (WS FORM: F-6)

                                          STATION:   BIG SPRING MCMAHON-WRINKLE FI
                                          MONTH:     OCTOBER
                                          YEAR:      2019
                                          LATITUDE:   32 12 N
                                          LONGITUDE: 101 31 W

  TEMPERATURE IN F:       :PCPN:    SNOW:  WIND      :SUNSHINE: SKY     :PK WND
================================================================================
1   2   3   4   5  6A  6B    7    8   9   10  11  12  13   14  15   16   17  18
                                     12Z  AVG MX 2MIN
DY MAX MIN AVG DEP HDD CDD  WTR  SNW DPTH SPD SPD DIR MIN PSBL S-S WX    SPD DR
================================================================================

 1  91  74  83   M   0  18    M    M    M 19.8 26 180   M    M   4        35 180
 2  91  72  82   M   0  17    M    M    M 12.1 20 170   M    M   3        28 170
 3  89  67  78   M   0  13    M    M    M 11.8 22  50   M    M   2        29  90
 4  87  58  73   M   0   8    M    M    M  9.7 16  60   M    M   1        18  30
 5  92  64  78   M   0  13    M    M    M  7.7 16 190   M    M   1        20 180
 6  94  61  78   M   0  13    M    M    M  9.7 32  30   M    M   3        38  40
 7  73  54  64   M   1   0    M    M    M 11.6 22  30   M    M   2        29  30
 8  85  53  69   M   0   4    M    M    M  9.9 17 160   M    M   0        24 150
 9  91  68  80   M   0  15    M    M    M 16.1 24 170   M    M   2        28 190
10  92  50  71   M   0   6    M    M    M 14.7 24  40   M    M   1        35  40
11  58  38  48   M  17   0    M    M    M 15.1 26  30   M    M   0        32  30
12  67  34  51   M  14   0    M    M    M  5.8 12 190   M    M   2        17 190
13  85  44  65   M   0   0    M    M    M  6.9 13 150   M    M   0         M   M
14  78  63  71   M   0   6    M    M    M 10.0 16 190   M    M   1        20 210
15  87  61  74   M   0   9    M    M    M 10.8 29  30   M    M   0        38  30
16  71  46  59   M   6   0    M    M    M  8.5 28  30   M    M   0        38  30
17  81  43  62   M   3   0    M    M    M  8.2 16 130   M    M   0        25 160
18  88  55  72   M   0   7    M    M    M 12.5 18 170   M    M   1        28 220
19  78  55  67   M   0   2    M    M    M  5.9 17 340   M    M   0        23 350
20  85  49  67   M   0   2    M    M    M  8.9 22 220   M    M   0        26 220
21  64  43  54   M  11   0    M    M    M  3.1 15 290   M    M   0        18 290
22   M   M   M   M   M   M    M    M    M    M  M   M   M    M   M         M   M
================================================================================
SM 1727 1152        52 133     M    M    218.6          M       23
================================================================================
AV 82.2 54.9                              10.4 FASTST   M    M   1    MAX(MPH)
                                 MISC ---->    32  30               # 38  40
================================================================================
NOTES:
# LAST OF SEVERAL OCCURRENCES

COLUMN 17 PEAK WIND IN M.P.H.

PRELIMINARY LOCAL CLIMATOLOGICAL DATA (WS FORM: F-6) , PAGE 2

                                          STATION:   BIG SPRING MCMAHON-WRINKLE FI
                                          MONTH:     OCTOBER
                                          YEAR:      2019
                                          LATITUDE:   32 12 N
                                          LONGITUDE: 101 31 W

[TEMPERATURE DATA]      [PRECIPITATION DATA]       SYMBOLS USED IN COLUMN 16

AVERAGE MONTHLY: 68.5   TOTAL FOR MONTH:      M    1 = FOG OR MIST
DPTR FM NORMAL:   0.0   DPTR FM NORMAL:       M    2 = FOG REDUCING VISIBILITY
HIGHEST:    94 ON  6    GRTST 24HR      M ON  M       TO 1/4 MILE OR LESS
LOWEST:     34 ON 12                               3 = THUNDER
                        SNOW, ICE PELLETS, HAIL    4 = ICE PELLETS
                        TOTAL MONTH:  M            5 = HAIL
                        GRTST 24HR    M  ON   M    6 = FREEZING RAIN OR DRIZZLE
                        GRTST DEPTH:  M  ON   M    7 = DUSTSTORM OR SANDSTORM:
                                                       VSBY 1/2 MILE OR LESS
                                                   8 = SMOKE OR HAZE
[NO. OF DAYS WITH]      [WEATHER - DAYS WITH]      9 = BLOWING SNOW
                                                   X = TORNADO
MAX 32 OR BELOW:   0    0.01 INCH OR MORE:   0
MAX 90 OR ABOVE:   6    0.10 INCH OR MORE:   0
MIN 32 OR BELOW:   0    0.50 INCH OR MORE:   0
MIN  0 OR BELOW:   0    1.00 INCH OR MORE:   0

[HDD (BASE 65) ]
TOTAL THIS MO.    52    CLEAR  (SCALE 0-3)  19
DPTR FM NORMAL     M    PTCLDY (SCALE 4-7)   2
TOTAL FM JUL 1    52    CLOUDY (SCALE 8-10)  1
DPTR FM NORMAL     M

[CDD (BASE 65) ]
TOTAL THIS MO.   133
DPTR FM NORMAL     M    [PRESSURE DATA]
TOTAL FM JAN 1  2341    HIGHEST SLP M ON M
DPTR FM NORMAL     M    LOWEST  SLP M ON M

[REMARKS]
