000
CXUS54 KLZK 261130
CF6BPK
PRELIMINARY LOCAL CLIMATOLOGICAL DATA (WS FORM: F-6)

                                          STATION:   Mountain Home Airport
                                          MONTH:     MAY
                                          YEAR:      2020
                                          LATITUDE:   36 22 N
                                          LONGITUDE:  92 28 W

  TEMPERATURE IN F:       :PCPN:    SNOW:  WIND      :SUNSHINE: SKY     :PK WND
================================================================================
1   2   3   4   5  6A  6B    7    8   9   10  11  12  13   14  15   16   17  18
                                     12Z  AVG MX 2MIN
DY MAX MIN AVG DEP HDD CDD  WTR  SNW DPTH SPD SPD DIR MIN PSBL S-S WX    SPD DR
================================================================================

 1  80  46  63   0   2   0 0.00    M    M  5.5 14 210   M    M   0        21 170
 2  87  57  72   9   0   7 0.00    M    M  5.5 13 220   M    M   0        18 230
 3  74  64  69   5   0   4 1.02    M    M  3.3 13 360   M    M   8 13     19  10
 4  66  59  63  -1   2   0 0.74    M    M  7.2 20 200   M    M  10 13     28 210
 5  74  51  63  -1   2   0 0.00    M    M  5.1 13 350   M    M   3 1      25 360
 6  67  47  57  -7   8   0    T    M    M  4.0 14 360   M    M   4        20  30
 7  68  44  56  -9   9   0 0.24    M    M  3.6 12 160   M    M   5 13     16 160
 8  65  45  55 -10  10   0 0.51    M    M  5.2 14  10   M    M   5 13     24  10
 9  65  37  51 -14  14   0 0.00    M    M  2.3  9 150   M    M   0        12 170
10  67  44  56  -9   9   0 0.00    M    M  3.9 12 290   M    M   0        20 290
11  53  39  46 -20  19   0 0.34    M    M  0.7  9  80   M    M   6 1      11 350
12  50  43  47 -19  18   0 0.78    M    M  6.7 13 140   M    M  10 1      18 110
13  73  50  62  -4   3   0 0.34    M    M  5.7 10 170   M    M   6 1      15 160
14  80  62  71   5   0   6    T    M    M  8.6 17 210   M    M   3        24 210
15  69  59  64  -3   1   0 0.58    M    M  5.8 23 250   M    M   6 13     32 250
16  78  64  71   4   0   6 2.28    M    M  4.9 17 160   M    M  10 123    22 140
17  77  56  67   0   0   2 0.74    M    M  3.1 12 340   M    M   6 1      21 340
18  66  52  59  -8   6   0 0.00    M    M  4.0 12 360   M    M   7        20  20
19  68  55  62  -6   3   0 0.00    M    M  2.0  8  10   M    M   8        14 350
20  71  52  62  -6   3   0    T    M    M  2.7  8 260   M    M   7 1      14  80
21  75  58  67  -1   0   2 0.04    M    M  4.9 10 160   M    M   7 13     16 170
22  70  61  66  -2   0   1 3.63    M    M  5.2 16 330   M    M   5 13     29 310
23  84  63  74   5   0   9    T    M    M  4.4 14 220   M    M   1 13     18 220
24  86  66  76   7   0  11 0.00    M    M  6.5 15 220   M    M   1        22 210
25  85  66  76   7   0  11 0.98    M    M  7.3 22 190   M    M   2 13     36 180
================================================================================
SM 1798 1340       109  59 12.22    M    118.1          M      120
================================================================================
AV 71.9 53.6                               4.7 FASTST   M    M   5    MAX(MPH)
                                 MISC ---->  # 23 250               # 36  180
================================================================================
NOTES:
# LAST OF SEVERAL OCCURRENCES

COLUMN 17 PEAK WIND IN M.P.H.

PRELIMINARY LOCAL CLIMATOLOGICAL DATA (WS FORM: F-6) , PAGE 2

                                          STATION:  Mountain Home Airport
                                          MONTH:    MAY
                                          YEAR:     2020
                                          LATITUDE:   36 22 N
                                          LONGITUDE:  92 28 W

[TEMPERATURE DATA]      [PRECIPITATION DATA]       SYMBOLS USED IN COLUMN 16

AVERAGE MONTHLY: 62.8   TOTAL FOR MONTH:  12.22    1 = FOG OR MIST
DPTR FM NORMAL:  -3.4   DPTR FM NORMAL:    8.47    2 = FOG REDUCING VISIBILITY
HIGHEST:    87 ON  2    GRTST 24HR  3.63 ON 22-22      TO 1/4 MILE OR LESS
LOWEST:     37 ON  9                               3 = THUNDER
                        SNOW, ICE PELLETS, HAIL    4 = ICE PELLETS
                        TOTAL MONTH:    M          5 = HAIL
                        GRTST 24HR    M  ON   M    6 = FREEZING RAIN OR DRIZZLE
                        GRTST DEPTH:  M  ON   M    7 = DUSTSTORM OR SANDSTORM:
                                                       VSBY 1/2 MILE OR LESS
                                                   8 = SMOKE OR HAZE
[NO. OF DAYS WITH]      [WEATHER - DAYS WITH]      9 = BLOWING SNOW
                                                   X = TORNADO
MAX 32 OR BELOW:   0    0.01 INCH OR MORE:  13
MAX 90 OR ABOVE:   0    0.10 INCH OR MORE:  12
MIN 32 OR BELOW:   0    0.50 INCH OR MORE:   9
MIN  0 OR BELOW:   0    1.00 INCH OR MORE:   3

[HDD (BASE 65) ]
TOTAL THIS MO.   109    CLEAR  (SCALE 0-3)   8
DPTR FM NORMAL    54    PTCLDY (SCALE 4-7)  14
TOTAL FM JUL 1  3727    CLOUDY (SCALE 8-10)  3
DPTR FM NORMAL   -62

[CDD (BASE 65) ]
TOTAL THIS MO.    59
DPTR FM NORMAL   -25    [PRESSURE DATA]
TOTAL FM JAN 1    99    HIGHEST SLP M ON M
DPTR FM NORMAL   -27    LOWEST  SLP 29.68 ON 17

[REMARKS]
