967
CXUS54 KLZK 201130
CF6BPK
PRELIMINARY LOCAL CLIMATOLOGICAL DATA (WS FORM: F-6)

                                          STATION:   Mountain Home Airport
                                          MONTH:     OCTOBER
                                          YEAR:      2019
                                          LATITUDE:   36 22 N
                                          LONGITUDE:  92 28 W

  TEMPERATURE IN F:       :PCPN:    SNOW:  WIND      :SUNSHINE: SKY     :PK WND
================================================================================
1   2   3   4   5  6A  6B    7    8   9   10  11  12  13   14  15   16   17  18
                                     12Z  AVG MX 2MIN
DY MAX MIN AVG DEP HDD CDD  WTR  SNW DPTH SPD SPD DIR MIN PSBL S-S WX    SPD DR
================================================================================

 1  90  69  80  16   0  15 0.00    M    M  5.5 14 220   M    M   0        19 200
 2  90  65  78  14   0  13 0.00    M    M  3.4 12 240   M    M   0        17 220
 3  85  60  73   9   0   8 0.00    M    M  2.5  8 260   M    M   0        14  40
 4  77  54  66   3   0   1 0.00    M    M  4.4  9 100   M    M   1        13 150
 5  85  59  72   9   0   7    T    M    M  3.7 10  80   M    M   2        15  90
 6  68  54  61  -1   4   0 2.51    M    M  3.8 14  80   M    M   9 1      23  80
 7  72  49  61  -1   4   0 0.05    M    M  2.6 12  90   M    M   1 1      17 100
 8  72  45  59  -3   6   0 0.00    M    M  1.6 10 160   M    M   0        18  90
 9  76  47  62   0   3   0 0.00    M    M  4.8 13 140   M    M   0        16 170
10  81  62  72  11   0   7 0.46    M    M  5.3 16 210   M    M   5 1      30 230
11  67  36  52  -9  13   0 1.02    M    M  5.8 14 310   M    M   6 1      23 300
12  61  31  46 -15  19   0 0.00    M    M  1.9  9 210   M    M   0        12 190
13  70  36  53  -7  12   0 0.00    M    M  2.9  8 240   M    M   0        12 230
14  74  42  58  -2   7   0 0.00    M    M  4.4 12 150   M    M   0        17 150
15  75  51  63   3   2   0 0.49    M    M  4.5  8 210   M    M   7 13      M  M
16  61  40  51  -9  14   0 0.00    M    M  2.7  9 260   M    M   0        14  10
17  66  38  52  -7  13   0 0.00    M    M  2.9  9 210   M    M   0        11 190
18  68  44  56  -3   9   0 0.00    M    M  6.4 14 170   M    M   0        20 180
19  70  43  57  -2   8   0    T    M    M  1.6  7 210   M    M   3        10 210
================================================================================
SM 1408  925       114  51  4.53    M     70.7          M       34
================================================================================
AV 74.1 48.7                               3.7 FASTST   M    M   2    MAX(MPH)
                                 MISC ---->  # 16 210               # 30  230
================================================================================
NOTES:
# LAST OF SEVERAL OCCURRENCES

COLUMN 17 PEAK WIND IN M.P.H.

PRELIMINARY LOCAL CLIMATOLOGICAL DATA (WS FORM: F-6) , PAGE 2

                                          STATION:  Mountain Home Airport
                                          MONTH:    OCTOBER
                                          YEAR:     2019
                                          LATITUDE:   36 22 N
                                          LONGITUDE:  92 28 W

[TEMPERATURE DATA]      [PRECIPITATION DATA]       SYMBOLS USED IN COLUMN 16

AVERAGE MONTHLY: 61.4   TOTAL FOR MONTH:   4.53    1 = FOG OR MIST
DPTR FM NORMAL:   0.0   DPTR FM NORMAL:    2.13    2 = FOG REDUCING VISIBILITY
HIGHEST:    90 ON  2, 1 GRTST 24HR  2.51 ON  6- 6      TO 1/4 MILE OR LESS
LOWEST:     31 ON 12                               3 = THUNDER
                        SNOW, ICE PELLETS, HAIL    4 = ICE PELLETS
                        TOTAL MONTH:    M          5 = HAIL
                        GRTST 24HR    M  ON   M    6 = FREEZING RAIN OR DRIZZLE
                        GRTST DEPTH:  M  ON   M    7 = DUSTSTORM OR SANDSTORM:
                                                       VSBY 1/2 MILE OR LESS
                                                   8 = SMOKE OR HAZE
[NO. OF DAYS WITH]      [WEATHER - DAYS WITH]      9 = BLOWING SNOW
                                                   X = TORNADO
MAX 32 OR BELOW:   0    0.01 INCH OR MORE:   5
MAX 90 OR ABOVE:   2    0.10 INCH OR MORE:   4
MIN 32 OR BELOW:   1    0.50 INCH OR MORE:   2
MIN  0 OR BELOW:   0    1.00 INCH OR MORE:   2

[HDD (BASE 65) ]
TOTAL THIS MO.   114    CLEAR  (SCALE 0-3)  15
DPTR FM NORMAL    12    PTCLDY (SCALE 4-7)   3
TOTAL FM JUL 1   115    CLOUDY (SCALE 8-10)  1
DPTR FM NORMAL   -17

[CDD (BASE 65) ]
TOTAL THIS MO.    51
DPTR FM NORMAL    19    [PRESSURE DATA]
TOTAL FM JAN 1  1679    HIGHEST SLP M ON M
DPTR FM NORMAL   132    LOWEST  SLP 29.73 ON 19

[REMARKS]
