000
CXUS54 KLCH 210929
CF6BPT
PRELIMINARY LOCAL CLIMATOLOGICAL DATA (WS FORM: F-6)

                                          STATION:   BEAUMONT PORT ARTHUR
                                          MONTH:     OCTOBER
                                          YEAR:      2019
                                          LATITUDE:   29 57 N
                                          LONGITUDE:  94  1 W

  TEMPERATURE IN F:       :PCPN:    SNOW:  WIND      :SUNSHINE: SKY     :PK WND
================================================================================
1   2   3   4   5  6A  6B    7    8   9   10  11  12  13   14  15   16   17  18
                                     12Z  AVG MX 2MIN
DY MAX MIN AVG DEP HDD CDD  WTR  SNW DPTH SPD SPD DIR MIN PSBL S-S WX    SPD DR
================================================================================

 1  91  75  83   8   0  18 0.00  0.0    0  7.2 16 110   M    M   2        20 100
 2  93  73  83   9   0  18 0.00  0.0    0  4.9 14  90   M    M   1 18     20 100
 3  95  76  86  12   0  21 0.00  0.0    0  5.7 14 100   M    M   3 1      19  90
 4  95  75  85  11   0  20 0.27  0.0    0  6.4 22 290   M    M   1 3      53 290
 5  93  72  83   9   0  18 0.00  0.0    0  3.2  8  30   M    M   2 18     11  40
 6  92  74  83  10   0  18 0.00  0.0    0  4.8 13 120   M    M   2 1      16 130
 7  93  69  81   8   0  16 0.12  0.0    0  9.0 28 360   M    M   4 13     36 350
 8  82  64  73   0   0   8 0.00  0.0    0  5.4 14  20   M    M   6        19  30
 9  88  65  77   5   0  12 0.00  0.0    0  5.7 13 150   M    M   3 1      16 170
10  90  73  82  10   0  17 0.00  0.0    0  8.2 15 170   M    M   1        20 170
11  83  55  69  -3   0   4 0.04  0.0    0 12.5 23 340   M    M   4 13     32 350
12  74  56  65  -7   0   0 0.00  0.0    0 12.5 22  20   M    M   4        27 360
13  84  57  71   0   0   6 0.00  0.0    0  5.8 10 350   M    M   4        13 360
14  86  72  79   8   0  14 0.33  0.0    0  7.6 18 100   M    M   8 13     22 100
15  90  75  83  12   0  18    T  0.0    0  5.6 16 200   M    M   7 13     22 210
16  78  61  70   0   0   5 1.57  0.0    0  9.5 20  10   M    M   7 13     28 360
17  65  57  61  -9   4   0 0.00  0.0    0  9.2 15  40   M    M   0        19  70
18  82  60  71   1   0   6 0.00  0.0    0  4.4 13 100   M    M   2        16  80
19  88  61  75   5   0  10 0.00  0.0    0  5.0 15 160   M    M   2        18 180
20  89  72  81  12   0  16 0.00  0.0    0  9.2 18 190   M    M   4 12     24 160
================================================================================
SM 1731 1342         4 245  2.33     0.0 141.8          M       67
================================================================================
AV 86.6 67.1                               7.1 FASTST   M    M   3    MAX(MPH)
                                 MISC ---->  # 28 360               # 53  290
================================================================================
NOTES:
# LAST OF SEVERAL OCCURRENCES

COLUMN 17 PEAK WIND IN M.P.H.

PRELIMINARY LOCAL CLIMATOLOGICAL DATA (WS FORM: F-6) , PAGE 2

                                          STATION:  BEAUMONT PORT ARTHUR
                                          MONTH:    OCTOBER
                                          YEAR:     2019
                                          LATITUDE:   29 57 N
                                          LONGITUDE:  94  1 W

[TEMPERATURE DATA]      [PRECIPITATION DATA]       SYMBOLS USED IN COLUMN 16

AVERAGE MONTHLY: 76.8   TOTAL FOR MONTH:   2.33    1 = FOG OR MIST
DPTR FM NORMAL:   4.8   DPTR FM NORMAL:   -1.31    2 = FOG REDUCING VISIBILITY
HIGHEST:    95 ON  4, 3 GRTST 24HR  1.57 ON 16-16      TO 1/4 MILE OR LESS
LOWEST:     55 ON 11                               3 = THUNDER
                        SNOW, ICE PELLETS, HAIL    4 = ICE PELLETS
                        TOTAL MONTH:   0.0 INCH    5 = HAIL
                        GRTST 24HR     0.0         6 = FREEZING RAIN OR DRIZZLE
                        GRTST DEPTH:   0           7 = DUSTSTORM OR SANDSTORM:
                                                       VSBY 1/2 MILE OR LESS
                                                   8 = SMOKE OR HAZE
[NO. OF DAYS WITH]      [WEATHER - DAYS WITH]      9 = BLOWING SNOW
                                                   X = TORNADO
MAX 32 OR BELOW:   0    0.01 INCH OR MORE:   5
MAX 90 OR ABOVE:   9    0.10 INCH OR MORE:   4
MIN 32 OR BELOW:   0    0.50 INCH OR MORE:   1
MIN  0 OR BELOW:   0    1.00 INCH OR MORE:   1

[HDD (BASE 65) ]
TOTAL THIS MO.     4    CLEAR  (SCALE 0-3)  11
DPTR FM NORMAL    -6    PTCLDY (SCALE 4-7)   8
TOTAL FM JUL 1     4    CLOUDY (SCALE 8-10)  1
DPTR FM NORMAL    -7

[CDD (BASE 65) ]
TOTAL THIS MO.   245
DPTR FM NORMAL    92    [PRESSURE DATA]
TOTAL FM JAN 1  3274    HIGHEST SLP M ON M
DPTR FM NORMAL   535    LOWEST  SLP 29.75 ON 19

[REMARKS]
