000
CXUS54 KLCH 230810
CF6BPT
PRELIMINARY LOCAL CLIMATOLOGICAL DATA (WS FORM: F-6)

                                          STATION:   BEAUMONT PORT ARTHUR
                                          MONTH:     OCTOBER
                                          YEAR:      2018
                                          LATITUDE:   29 57 N
                                          LONGITUDE:  94  1 W

  TEMPERATURE IN F:       :PCPN:    SNOW:  WIND      :SUNSHINE: SKY     :PK WND
================================================================================
1   2   3   4   5  6A  6B    7    8   9   10  11  12  13   14  15   16   17  18
                                     12Z  AVG MX 2MIN
DY MAX MIN AVG DEP HDD CDD  WTR  SNW DPTH SPD SPD DIR MIN PSBL S-S WX    SPD DR
================================================================================

 1  82  74  78   3   0  13 1.87  0.0    0  5.2 15 250   M    M   3 13     20 260
 2  91  73  82   8   0  17 0.00  0.0    0  4.0 12 150   M    M   2 1      15 100
 3  91  75  83   9   0  18 0.00  0.0    0  4.2 12 120   M    M   3 128    15 150
 4  92  75  84  10   0  19 0.08  0.0    0  4.0 14 130   M    M   2        17 140
 5  91  74  83   9   0  18    T  0.0    0  7.2 16 140   M    M   3 13     20 160
 6  89  73  81   8   0  16 0.34  0.0    0  5.8 20  80   M    M   3 13     25  80
 7  89  77  83  10   0  18 0.03  0.0    0 10.2 21 130   M    M   3        26 130
 8  89  76  83  10   0  18 0.35  0.0    0  9.4 21 130   M    M   2 13     26 130
 9  88  73  81   9   0  16 0.28  0.0    0 11.0 23 140   M    M   6 138    28 140
10  89  67  78   6   0  13 0.00  0.0    0  8.3 17 360   M    M   2        21 360
11  83  64  74   2   0   9 0.00  0.0    0  9.2 17  40   M    M   1        20  20
12  82  63  73   1   0   8 0.00  0.0    0  6.9 16  90   M    M   0        20  90
13  87  70  79   8   0  14 0.00  0.0    0 10.4 21 160   M    M   3        27 160
14  90  76  83  12   0  18 0.00  0.0    0 10.0 16 180   M    M   2        23 170
15  88  69  79   8   0  14 0.10  0.0    0  8.9 20 340   M    M   6 13     26 360
16  70  59  65  -5   0   0 0.05  0.0    0 11.8 17  10   M    M  10 1      23  20
17  67  59  63  -7   2   0 0.36  0.0    0 12.6 20  30   M    M  10 1      24  40
18  81  60  71   1   0   6    T  0.0    0 11.1 20  60   M    M   7        30 360
19  85  65  75   5   0  10 0.00  0.0    0  7.6 14  50   M    M   2 1      17  50
20  77  66  72   3   0   7 0.25  0.0    0  9.9 21  10   M    M   9 13     26  10
21  74  59  67  -2   0   2 0.00  0.0    0 12.7 21  40   M    M   2        27  40
22  72  53  63  -6   2   0    T  0.0    0  8.6 14  20   M    M   1        18  10
================================================================================
SM 1847 1500         4 254  3.71     0.0 189.0          M       82
================================================================================
AV 84.0 68.2                               8.6 FASTST   M    M   4    MAX(MPH)
                                 MISC ---->  # 23 140               # 30  360
================================================================================
NOTES:
# LAST OF SEVERAL OCCURRENCES

COLUMN 17 PEAK WIND IN M.P.H.

PRELIMINARY LOCAL CLIMATOLOGICAL DATA (WS FORM: F-6) , PAGE 2

                                          STATION:  BEAUMONT PORT ARTHUR
                                          MONTH:    OCTOBER
                                          YEAR:     2018
                                          LATITUDE:   29 57 N
                                          LONGITUDE:  94  1 W

[TEMPERATURE DATA]      [PRECIPITATION DATA]       SYMBOLS USED IN COLUMN 16

AVERAGE MONTHLY: 76.1   TOTAL FOR MONTH:   3.71    1 = FOG OR MIST
DPTR FM NORMAL:   4.3   DPTR FM NORMAL:   -0.32    2 = FOG REDUCING VISIBILITY
HIGHEST:    92 ON  4    GRTST 24HR  1.87 ON  1- 1      TO 1/4 MILE OR LESS
LOWEST:     53 ON 22                               3 = THUNDER
                        SNOW, ICE PELLETS, HAIL    4 = ICE PELLETS
                        TOTAL MONTH:   0.0 INCH    5 = HAIL
                        GRTST 24HR     0.0         6 = FREEZING RAIN OR DRIZZLE
                        GRTST DEPTH:   0           7 = DUSTSTORM OR SANDSTORM:
                                                       VSBY 1/2 MILE OR LESS
                                                   8 = SMOKE OR HAZE
[NO. OF DAYS WITH]      [WEATHER - DAYS WITH]      9 = BLOWING SNOW
                                                   X = TORNADO
MAX 32 OR BELOW:   0    0.01 INCH OR MORE:  10
MAX 90 OR ABOVE:   5    0.10 INCH OR MORE:   7
MIN 32 OR BELOW:   0    0.50 INCH OR MORE:   1
MIN  0 OR BELOW:   0    1.00 INCH OR MORE:   1

[HDD (BASE 65) ]
TOTAL THIS MO.     4    CLEAR  (SCALE 0-3)  13
DPTR FM NORMAL    -8    PTCLDY (SCALE 4-7)   6
TOTAL FM JUL 1     4    CLOUDY (SCALE 8-10)  3
DPTR FM NORMAL    -9

[CDD (BASE 65) ]
TOTAL THIS MO.   254
DPTR FM NORMAL    90    [PRESSURE DATA]
TOTAL FM JAN 1  3314    HIGHEST SLP M ON M
DPTR FM NORMAL   564    LOWEST  SLP 29.71 ON  9

[REMARKS]
