000
CXUS54 KLCH 280827
CF6BPT
PRELIMINARY LOCAL CLIMATOLOGICAL DATA (WS FORM: F-6)

                                          STATION:   BEAUMONT PORT ARTHUR
                                          MONTH:     MAY
                                          YEAR:      2020
                                          LATITUDE:   29 57 N
                                          LONGITUDE:  94  1 W

  TEMPERATURE IN F:       :PCPN:    SNOW:  WIND      :SUNSHINE: SKY     :PK WND
================================================================================
1   2   3   4   5  6A  6B    7    8   9   10  11  12  13   14  15   16   17  18
                                     12Z  AVG MX 2MIN
DY MAX MIN AVG DEP HDD CDD  WTR  SNW DPTH SPD SPD DIR MIN PSBL S-S WX    SPD DR
================================================================================

 1  81  56  69  -3   0   4 0.00  0.0    0  7.0 16 160   M    M   0 1      21 160
 2  82  63  73   0   0   8 0.00  0.0    0  9.8 17 150   M    M   4        24 170
 3  84  66  75   2   0  10 0.00  0.0    0  8.6 17 160   M    M   4        25 170
 4  85  69  77   4   0  12 0.00  0.0    0  9.4 17 170   M    M   4        25 180
 5  90  69  80   7   0  15 0.80  0.0    0  6.4 16 240   M    M   6 13     22 300
 6  85  62  74   0   0   9 0.02  0.0    0  8.7 21  70   M    M   3 13     29  70
 7  81  59  70  -4   0   5 0.00  0.0    0 11.6 22 170   M    M   2        30 180
 8  86  65  76   2   0  11 0.33  0.0    0 14.6 31 350   M    M   9 13     41 350
 9  72  58  65  -9   0   0 0.00  0.0    0 12.9 21  40   M    M   4        28  50
10  81  56  69  -6   0   4 0.00  0.0    0  6.2 14  30   M    M   2        20  10
11  81  55  68  -7   0   3 0.00  0.0    0  7.4 15 120   M    M   0        22 120
12  82  60  71  -4   0   6 0.00  0.0    0 11.9 23 130   M    M   5        31 140
13  84  72  78   3   0  13 0.00  0.0    0 13.6 23 140   M    M   4        31 140
14  83  70  77   1   0  12 0.08  0.0    0  9.8 23 170   M    M   7 13     31 170
15  78  68  73  -3   0   8 1.90  0.0    0  9.4 24 100   M    M   5 123    30  90
16  81  65  73  -3   0   8 1.03  0.0    0 11.4 25 130   M    M   5 13     35 170
17  85  66  76   0   0  11    T  0.0    0  8.0 18 300   M    M   2        27 290
18  89  63  76   0   0  11 0.00  0.0    0  5.1 13 280   M    M   0        18 280
19  88  67  78   1   0  13 0.00  0.0    0  7.5 18 190   M    M   2 1      26 200
20  88  73  81   4   0  16 0.00  0.0    0  7.6 16 160   M    M   6 1      21 210
21  87  69  78   1   0  13    T  0.0    0  8.0 16 160   M    M   4 12     23 110
22  88  73  81   4   0  16 0.00  0.0    0 11.5 21 170   M    M   4        28 180
23  89  77  83   5   0  18    T  0.0    0 12.5 17 120   M    M   7        25 150
24  86  65  76  -2   0  11 1.77  0.0    0 12.4 26 330   M    M   6 13     37 340
25  83  68  76  -2   0  11 0.11  0.0    0  9.2 26 100   M    M   5 13     35 170
26  86  65  76  -2   0  11 1.20  0.0    0  5.1 18 250   M    M   5 13     32 300
27  88  63  76  -2   0  11 0.44  0.0    0  5.8 22 180   M    M   2 13     30 310
================================================================================
SM 2273 1762         0 270  7.68     0.0 251.4          M      107
================================================================================
AV 84.2 65.3                               9.3 FASTST   M    M   4    MAX(MPH)
                                 MISC ---->  # 31 350               # 41  350
================================================================================
NOTES:
# LAST OF SEVERAL OCCURRENCES

COLUMN 17 PEAK WIND IN M.P.H.

PRELIMINARY LOCAL CLIMATOLOGICAL DATA (WS FORM: F-6) , PAGE 2

                                          STATION:  BEAUMONT PORT ARTHUR
                                          MONTH:    MAY
                                          YEAR:     2020
                                          LATITUDE:   29 57 N
                                          LONGITUDE:  94  1 W

[TEMPERATURE DATA]      [PRECIPITATION DATA]       SYMBOLS USED IN COLUMN 16

AVERAGE MONTHLY: 74.7   TOTAL FOR MONTH:   7.68    1 = FOG OR MIST
DPTR FM NORMAL:  -0.8   DPTR FM NORMAL:    3.15    2 = FOG REDUCING VISIBILITY
HIGHEST:    90 ON  5    GRTST 24HR  1.90 ON 15-15      TO 1/4 MILE OR LESS
LOWEST:     55 ON 11                               3 = THUNDER
                        SNOW, ICE PELLETS, HAIL    4 = ICE PELLETS
                        TOTAL MONTH:   0.0 INCH    5 = HAIL
                        GRTST 24HR     0.0         6 = FREEZING RAIN OR DRIZZLE
                        GRTST DEPTH:   0           7 = DUSTSTORM OR SANDSTORM:
                                                       VSBY 1/2 MILE OR LESS
                                                   8 = SMOKE OR HAZE
[NO. OF DAYS WITH]      [WEATHER - DAYS WITH]      9 = BLOWING SNOW
                                                   X = TORNADO
MAX 32 OR BELOW:   0    0.01 INCH OR MORE:  10
MAX 90 OR ABOVE:   1    0.10 INCH OR MORE:   8
MIN 32 OR BELOW:   0    0.50 INCH OR MORE:   5
MIN  0 OR BELOW:   0    1.00 INCH OR MORE:   4

[HDD (BASE 65) ]
TOTAL THIS MO.     0    CLEAR  (SCALE 0-3)   8
DPTR FM NORMAL     0    PTCLDY (SCALE 4-7)  18
TOTAL FM JUL 1   981    CLOUDY (SCALE 8-10)  1
DPTR FM NORMAL  -419

[CDD (BASE 65) ]
TOTAL THIS MO.   270
DPTR FM NORMAL   -14    [PRESSURE DATA]
TOTAL FM JAN 1   698    HIGHEST SLP M ON M
DPTR FM NORMAL   187    LOWEST  SLP 29.74 ON 16

[REMARKS]
