000
CXUS55 KDVN 261100
CF6BRL
PRELIMINARY LOCAL CLIMATOLOGICAL DATA (WS FORM: F-6)

                                          STATION:   BURLINGTON IA
                                          MONTH:     FEBRUARY
                                          YEAR:      2021
                                          LATITUDE:   40 46 N
                                          LONGITUDE:  91  7 W

  TEMPERATURE IN F:       :PCPN:    SNOW:  WIND      :SUNSHINE: SKY     :PK WND
================================================================================
1   2   3   4   5  6A  6B    7    8   9   10  11  12  13   14  15   16   17  18
                                     12Z  AVG MX 2MIN
DY MAX MIN AVG DEP HDD CDD  WTR  SNW DPTH SPD SPD DIR MIN PSBL S-S WX    SPD DR
================================================================================

 1  30  20  25  -2  40   0 0.00    M    M 10.0 16 310   M    M  10 1      25 320
 2  24  18  21  -6  44   0 0.00    M    M  4.8 13 340   M    M  10 12     16 340
 3  36  20  28   1  37   0 0.00    M    M  8.9 18 170   M    M   6 1      24 170
 4  37  17  27   0  38   0 0.41    M    M 14.4 30 300   M    M   7 128    48 320
 5  22  11  17 -11  48   0 0.00    M    M 10.5 21 280   M    M   2        28 300
 6  12  -6   3 -25  62   0 0.10    M    M  5.7 14 330   M    M   4 18     22 300
 7   1 -10  -4 -32  69   0    T    M    M  5.9 13 360   M    M   6 18     17 330
 8   6   0   3 -25  62   0    T    M    M  9.2 15  20   M    M  10 18     18  20
 9  12   2   7 -21  58   0 0.00    M    M  7.7 14 360   M    M   6        16  10
10  12   5   9 -19  56   0    T    M    M 10.0 16 360   M    M   9 18     20  10
11  11   3   7 -22  58   0    T    M    M 12.2 18 350   M    M   6 1      23 350
12   5  -3   1 -28  64   0 0.05    M    M 12.7 18 340   M    M   5 18     25 340
13   2  -6  -2 -31  67   0 0.05    M    M 11.5 17 330   M    M   6 18     25 310
14  -2  -6  -4 -34  69   0 0.04    M    M 13.3 20 360   M    M   8 8      25 340
15   1  -6  -2 -32  67   0 0.29    M    M 12.5 20  20   M    M   9 18     26  20
16  11 -10   1 -29  64   0 0.02    M    M  5.3 13 330   M    M   2 18     19 350
17  16 -11   3 -27  62   0    T    M    M  4.2 10  20   M    M   5 18     14  80
18  19  -1   9 -22  56   0 0.00    M    M  6.4 12 300   M    M   3 1      16 300
19  27  -4  12 -19  53   0 0.00    M    M  5.0 10 270   M    M   7 18     14 270
20  34  13  24  -8  41   0 0.00    M    M  6.3 17 180   M    M   3 18     21 180
21  36  21  29  -3  36   0 0.05    M    M 10.6 20 300   M    M   6 18     29 310
22  42  27  35   3  30   0 0.00    M    M 13.4 21 210   M    M   4 18     30 270
23  49  32  41   8  24   0 0.00    M    M  8.9 16 260   M    M   0        24 260
24  42  28  35   2  30   0 0.00    M    M 10.0 23 340   M    M   2        31 300
25  41  21  31  -2  34   0 0.00    M    M  4.3  9 200   M    M   0 1      11 170
================================================================================
SM  526  175      1269   0  1.01    M    223.7          M      136
================================================================================
AV 21.0  7.0                               8.9 FASTST   M    M   5    MAX(MPH)
                                 MISC ---->    30 300                 48 320
================================================================================
NOTES:
# LAST OF SEVERAL OCCURRENCES

COLUMN 17 PEAK WIND IN M.P.H.

PRELIMINARY LOCAL CLIMATOLOGICAL DATA (WS FORM: F-6) , PAGE 2

                                          STATION:   BURLINGTON IA
                                          MONTH:     FEBRUARY
                                          YEAR:      2021
                                          LATITUDE:   40 46 N
                                          LONGITUDE:  91  7 W

[TEMPERATURE DATA]      [PRECIPITATION DATA]       SYMBOLS USED IN COLUMN 16

AVERAGE MONTHLY: 14.0   TOTAL FOR MONTH:   1.01    1 = FOG OR MIST
DPTR FM NORMAL: -15.6   DPTR FM NORMAL:   -0.38    2 = FOG REDUCING VISIBILITY
HIGHEST:    49 ON 23    GRTST 24HR  0.41 ON  4- 4      TO 1/4 MILE OR LESS
LOWEST:    -11 ON 17                               3 = THUNDER
                        SNOW, ICE PELLETS, HAIL    4 = ICE PELLETS
                        TOTAL MONTH:  M            5 = HAIL
                        GRTST 24HR    M  ON   M    6 = FREEZING RAIN OR DRIZZLE
                        GRTST DEPTH:  M  ON   M    7 = DUSTSTORM OR SANDSTORM:
                                                       VSBY 1/2 MILE OR LESS
                                                   8 = SMOKE OR HAZE
[NO. OF DAYS WITH]      [WEATHER - DAYS WITH]      9 = BLOWING SNOW
                                                   X = TORNADO
MAX 32 OR BELOW:  17    0.01 INCH OR MORE:   8
MAX 90 OR ABOVE:   0    0.10 INCH OR MORE:   3
MIN 32 OR BELOW:  25    0.50 INCH OR MORE:   0
MIN  0 OR BELOW:  11    1.00 INCH OR MORE:   0

[HDD (BASE 65) ]
TOTAL THIS MO.  1269    CLEAR  (SCALE 0-3)   6
DPTR FM NORMAL   385    PTCLDY (SCALE 4-7)  14
TOTAL FM JUL 1  4572    CLOUDY (SCALE 8-10)  5
DPTR FM NORMAL   287

[CDD (BASE 65) ]
TOTAL THIS MO.     0
DPTR FM NORMAL     0    [PRESSURE DATA]
TOTAL FM JAN 1     0    HIGHEST SLP M ON M
DPTR FM NORMAL     0    LOWEST  SLP 29.45 ON  4

[REMARKS]
