000
CXUS55 KDVN 171100
CF6BRL
PRELIMINARY LOCAL CLIMATOLOGICAL DATA (WS FORM: F-6)

                                          STATION:   BURLINGTON IA
                                          MONTH:     OCTOBER
                                          YEAR:      2018
                                          LATITUDE:   40 46 N
                                          LONGITUDE:  91  7 W

  TEMPERATURE IN F:       :PCPN:    SNOW:  WIND      :SUNSHINE: SKY     :PK WND
================================================================================
1   2   3   4   5  6A  6B    7    8   9   10  11  12  13   14  15   16   17  18
                                     12Z  AVG MX 2MIN
DY MAX MIN AVG DEP HDD CDD  WTR  SNW DPTH SPD SPD DIR MIN PSBL S-S WX    SPD DR
================================================================================

 1  82  57  70   9   0   5 0.00    M    M  7.8 21 200   M    M   7 18     29 190
 2  68  57  63   3   2   0 0.00    M    M  4.5  9 360   M    M   7 18     13 150
 3  88  67  78  18   0  13 0.01    M    M 15.9 32 210   M    M   2 3      45 210
 4  71  47  59  -1   6   0    T    M    M 12.5 21 340   M    M   2        34 320
 5  65  51  58  -1   7   0 1.12    M    M  6.9 18 120   M    M   9 13     28 120
 6  69  55  62   3   3   0 0.71    M    M  9.8 16 350   M    M  10 1      24 350
 7  67  55  61   2   4   0 0.59    M    M  7.4 12 180   M    M  10 13     18 100
 8  83  66  75  17   0  10 0.19    M    M  9.6 22 190   M    M   5 13     30 200
 9  82  67  75  17   0  10 0.93    M    M 11.2 23 230   M    M   5 13     34 220
10  70  47  59   2   6   0 1.24    M    M 11.5 23 250   M    M   9 13     35 270
11  49  36  43 -14  22   0 0.00    M    M  8.8 20 310   M    M   6        29 290
12  41  35  38 -19  27   0 0.13    M    M  3.8  9 330   M    M   7 1      13 330
13  48  34  41 -15  24   0 0.00    M    M  7.5 15 180   M    M   8 12     20 170
14  53  35  44 -12  21   0 0.24    M    M  6.0 18 350   M    M   9 18     29 350
15  48  34  41 -15  24   0 0.04    M    M  8.2 16 350   M    M   3 1      23 320
16  61  32  47  -8  18   0 0.00    M    M  9.9 20 230   M    M   0        31 220
================================================================================
SM 1045  775       164  38  5.20    M    141.3          M       99
================================================================================
AV 65.3 48.4                               8.8 FASTST   M    M   6    MAX(MPH)
                                 MISC ---->  # 32 210               # 45  210
================================================================================
NOTES:
# LAST OF SEVERAL OCCURRENCES

COLUMN 17 PEAK WIND IN M.P.H.

PRELIMINARY LOCAL CLIMATOLOGICAL DATA (WS FORM: F-6) , PAGE 2

                                          STATION:  BURLINGTON IA
                                          MONTH:    OCTOBER
                                          YEAR:     2018
                                          LATITUDE:   40 46 N
                                          LONGITUDE:  91  7 W

[TEMPERATURE DATA]      [PRECIPITATION DATA]       SYMBOLS USED IN COLUMN 16

AVERAGE MONTHLY: 56.9   TOTAL FOR MONTH:   5.20    1 = FOG OR MIST
DPTR FM NORMAL:  -1.1   DPTR FM NORMAL:    3.52    2 = FOG REDUCING VISIBILITY
HIGHEST:    88 ON  3    GRTST 24HR  1.24 ON 10-10      TO 1/4 MILE OR LESS
LOWEST:     32 ON 16                               3 = THUNDER
                        SNOW, ICE PELLETS, HAIL    4 = ICE PELLETS
                        TOTAL MONTH:    M          5 = HAIL
                        GRTST 24HR    M  ON   M    6 = FREEZING RAIN OR DRIZZLE
                        GRTST DEPTH:  M  ON   M    7 = DUSTSTORM OR SANDSTORM:
                                                       VSBY 1/2 MILE OR LESS
                                                   8 = SMOKE OR HAZE
[NO. OF DAYS WITH]      [WEATHER - DAYS WITH]      9 = BLOWING SNOW
                                                   X = TORNADO
MAX 32 OR BELOW:   0    0.01 INCH OR MORE:  10
MAX 90 OR ABOVE:   0    0.10 INCH OR MORE:   8
MIN 32 OR BELOW:   1    0.50 INCH OR MORE:   5
MIN  0 OR BELOW:   0    1.00 INCH OR MORE:   2

[HDD (BASE 65) ]
TOTAL THIS MO.   164    CLEAR  (SCALE 0-3)   4
DPTR FM NORMAL    35    PTCLDY (SCALE 4-7)   7
TOTAL FM JUL 1   222    CLOUDY (SCALE 8-10)  5
DPTR FM NORMAL    22

[CDD (BASE 65) ]
TOTAL THIS MO.    38
DPTR FM NORMAL    19    [PRESSURE DATA]
TOTAL FM JAN 1  1417    HIGHEST SLP M ON M
DPTR FM NORMAL   216    LOWEST  SLP 29.58 ON 10

[REMARKS]
