000
CXUS55 KDVN 211100
CF6BRL
PRELIMINARY LOCAL CLIMATOLOGICAL DATA (WS FORM: F-6)

                                          STATION:   BURLINGTON IA
                                          MONTH:     JANUARY
                                          YEAR:      2019
                                          LATITUDE:   40 46 N
                                          LONGITUDE:  91  7 W

  TEMPERATURE IN F:       :PCPN:    SNOW:  WIND      :SUNSHINE: SKY     :PK WND
================================================================================
1   2   3   4   5  6A  6B    7    8   9   10  11  12  13   14  15   16   17  18
                                     12Z  AVG MX 2MIN
DY MAX MIN AVG DEP HDD CDD  WTR  SNW DPTH SPD SPD DIR MIN PSBL S-S WX    SPD DR
================================================================================

 1  33  23  28   2  37   0 0.00    M    M  8.3 14 320   M    M  10 1      22 330
 2  29  23  26   0  39   0 0.00    M    M 10.1 20 220   M    M   7 18     26 240
 3  43  23  33   7  32   0 0.00    M    M  9.4 17 230   M    M   0 8      22 210
 4  50  26  38  12  27   0 0.00    M    M  5.3 12 270   M    M   0        17 260
 5  54  29  42  16  23   0 0.00    M    M  5.0 10 240   M    M   0        14 240
 6  48  33  41  15  24   0 0.00    M    M 11.8 22 110   M    M   1        32 110
 7  61  39  50  24  15   0 0.22    M    M 12.0 24 220   M    M   6 1      32 220
 8  47  31  39  13  26   0 0.00    M    M 15.5 29 310   M    M   1        46 310
 9  30  19  25  -1  40   0 0.00    M    M 14.2 26 320   M    M   0        42 310
10  30  17  24  -2  41   0 0.00    M    M  4.6 10 150   M    M   0        13 150
11  32  22  27   1  38   0 0.15    M    M  7.8 13 130   M    M   8 1      18 140
12  31  28  30   4  35   0 0.76    M    M 13.7 20  50   M    M  10 12     27  40
13  32  17  25  -1  40   0    T    M    M  8.7 20  60   M    M   9 128    28  50
14  28  11  20  -6  45   0 0.00    M    M  5.1 13 240   M    M   8 128    18 250
15  34  27  31   5  34   0 0.00    M    M  9.4 16 230   M    M  10 1      24 230
16  34  29  32   6  33   0 0.00    M    M  6.7 13 300   M    M  10 18     18 300
17  34  30  32   6  33   0 0.00    M    M  6.2 10 320   M    M  10 128    17 330
18  31  26  29   3  36   0    M    M    M 10.4 18  40   M    M  10 128    25  80
19  30   3  17  -9  48   0    M    M    M 17.8 30  10   M    M   6 128    37  10
20  13  -2   6 -20  59   0    T    M    M  6.4 13 330   M    M   4 8      17 340
================================================================================
SM  724  454       705   0  1.13    M    188.4          M      110
================================================================================
AV 36.2 22.7                               9.4 FASTST   M    M   6    MAX(MPH)
                                 MISC ---->  # 30  10               # 46  310
================================================================================
NOTES:
# LAST OF SEVERAL OCCURRENCES

COLUMN 17 PEAK WIND IN M.P.H.

PRELIMINARY LOCAL CLIMATOLOGICAL DATA (WS FORM: F-6) , PAGE 2

                                          STATION:  BURLINGTON IA
                                          MONTH:    JANUARY
                                          YEAR:     2019
                                          LATITUDE:   40 46 N
                                          LONGITUDE:  91  7 W

[TEMPERATURE DATA]      [PRECIPITATION DATA]       SYMBOLS USED IN COLUMN 16

AVERAGE MONTHLY: 29.5   TOTAL FOR MONTH:   1.13    1 = FOG OR MIST
DPTR FM NORMAL:   3.5   DPTR FM NORMAL:    0.31    2 = FOG REDUCING VISIBILITY
HIGHEST:    61 ON  7    GRTST 24HR  1.03 ON 31- 1      TO 1/4 MILE OR LESS
LOWEST:     -2 ON 20                               3 = THUNDER
                        SNOW, ICE PELLETS, HAIL    4 = ICE PELLETS
                        TOTAL MONTH:    M          5 = HAIL
                        GRTST 24HR    M  ON   M    6 = FREEZING RAIN OR DRIZZLE
                        GRTST DEPTH:  M  ON   M    7 = DUSTSTORM OR SANDSTORM:
                                                       VSBY 1/2 MILE OR LESS
                                                   8 = SMOKE OR HAZE
[NO. OF DAYS WITH]      [WEATHER - DAYS WITH]      9 = BLOWING SNOW
                                                   X = TORNADO
MAX 32 OR BELOW:  10    0.01 INCH OR MORE:   3
MAX 90 OR ABOVE:   0    0.10 INCH OR MORE:   3
MIN 32 OR BELOW:  18    0.50 INCH OR MORE:   1
MIN  0 OR BELOW:   1    1.00 INCH OR MORE:   0

[HDD (BASE 65) ]
TOTAL THIS MO.   705    CLEAR  (SCALE 0-3)   7
DPTR FM NORMAL   -75    PTCLDY (SCALE 4-7)   6
TOTAL FM JUL 1  3092    CLOUDY (SCALE 8-10)  7
DPTR FM NORMAL   126

[CDD (BASE 65) ]
TOTAL THIS MO.     0
DPTR FM NORMAL     0    [PRESSURE DATA]
TOTAL FM JAN 1     0    HIGHEST SLP M ON M
DPTR FM NORMAL     0    LOWEST  SLP 29.50 ON  7

[REMARKS]
