000
CXUS55 KMSO 200900
CF6BTM
PRELIMINARY LOCAL CLIMATOLOGICAL DATA (WS FORM: F-6)

                                          STATION:   BUTTE MT
                                          MONTH:     OCTOBER
                                          YEAR:      2019
                                          LATITUDE:   45 57 N
                                          LONGITUDE: 112 30 W

  TEMPERATURE IN F:       :PCPN:    SNOW:  WIND      :SUNSHINE: SKY     :PK WND
================================================================================
1   2   3   4   5  6A  6B    7    8   9   10  11  12  13   14  15   16   17  18
                                     12Z  AVG MX 2MIN
DY MAX MIN AVG DEP HDD CDD  WTR  SNW DPTH SPD SPD DIR MIN PSBL S-S WX    SPD DR
================================================================================

 1  42  25  34 -12  31   0 0.00    M    M  5.8 16 160   M    M   6        19 150
 2  48  26  37  -9  28   0 0.00    M    M  2.7 12 150   M    M   4        16 200
 3  57  23  40  -5  25   0 0.00    M    M  3.0 16 180   M    M   2        19 140
 4  47  28  38  -7  27   0 0.14    M    M  5.9 17 290   M    M   6 1      22 290
 5  46  32  39  -5  26   0    T    M    M  6.4 29 320   M    M   8 1      34 320
 6  57  28  43  -1  22   0 0.00    M    M  4.8 13 320   M    M   2        18 340
 7  65  25  45   1  20   0 0.00    M    M  5.3 20 240   M    M   0 8      24 220
 8  62  22  42  -2  23   0    T    M    M 10.1 23 310   M    M   5 1      32 270
 9  23   7  15 -28  50   0 0.01    M    M  9.0 21  10   M    M   9 128    25  10
10  30   9  20 -23  45   0 0.00    M    M  2.6  8 290   M    M   4 8      11 310
11  40   3  22 -20  43   0 0.00    M    M  3.2  7 150   M    M   0         7 150
12  50  13  32 -10  33   0 0.00    M    M  2.7 10 160   M    M   0 1      12 150
13  58  21  40  -2  25   0 0.00    M    M  2.5  9 130   M    M   1        10 130
14  50  27  39  -3  26   0 0.00    M    M  6.4 18 310   M    M   5        27 310
15  62  23  43   2  22   0 0.00    M    M  1.7  9 160   M    M   0        10 170
16  69  32  51  10  14   0 0.00    M    M  4.5 18 200   M    M   0 8      22 200
17  56  35  46   6  19   0 0.09    M    M  4.9 26 270   M    M   6 1      37 270
18  46  30  38  -2  27   0    T    M    0  6.2 23 280   M    M   6        30 270
19  41  26  34  -6  31   0    T    M    M  4.9 24 210   M    M   6 18     30 210
================================================================================
SM  949  435       537   0  0.24    M     92.6          M       70
================================================================================
AV 50.0 22.9                               4.9 FASTST   M    M   4    MAX(MPH)
                                 MISC ---->  # 29 320               # 37  270
================================================================================
NOTES:
# LAST OF SEVERAL OCCURRENCES

COLUMN 17 PEAK WIND IN M.P.H.

PRELIMINARY LOCAL CLIMATOLOGICAL DATA (WS FORM: F-6) , PAGE 2

                                          STATION:  BUTTE MT
                                          MONTH:    OCTOBER
                                          YEAR:     2019
                                          LATITUDE:   45 57 N
                                          LONGITUDE: 112 30 W

[TEMPERATURE DATA]      [PRECIPITATION DATA]       SYMBOLS USED IN COLUMN 16

AVERAGE MONTHLY: 36.4   TOTAL FOR MONTH:   0.24    1 = FOG OR MIST
DPTR FM NORMAL:  -6.4   DPTR FM NORMAL:   -0.28    2 = FOG REDUCING VISIBILITY
HIGHEST:    69 ON 16    GRTST 24HR  0.14 ON  4- 4      TO 1/4 MILE OR LESS
LOWEST:      3 ON 11                               3 = THUNDER
                        SNOW, ICE PELLETS, HAIL    4 = ICE PELLETS
                        TOTAL MONTH:    M          5 = HAIL
                        GRTST 24HR    M  ON   M    6 = FREEZING RAIN OR DRIZZLE
                        GRTST DEPTH:   0           7 = DUSTSTORM OR SANDSTORM:
                                                       VSBY 1/2 MILE OR LESS
                                                   8 = SMOKE OR HAZE
[NO. OF DAYS WITH]      [WEATHER - DAYS WITH]      9 = BLOWING SNOW
                                                   X = TORNADO
MAX 32 OR BELOW:   2    0.01 INCH OR MORE:   3
MAX 90 OR ABOVE:   0    0.10 INCH OR MORE:   1
MIN 32 OR BELOW:  18    0.50 INCH OR MORE:   0
MIN  0 OR BELOW:   0    1.00 INCH OR MORE:   0

[HDD (BASE 65) ]
TOTAL THIS MO.   537    CLEAR  (SCALE 0-3)   8
DPTR FM NORMAL   117    PTCLDY (SCALE 4-7)  10
TOTAL FM JUL 1  1061    CLOUDY (SCALE 8-10)  1
DPTR FM NORMAL    20

[CDD (BASE 65) ]
TOTAL THIS MO.     0
DPTR FM NORMAL     0    [PRESSURE DATA]
TOTAL FM JAN 1    84    HIGHEST SLP M ON M
DPTR FM NORMAL     3    LOWEST  SLP 29.59 ON 17

[REMARKS]
