000
CXUS55 KLIX 211000
CF6BTR
PRELIMINARY LOCAL CLIMATOLOGICAL DATA (WS FORM: F-6)

                                          STATION:   BATON ROUGE  ASOS
                                          MONTH:     OCTOBER
                                          YEAR:      2019
                                          LATITUDE:   30 31 N
                                          LONGITUDE:  91  9 W

  TEMPERATURE IN F:       :PCPN:    SNOW:  WIND      :SUNSHINE: SKY     :PK WND
================================================================================
1   2   3   4   5  6A  6B    7    8   9   10  11  12  13   14  15   16   17  18
                                     12Z  AVG MX 2MIN
DY MAX MIN AVG DEP HDD CDD  WTR  SNW DPTH SPD SPD DIR MIN PSBL S-S WX    SPD DR
================================================================================

 1  96  71  84  10   0  19 0.00  0.0    0  3.7 14 130   M    M   1 18     20 150
 2  97  72  85  11   0  20 0.00  0.0    0  2.6 12 180   M    M   3 18     14  60
 3  96  73  85  12   0  20 0.00  0.0    0  2.5 16 120   M    M   2 18     19 120
 4  97  72  85  12   0  20 1.49  0.0    0  6.0 36 120   M    M   1 13     51 130
 5  93  69  81   8   0  16 0.00  0.0    0  3.7 12 100   M    M   0 3      14  30
 6  92  71  82  10   0  17 0.00  0.0    0  7.3 16 120   M    M   1 1      22 110
 7  88  65  77   5   0  12 0.14  0.0    0  5.9 17 350   M    M   2 138    23 350
 8  84  65  75   3   0  10 0.00  0.0    0  4.8 10 320   M    M   5        15 320
 9  89  65  77   6   0  12 0.00  0.0    0  3.6 10 120   M    M   4 8      13 120
10  88  70  79   8   0  14    T  0.0    0  6.9 20 140   M    M   5 1      25 150
11  89  63  76   5   0  11 0.49  0.0    0  6.5 23 260   M    M   6 13     30 270
12  68  57  63  -7   2   0 0.00  0.0    0  7.5 15  20   M    M   8 8      22  10
13  84  57  71   1   0   6    T  0.0    0  4.1 10  10   M    M   4        13 340
14  72  65  69  -1   0   4 0.85  0.0    0  5.1 10 110   M    M   9 1      13  90
15  86  70  78   8   0  13 0.63  0.0    0  6.6 17 310   M    M   9 123    22 310
16  73  55  64  -5   1   0 0.56  0.0    0  6.0 14 360   M    M   6 13     21  20
17  66  52  59 -10   6   0 0.00  0.0    0  6.3 13  60   M    M   0        15  30
18  76  58  67  -2   0   2    T  0.0    0  7.3 16  70   M    M   1        21  50
19  84  55  70   2   0   5 0.00  0.0    0  2.5 10 350   M    M   0        15  10
20  88  62  75   7   0  10 0.00  0.0    0  6.5 15 180   M    M   4 18     20 170
================================================================================
SM 1706 1287         9 211  4.16     0.0 105.4          M       71
================================================================================
AV 85.3 64.4                               5.3 FASTST   M    M   4    MAX(MPH)
                                 MISC ---->  # 36 120               # 51  130
================================================================================
NOTES:
# LAST OF SEVERAL OCCURRENCES

COLUMN 17 PEAK WIND IN M.P.H.

PRELIMINARY LOCAL CLIMATOLOGICAL DATA (WS FORM: F-6) , PAGE 2

                                          STATION:  BATON ROUGE  ASOS
                                          MONTH:    OCTOBER
                                          YEAR:     2019
                                          LATITUDE:   30 31 N
                                          LONGITUDE:  91  9 W

[TEMPERATURE DATA]      [PRECIPITATION DATA]       SYMBOLS USED IN COLUMN 16

AVERAGE MONTHLY: 74.8   TOTAL FOR MONTH:   4.16    1 = FOG OR MIST
DPTR FM NORMAL:   3.9   DPTR FM NORMAL:    1.18    2 = FOG REDUCING VISIBILITY
HIGHEST:    97 ON  4, 2 GRTST 24HR  1.49 ON  4- 4      TO 1/4 MILE OR LESS
LOWEST:     52 ON 17                               3 = THUNDER
                        SNOW, ICE PELLETS, HAIL    4 = ICE PELLETS
                        TOTAL MONTH:   0.0 INCH    5 = HAIL
                        GRTST 24HR     0.0         6 = FREEZING RAIN OR DRIZZLE
                        GRTST DEPTH:   0           7 = DUSTSTORM OR SANDSTORM:
                                                       VSBY 1/2 MILE OR LESS
                                                   8 = SMOKE OR HAZE
[NO. OF DAYS WITH]      [WEATHER - DAYS WITH]      9 = BLOWING SNOW
                                                   X = TORNADO
MAX 32 OR BELOW:   0    0.01 INCH OR MORE:   6
MAX 90 OR ABOVE:   6    0.10 INCH OR MORE:   6
MIN 32 OR BELOW:   0    0.50 INCH OR MORE:   4
MIN  0 OR BELOW:   0    1.00 INCH OR MORE:   1

[HDD (BASE 65) ]
TOTAL THIS MO.     9    CLEAR  (SCALE 0-3)  10
DPTR FM NORMAL    -8    PTCLDY (SCALE 4-7)   8
TOTAL FM JUL 1     9    CLOUDY (SCALE 8-10)  2
DPTR FM NORMAL   -10

[CDD (BASE 65) ]
TOTAL THIS MO.   211
DPTR FM NORMAL    75    [PRESSURE DATA]
TOTAL FM JAN 1  3094    HIGHEST SLP M ON M
DPTR FM NORMAL   387    LOWEST  SLP 29.73 ON 19

[REMARKS]
