000
CXUS55 KLIX 191000
CF6BTR
PRELIMINARY LOCAL CLIMATOLOGICAL DATA (WS FORM: F-6)

                                          STATION:   BATON ROUGE  ASOS
                                          MONTH:     OCTOBER
                                          YEAR:      2018
                                          LATITUDE:   30 31 N
                                          LONGITUDE:  91  9 W

  TEMPERATURE IN F:       :PCPN:    SNOW:  WIND      :SUNSHINE: SKY     :PK WND
================================================================================
1   2   3   4   5  6A  6B    7    8   9   10  11  12  13   14  15   16   17  18
                                     12Z  AVG MX 2MIN
DY MAX MIN AVG DEP HDD CDD  WTR  SNW DPTH SPD SPD DIR MIN PSBL S-S WX    SPD DR
================================================================================

 1  90  72  81   7   0  16 0.25  0.0    0  5.2 29 160   M    M   2 13     37 150
 2  92  72  82   8   0  17 0.00  0.0    0  3.4  9  90   M    M   1 13     12 130
 3  91  71  81   8   0  16    T  0.0    0  4.7 17 140   M    M   2 1      21 140
 4  92  72  82   9   0  17 0.00  0.0    0  4.9 13 100   M    M   2 1      16 100
 5  91  70  81   8   0  16 0.00  0.0    0  5.1 15 110   M    M   1 1      21 110
 6  88  72  80   8   0  15 0.01  0.0    0  5.8 16  80   M    M   5 13     20 200
 7  90  72  81   9   0  16    T  0.0    0  7.5 18 110   M    M   4 12     25 100
 8  89  72  81   9   0  16    T  0.0    0 10.0 21  70   M    M   2 13     26  80
 9  86  73  80   9   0  15 0.02  0.0    0  8.9 20 110   M    M   4 8      31 120
10  88  68  78   7   0  13 0.00  0.0    0  6.1 16 290   M    M   2 1      22 270
11  81  60  71   0   0   6 0.00  0.0    0  6.1 15 350   M    M   0        20 360
12  81  53  67  -3   0   2 0.00  0.0    0  3.9 14  70   M    M   0        19  70
13  87  58  73   3   0   8 0.00  0.0    0  5.4 17 150   M    M   0 1      22 140
14  90  67  79   9   0  14 0.00  0.0    0  6.8 16 150   M    M   3        21 160
15  90  70  80  10   0  15 1.81  0.0    0  5.3 17 130   M    M   6 123    22 130
16  75  66  71   2   0   6 0.54  0.0    0  7.6 14  20   M    M  10 13     18  20
17  69  64  67  -2   0   2 0.29  0.0    0  8.3 14  40   M    M  10 1      18  40
18  81  61  71   2   0   6 0.00  0.0    0  9.2 20  40   M    M   3        24  40
================================================================================
SM 1551 1213         0 216  2.92     0.0 114.2          M       57
================================================================================
AV 86.2 67.4                               6.3 FASTST   M    M   3    MAX(MPH)
                                 MISC ---->  # 29 160               # 37  150
================================================================================
NOTES:
# LAST OF SEVERAL OCCURRENCES

COLUMN 17 PEAK WIND IN M.P.H.

PRELIMINARY LOCAL CLIMATOLOGICAL DATA (WS FORM: F-6) , PAGE 2

                                          STATION:  BATON ROUGE  ASOS
                                          MONTH:    OCTOBER
                                          YEAR:     2018
                                          LATITUDE:   30 31 N
                                          LONGITUDE:  91  9 W

[TEMPERATURE DATA]      [PRECIPITATION DATA]       SYMBOLS USED IN COLUMN 16

AVERAGE MONTHLY: 76.8   TOTAL FOR MONTH:   2.92    1 = FOG OR MIST
DPTR FM NORMAL:   5.5   DPTR FM NORMAL:    0.28    2 = FOG REDUCING VISIBILITY
HIGHEST:    92 ON  4, 2 GRTST 24HR  1.81 ON 15-15      TO 1/4 MILE OR LESS
LOWEST:     53 ON 12                               3 = THUNDER
                        SNOW, ICE PELLETS, HAIL    4 = ICE PELLETS
                        TOTAL MONTH:   0.0 INCH    5 = HAIL
                        GRTST 24HR     0.0         6 = FREEZING RAIN OR DRIZZLE
                        GRTST DEPTH:   0           7 = DUSTSTORM OR SANDSTORM:
                                                       VSBY 1/2 MILE OR LESS
                                                   8 = SMOKE OR HAZE
[NO. OF DAYS WITH]      [WEATHER - DAYS WITH]      9 = BLOWING SNOW
                                                   X = TORNADO
MAX 32 OR BELOW:   0    0.01 INCH OR MORE:   6
MAX 90 OR ABOVE:   8    0.10 INCH OR MORE:   4
MIN 32 OR BELOW:   0    0.50 INCH OR MORE:   2
MIN  0 OR BELOW:   0    1.00 INCH OR MORE:   1

[HDD (BASE 65) ]
TOTAL THIS MO.     0    CLEAR  (SCALE 0-3)  11
DPTR FM NORMAL   -13    PTCLDY (SCALE 4-7)   5
TOTAL FM JUL 1     0    CLOUDY (SCALE 8-10)  2
DPTR FM NORMAL   -15

[CDD (BASE 65) ]
TOTAL THIS MO.   216
DPTR FM NORMAL    90    [PRESSURE DATA]
TOTAL FM JAN 1  3096    HIGHEST SLP M ON M
DPTR FM NORMAL   399    LOWEST  SLP 29.70 ON 10

[REMARKS]
