000
CXUS51 KBTV 170700
CF6BTV
PRELIMINARY LOCAL CLIMATOLOGICAL DATA (WS FORM: F-6)

                                          STATION:   BURLINGTON VT
                                          MONTH:     JANUARY
                                          YEAR:      2019
                                          LATITUDE:   44 28 N
                                          LONGITUDE:  73  9 W

  TEMPERATURE IN F:       :PCPN:    SNOW:  WIND      :SUNSHINE: SKY     :PK WND
================================================================================
1   2   3   4   5  6A  6B    7    8   9   10  11  12  13   14  15   16   17  18
                                     12Z  AVG MX 2MIN
DY MAX MIN AVG DEP HDD CDD  WTR  SNW DPTH SPD SPD DIR MIN PSBL S-S WX    SPD DR
================================================================================

 1  44  18  31  11  34   0 0.14    T    0 16.4 29 320   M    M   9 1      35 300
 2  24  14  19  -1  46   0    T  0.2    T  4.2 10  10   M    M   5        18  10
 3  31  24  28   8  37   0 0.07  2.0    2  4.2 13 180   M    M   9 1      17 170
 4  41  31  36  16  29   0    T    T    2 10.0 23 190   M    M   5        30 190
 5  38  26  32  13  33   0 0.00  0.0    1  3.2 14 330   M    M   6 1      17 320
 6  37  15  26   7  39   0 0.07  1.4    2 14.7 31 330   M    M  10 189    40 320
 7  21   7  14  -5  51   0 0.00  0.0    2  7.6 20 190   M    M   6 8      27 180
 8  37  20  29  10  36   0 0.26  0.5    2 12.9 32 180   M    M  10 1489   43 190
 9  35  29  32  13  33   0 0.37  4.2    4  8.1 20 310   M    M  10 1      26 330
10  30  14  22   3  43   0 0.01  2.9    5 16.2 25 320   M    M  10 19     35 330
11  14   5  10  -9  55   0    T  0.2    5 11.4 20 320   M    M   6        24 320
12  18  -6   6 -12  59   0 0.00  0.0    5  3.3 10 310   M    M   2        13 320
13  14  -6   4 -14  61   0 0.00  0.0    5  3.6 10 320   M    M   1 128    11 320
14  19  -5   7 -11  58   0    T    T    4  1.7  6  90   M    M   5 18      7  80
15  29   5  17  -1  48   0    T    T    4  6.3 15 180   M    M   9        19 180
16  36   8  22   4  43   0 0.01    T    4 13.2 24 310   M    M   8        32 270
================================================================================
SM  468  199       705   0  0.93    11.4 137.0          M      111
================================================================================
AV 29.3 12.4                               8.6 FASTST   M    M   7    MAX(MPH)
                                 MISC ---->  # 32 180               # 43  190
================================================================================
NOTES:
# LAST OF SEVERAL OCCURRENCES

COLUMN 17 PEAK WIND IN M.P.H.

PRELIMINARY LOCAL CLIMATOLOGICAL DATA (WS FORM: F-6) , PAGE 2

                                          STATION:  BURLINGTON VT
                                          MONTH:    JANUARY
                                          YEAR:     2019
                                          LATITUDE:   44 28 N
                                          LONGITUDE:  73  9 W

[TEMPERATURE DATA]      [PRECIPITATION DATA]       SYMBOLS USED IN COLUMN 16

AVERAGE MONTHLY: 20.8   TOTAL FOR MONTH:   0.93    1 = FOG OR MIST
DPTR FM NORMAL:   1.9   DPTR FM NORMAL:   -0.13    2 = FOG REDUCING VISIBILITY
HIGHEST:    44 ON  1    GRTST 24HR  0.37 ON  9- 9      TO 1/4 MILE OR LESS
LOWEST:     -6 ON 13,12                            3 = THUNDER
                        SNOW, ICE PELLETS, HAIL    4 = ICE PELLETS
                        TOTAL MONTH:  11.4 INCHES  5 = HAIL
                        GRTST 24HR   4.2 ON  9- 9  6 = FREEZING RAIN OR DRIZZLE
                        GRTST DEPTH:   5 ON 13,12  7 = DUSTSTORM OR SANDSTORM:
                                                       VSBY 1/2 MILE OR LESS
                                                   8 = SMOKE OR HAZE
[NO. OF DAYS WITH]      [WEATHER - DAYS WITH]      9 = BLOWING SNOW
                                                   X = TORNADO
MAX 32 OR BELOW:   9    0.01 INCH OR MORE:   7
MAX 90 OR ABOVE:   0    0.10 INCH OR MORE:   3
MIN 32 OR BELOW:  16    0.50 INCH OR MORE:   0
MIN  0 OR BELOW:   3    1.00 INCH OR MORE:   0

[HDD (BASE 65) ]
TOTAL THIS MO.   705    CLEAR  (SCALE 0-3)   2
DPTR FM NORMAL   -32    PTCLDY (SCALE 4-7)   7
TOTAL FM JUL 1  3430    CLOUDY (SCALE 8-10)  7
DPTR FM NORMAL   -66

[CDD (BASE 65) ]
TOTAL THIS MO.     0
DPTR FM NORMAL     0    [PRESSURE DATA]
TOTAL FM JAN 1     0    HIGHEST SLP M ON M
DPTR FM NORMAL     0    LOWEST  SLP 29.32 ON  9

[REMARKS]
