000
CXUS51 KBUF 231205
CF6BUF
PRELIMINARY LOCAL CLIMATOLOGICAL DATA (WS FORM: F-6)

                                          STATION:   BUFFALO NY
                                          MONTH:     OCTOBER
                                          YEAR:      2018
                                          LATITUDE:   42 55 N
                                          LONGITUDE:  78 44 W

  TEMPERATURE IN F:       :PCPN:    SNOW:  WIND      :SUNSHINE: SKY     :PK WND
================================================================================
1   2   3   4   5  6A  6B    7    8   9   10  11  12  13   14  15   16   17  18
                                     12Z  AVG MX 2MIN
DY MAX MIN AVG DEP HDD CDD  WTR  SNW DPTH SPD SPD DIR MIN PSBL S-S WX    SPD DR
================================================================================

 1  54  50  52  -4  13   0 0.09  0.0    0 10.9 20  60   M    M  10 1      24  50
 2  69  51  60   4   5   0 1.00  0.0    0  8.5 21 320   M    M   9 1      24 320
 3  70  53  62   7   3   0    T  0.0    0  5.5 20 200   M    M   9 1      25 210
 4  74  46  60   5   5   0 0.45  0.0    0 12.5 32 220   M    M   4 13     39 220
 5  58  44  51  -4  14   0 0.00  0.0    0  9.6 16  70   M    M   7        21 100
 6  74  51  63   9   2   0 0.73  0.0    0  8.1 20 200   M    M   9 13     26 250
 7  67  53  60   6   5   0 0.02  0.0    0  9.4 16  60   M    M  10 1      21  50
 8  82  53  68  14   0   3 0.01  0.0    0  7.9 16  70   M    M   7 1      20  70
 9  83  70  77  24   0  12 0.00  0.0    0 11.4 23 210   M    M   2 8      30 210
10  81  67  74  21   0   9    T  0.0    0 10.6 21 190   M    M   5        25 190
11  74  50  62  10   3   0 0.01  0.0    0 15.7 29 240   M    M   9        39 220
12  51  42  47  -5  18   0 0.01  0.0    0 12.5 21 260   M    M   9        27 280
13  51  40  46  -6  19   0 0.14  0.0    0  8.4 18 240   M    M   7 1      24 250
14  60  41  51   0  14   0 0.00  0.0    0  6.5 14 250   M    M   6        17 250
15  58  40  49  -2  16   0 0.09  0.0    0 12.8 28 290   M    M   8 1      37 220
16  52  38  45  -6  20   0    T  0.0    0 15.8 30 220   M    M   5        40 210
17  53  36  45  -5  20   0 0.05    T    0 15.3 28 290   M    M   8 15     36 290
18  47  33  40 -10  25   0 0.03    T    0 11.2 21 240   M    M   7 18     28 250
19  57  43  50   0  15   0    T  0.0    0 18.0 35 240   M    M   8        48 210
20  55  40  48  -1  17   0 0.47  0.1    0 12.3 36 240   M    M   9 1345   49 220
21  42  34  38 -11  27   0    T    T    0 11.6 26 320   M    M   8        34 330
22  51  37  44  -5  21   0    T    T    0  9.0 22 230   M    M   8        29 220
================================================================================
SM 1363 1012       262  24  3.10     0.1 243.5          M      164
================================================================================
AV 62.0 46.0                              11.1 FASTST   M    M   7    MAX(MPH)
                                 MISC ---->  # 36 240               # 49  220
================================================================================
NOTES:
# LAST OF SEVERAL OCCURRENCES

COLUMN 17 PEAK WIND IN M.P.H.

PRELIMINARY LOCAL CLIMATOLOGICAL DATA (WS FORM: F-6) , PAGE 2

                                          STATION:  BUFFALO NY
                                          MONTH:    OCTOBER
                                          YEAR:     2018
                                          LATITUDE:   42 55 N
                                          LONGITUDE:  78 44 W

[TEMPERATURE DATA]      [PRECIPITATION DATA]       SYMBOLS USED IN COLUMN 16

AVERAGE MONTHLY: 54.0   TOTAL FOR MONTH:   3.10    1 = FOG OR MIST
DPTR FM NORMAL:   1.7   DPTR FM NORMAL:    0.57    2 = FOG REDUCING VISIBILITY
HIGHEST:    83 ON  9    GRTST 24HR  1.00 ON  2- 2      TO 1/4 MILE OR LESS
LOWEST:     33 ON 18                               3 = THUNDER
                        SNOW, ICE PELLETS, HAIL    4 = ICE PELLETS
                        TOTAL MONTH:   0.1 INCH    5 = HAIL
                        GRTST 24HR   0.1 ON 20-20  6 = FREEZING RAIN OR DRIZZLE
                        GRTST DEPTH:   0           7 = DUSTSTORM OR SANDSTORM:
                                                       VSBY 1/2 MILE OR LESS
                                                   8 = SMOKE OR HAZE
[NO. OF DAYS WITH]      [WEATHER - DAYS WITH]      9 = BLOWING SNOW
                                                   X = TORNADO
MAX 32 OR BELOW:   0    0.01 INCH OR MORE:  13
MAX 90 OR ABOVE:   0    0.10 INCH OR MORE:   5
MIN 32 OR BELOW:   0    0.50 INCH OR MORE:   2
MIN  0 OR BELOW:   0    1.00 INCH OR MORE:   1

[HDD (BASE 65) ]
TOTAL THIS MO.   262    CLEAR  (SCALE 0-3)   1
DPTR FM NORMAL   -20    PTCLDY (SCALE 4-7)  13
TOTAL FM JUL 1   345    CLOUDY (SCALE 8-10)  8
DPTR FM NORMAL   -99

[CDD (BASE 65) ]
TOTAL THIS MO.    24
DPTR FM NORMAL    24    [PRESSURE DATA]
TOTAL FM JAN 1   918    HIGHEST SLP M ON M
DPTR FM NORMAL   378    LOWEST  SLP 29.61 ON M

[REMARKS]
