000
CXUS51 KBUF 171205
CF6BUF
PRELIMINARY LOCAL CLIMATOLOGICAL DATA (WS FORM: F-6)

                                          STATION:   BUFFALO NY
                                          MONTH:     FEBRUARY
                                          YEAR:      2018
                                          LATITUDE:   42 55 N
                                          LONGITUDE:  78 44 W

  TEMPERATURE IN F:       :PCPN:    SNOW:  WIND      :SUNSHINE: SKY     :PK WND
================================================================================
1   2   3   4   5  6A  6B    7    8   9   10  11  12  13   14  15   16   17  18
                                     12Z  AVG MX 2MIN
DY MAX MIN AVG DEP HDD CDD  WTR  SNW DPTH SPD SPD DIR MIN PSBL S-S WX    SPD DR
================================================================================

 1  40  19  30   5  35   0    T    T    3 15.6 29 240   M    M   9        40 250
 2  19  11  15 -10  50   0 0.03  2.0    T 12.9 22 290   M    M   6 128    29 290
 3  33  14  24  -1  41   0 0.02  0.5    1 15.9 26 230   M    M  10 12     34 240
 4  39  20  30   5  35   0 0.26  0.5    1 14.2 30 230   M    M  10 18     37 240
 5  20  10  15 -10  50   0 0.07  1.7    2 13.8 28 230   M    M   8 1      33 240
 6  22  14  18  -7  47   0 0.09  2.5    3 11.2 21 250   M    M   9 1      26 240
 7  26  10  18  -7  47   0 0.26  3.4    3  8.7 18 300   M    M  10 12     25 290
 8  19   9  14 -11  51   0 0.01  0.1    5 12.4 22 240   M    M   8 18     27 240
 9  28  15  22  -3  43   0 0.25  3.7    4  7.0 16 230   M    M  10 12     21 230
10  30  26  28   3  37   0 0.34  3.6    8  6.2 14  50   M    M  10 1      17  50
11  42  25  34   8  31   0 0.06    T    9 12.7 30 240   M    M  10 16     38 230
12  28  14  21  -5  44   0    T    T    7 11.4 18 240   M    M   6        24 230
13  31  10  21  -5  44   0    T    T    6  5.5 10  30   M    M   7        13 130
14  41  24  33   7  32   0 0.00  0.0    5 13.9 26 240   M    M   6 8      36 240
15  49  39  44  18  21   0 0.30  0.0    2 12.8 29 240   M    M  10 12     38 240
16  43  23  33   7  32   0 0.04    T    0 10.0 20 290   M    M   7 12     24 280
================================================================================
SM  510  283       640   0  1.73    18.0 184.2          M      136
================================================================================
AV 31.9 17.7                              11.5 FASTST   M    M   9    MAX(MPH)
                                 MISC ---->  # 30 230               # 40  250
================================================================================
NOTES:
# LAST OF SEVERAL OCCURRENCES

COLUMN 17 PEAK WIND IN M.P.H.

PRELIMINARY LOCAL CLIMATOLOGICAL DATA (WS FORM: F-6) , PAGE 2

                                          STATION:  BUFFALO NY
                                          MONTH:    FEBRUARY
                                          YEAR:     2018
                                          LATITUDE:   42 55 N
                                          LONGITUDE:  78 44 W

[TEMPERATURE DATA]      [PRECIPITATION DATA]       SYMBOLS USED IN COLUMN 16

AVERAGE MONTHLY: 24.8   TOTAL FOR MONTH:   1.73    1 = FOG OR MIST
DPTR FM NORMAL:  -0.6   DPTR FM NORMAL:    0.33    2 = FOG REDUCING VISIBILITY
HIGHEST:    49 ON 15    GRTST 24HR  0.34 ON 10-10      TO 1/4 MILE OR LESS
LOWEST:      9 ON  8                               3 = THUNDER
                        SNOW, ICE PELLETS, HAIL    4 = ICE PELLETS
                        TOTAL MONTH:  18.0 INCHES  5 = HAIL
                        GRTST 24HR   3.7 ON  9- 9  6 = FREEZING RAIN OR DRIZZLE
                        GRTST DEPTH:   9 ON 11     7 = DUSTSTORM OR SANDSTORM:
                                                       VSBY 1/2 MILE OR LESS
                                                   8 = SMOKE OR HAZE
[NO. OF DAYS WITH]      [WEATHER - DAYS WITH]      9 = BLOWING SNOW
                                                   X = TORNADO
MAX 32 OR BELOW:   9    0.01 INCH OR MORE:  12
MAX 90 OR ABOVE:   0    0.10 INCH OR MORE:   5
MIN 32 OR BELOW:  15    0.50 INCH OR MORE:   0
MIN  0 OR BELOW:   0    1.00 INCH OR MORE:   0

[HDD (BASE 65) ]
TOTAL THIS MO.   640    CLEAR  (SCALE 0-3)   0
DPTR FM NORMAL     5    PTCLDY (SCALE 4-7)   6
TOTAL FM JUL 1  4231    CLOUDY (SCALE 8-10) 10
DPTR FM NORMAL   -63

[CDD (BASE 65) ]
TOTAL THIS MO.     0
DPTR FM NORMAL     0    [PRESSURE DATA]
TOTAL FM JAN 1     0    HIGHEST SLP M ON M
DPTR FM NORMAL     0    LOWEST  SLP 29.64 ON 15

[REMARKS]
