000
CXUS51 KBUF 181205
CF6BUF
PRELIMINARY LOCAL CLIMATOLOGICAL DATA (WS FORM: F-6)

                                          STATION:   BUFFALO NY
                                          MONTH:     FEBRUARY
                                          YEAR:      2019
                                          LATITUDE:   42 55 N
                                          LONGITUDE:  78 44 W

  TEMPERATURE IN F:       :PCPN:    SNOW:  WIND      :SUNSHINE: SKY     :PK WND
================================================================================
1   2   3   4   5  6A  6B    7    8   9   10  11  12  13   14  15   16   17  18
                                     12Z  AVG MX 2MIN
DY MAX MIN AVG DEP HDD CDD  WTR  SNW DPTH SPD SPD DIR MIN PSBL S-S WX    SPD DR
================================================================================

 1  11  -4   4 -21  61   0 0.00  0.0   23  6.2 13 230   M    M   3        19 260
 2  38   3  21  -4  44   0 0.00  0.0   22 15.4 28 250   M    M  10 89     37 220
 3  54  34  44  19  21   0    T  0.0   16 10.9 21 210   M    M   9        27 220
 4  59  42  51  26  14   0 0.04  0.0    0 11.9 24 210   M    M   9 1      31 210
 5  49  26  38  13  27   0 0.16  0.0    0 10.2 21 250   M    M   9 1      27 250
 6  33  26  30   5  35   0 0.81  0.0    T  9.0 23  70   M    M  10 16     29  60
 7  60  29  45  20  20   0 0.04  0.0    T  8.8 28 190   M    M  10 16     36 190
 8  59  15  37  12  28   0 0.01  0.1    T 29.3 41 240   M    M   9 189    57 250
 9  23  13  18  -7  47   0    T    T    T 15.0 28 260   M    M   7        38 270
10  26  13  20  -5  45   0    T    T    T  5.5 12  60   M    M   9        14  60
11  29  23  26   0  39   0    T  0.1    T 13.8 21  70   M    M  10        25  60
12  39  22  31   5  34   0 0.68  1.3    T 15.3 29 230   M    M  10 146    38 210
13  33  23  28   2  37   0 0.34  5.0    T 26.3 40 240   M    M   9 19     58 240
14  44  23  34   8  31   0    T  0.1    5 10.9 24 250   M    M   9 1      34 260
15  43  23  33   7  32   0 0.13  0.1    1 18.4 33 240   M    M   9 1      46 240
16  29  20  25  -1  40   0    T    T    0 10.2 21 250   M    M   8        28 240
17  26  18  22  -4  43   0 0.10  1.6    0 10.4 20  50   M    M   8 1      23  60
================================================================================
SM  655  349       598   0  2.31     8.3 227.5          M      148
================================================================================
AV 38.5 20.5                              13.4 FASTST   M    M   9    MAX(MPH)
                                 MISC ---->  # 41 240               # 58  240
================================================================================
NOTES:
# LAST OF SEVERAL OCCURRENCES

COLUMN 17 PEAK WIND IN M.P.H.

PRELIMINARY LOCAL CLIMATOLOGICAL DATA (WS FORM: F-6) , PAGE 2

                                          STATION:  BUFFALO NY
                                          MONTH:    FEBRUARY
                                          YEAR:     2019
                                          LATITUDE:   42 55 N
                                          LONGITUDE:  78 44 W

[TEMPERATURE DATA]      [PRECIPITATION DATA]       SYMBOLS USED IN COLUMN 16

AVERAGE MONTHLY: 29.5   TOTAL FOR MONTH:   2.31    1 = FOG OR MIST
DPTR FM NORMAL:   4.1   DPTR FM NORMAL:    0.82    2 = FOG REDUCING VISIBILITY
HIGHEST:    60 ON  7    GRTST 24HR  0.81 ON  6- 6      TO 1/4 MILE OR LESS
LOWEST:     -4 ON  1                               3 = THUNDER
                        SNOW, ICE PELLETS, HAIL    4 = ICE PELLETS
                        TOTAL MONTH:   8.3 INCHES  5 = HAIL
                        GRTST 24HR   5.0 ON 13-13  6 = FREEZING RAIN OR DRIZZLE
                        GRTST DEPTH:  23 ON  1     7 = DUSTSTORM OR SANDSTORM:
                                                       VSBY 1/2 MILE OR LESS
                                                   8 = SMOKE OR HAZE
[NO. OF DAYS WITH]      [WEATHER - DAYS WITH]      9 = BLOWING SNOW
                                                   X = TORNADO
MAX 32 OR BELOW:   6    0.01 INCH OR MORE:   9
MAX 90 OR ABOVE:   0    0.10 INCH OR MORE:   6
MIN 32 OR BELOW:  15    0.50 INCH OR MORE:   2
MIN  0 OR BELOW:   1    1.00 INCH OR MORE:   0

[HDD (BASE 65) ]
TOTAL THIS MO.   598    CLEAR  (SCALE 0-3)   1
DPTR FM NORMAL   -76    PTCLDY (SCALE 4-7)   3
TOTAL FM JUL 1  4302    CLOUDY (SCALE 8-10) 13
DPTR FM NORMAL   -31

[CDD (BASE 65) ]
TOTAL THIS MO.     0
DPTR FM NORMAL     0    [PRESSURE DATA]
TOTAL FM JAN 1     0    HIGHEST SLP M ON M
DPTR FM NORMAL     0    LOWEST  SLP 29.47 ON M

[REMARKS]
