000
CXUS56 KLOX 211655
CF6BUR
PRELIMINARY LOCAL CLIMATOLOGICAL DATA (WS FORM: F-6)

                                          STATION:   BOB HOPE AIRPORT (BURBANK) CA
                                          MONTH:     OCTOBER
                                          YEAR:      2019
                                          LATITUDE:   34 12 N
                                          LONGITUDE: 118 22 W

  TEMPERATURE IN F:       :PCPN:    SNOW:  WIND      :SUNSHINE: SKY     :PK WND
================================================================================
1   2   3   4   5  6A  6B    7    8   9   10  11  12  13   14  15   16   17  18
                                     12Z  AVG MX 2MIN
DY MAX MIN AVG DEP HDD CDD  WTR  SNW DPTH SPD SPD DIR MIN PSBL S-S WX    SPD DR
================================================================================

 1  73  51  62  -8   3   0 0.00  0.0    0  3.8 14 180   M    M   0 8      19 190
 2  83  53  68  -2   0   3 0.00  0.0    0  3.5 13 130   M    M   0        23 230
 3  79  54  67  -3   0   2 0.00  0.0    0  4.1 14 190   M    M   0        17 160
 4  78  54  66  -3   0   1 0.00  0.0    0  3.6 13 160   M    M   0        16 130
 5  84  53  69   0   0   4 0.00  0.0    0  3.0 12 160   M    M   0        15 170
 6  92  53  73   4   0   8 0.00  0.0    0  3.2 12 180   M    M   0        13 210
 7  89  57  73   4   0   8 0.00  0.0    0  3.6 12 160   M    M   0        15 160
 8  84  57  71   3   0   6 0.00  0.0    0  5.3 13 180   M    M   0 1       M  M
 9  75  59  67  -1   0   2 0.00  0.0    0  6.2 14 180   M    M   4 18     18 170
10  84  59  72   4   0   7 0.00  0.0    0  4.8 18  40   M    M   3        23  40
11  85  57  71   3   0   6 0.00  0.0    0  3.5 14 350   M    M   0 8      17 350
12  85  54  70   2   0   5 0.00  0.0    0  3.0 14 160   M    M   0        17 120
13  77  53  65  -2   0   0 0.00  0.0    0  4.6 13 170   M    M   0        15 150
14  74  54  64  -3   1   0 0.00  0.0    0  3.9 13 160   M    M   2 8      15 160
15  88  53  71   4   0   6 0.00  0.0    0  3.0 12 260   M    M   0        16 250
16  91  59  75   8   0  10 0.00  0.0    0  3.5 15 190   M    M   0        18 200
17  77  60  69   2   0   4 0.00  0.0    0  7.5 31 330   M    M   1 18     40 330
18  78  57  68   2   0   3 0.00  0.0    0  5.8 15 130   M    M   0        18 130
19  79  54  67   1   0   2 0.00  0.0    0  4.9 15 330   M    M   0 8      19 330
20  89  60  75   9   0  10 0.00  0.0    0  8.1 22 350   M    M   0        29 360
================================================================================
SM 1644 1111         4  87  0.00     0.0  88.8          M       10
================================================================================
AV 82.2 55.6                               4.4 FASTST   M    M   1    MAX(MPH)
                                 MISC ---->  # 31 330               # 40  330
================================================================================
NOTES:
# LAST OF SEVERAL OCCURRENCES

COLUMN 17 PEAK WIND IN M.P.H.

PRELIMINARY LOCAL CLIMATOLOGICAL DATA (WS FORM: F-6) , PAGE 2

                                          STATION:  BOB HOPE AIRPORT (BURBANK) CA
                                          MONTH:    OCTOBER
                                          YEAR:     2019
                                          LATITUDE:   34 12 N
                                          LONGITUDE: 118 22 W

[TEMPERATURE DATA]      [PRECIPITATION DATA]       SYMBOLS USED IN COLUMN 16

AVERAGE MONTHLY: 68.9   TOTAL FOR MONTH:   0.00    1 = FOG OR MIST
DPTR FM NORMAL:   0.9   DPTR FM NORMAL:   -0.57    2 = FOG REDUCING VISIBILITY
HIGHEST:    92 ON  6    GRTST 24HR  0.00 ON 20-20      TO 1/4 MILE OR LESS
LOWEST:     51 ON  1                               3 = THUNDER
                        SNOW, ICE PELLETS, HAIL    4 = ICE PELLETS
                        TOTAL MONTH:   0.0 INCH    5 = HAIL
                        GRTST 24HR     0.0         6 = FREEZING RAIN OR DRIZZLE
                        GRTST DEPTH:   0           7 = DUSTSTORM OR SANDSTORM:
                                                       VSBY 1/2 MILE OR LESS
                                                   8 = SMOKE OR HAZE
[NO. OF DAYS WITH]      [WEATHER - DAYS WITH]      9 = BLOWING SNOW
                                                   X = TORNADO
MAX 32 OR BELOW:   0    0.01 INCH OR MORE:   0
MAX 90 OR ABOVE:   2    0.10 INCH OR MORE:   0
MIN 32 OR BELOW:   0    0.50 INCH OR MORE:   0
MIN  0 OR BELOW:   0    1.00 INCH OR MORE:   0

[HDD (BASE 65) ]
TOTAL THIS MO.     4    CLEAR  (SCALE 0-3)  19
DPTR FM NORMAL   -17    PTCLDY (SCALE 4-7)   1
TOTAL FM JUL 1     8    CLOUDY (SCALE 8-10)  0
DPTR FM NORMAL   -19

[CDD (BASE 65) ]
TOTAL THIS MO.    87
DPTR FM NORMAL     8    [PRESSURE DATA]
TOTAL FM JAN 1  1343    HIGHEST SLP M ON M
DPTR FM NORMAL   133    LOWEST  SLP 29.71 ON 17

[REMARKS]
