000
CXUS54 KLIX 211000
CF6BVE
PRELIMINARY LOCAL CLIMATOLOGICAL DATA (WS FORM: F-6)

                                          STATION:   BOOTHVILLE
                                          MONTH:     OCTOBER
                                          YEAR:      2019
                                          LATITUDE:   29 19 N
                                          LONGITUDE:  89 24 W

  TEMPERATURE IN F:       :PCPN:    SNOW:  WIND      :SUNSHINE: SKY     :PK WND
================================================================================
1   2   3   4   5  6A  6B    7    8   9   10  11  12  13   14  15   16   17  18
                                     12Z  AVG MX 2MIN
DY MAX MIN AVG DEP HDD CDD  WTR  SNW DPTH SPD SPD DIR MIN PSBL S-S WX    SPD DR
================================================================================

 1  87  77  82   M   0  17 0.00  0.0    0  5.4 13  60   M    M   0        16  50
 2  87  78  83   M   0  18 0.00  0.0    0  5.3 14  80   M    M   1        18  50
 3  88  76  82   M   0  17 0.00  0.0    0  4.9 13  60   M    M   0 1      17  30
 4  88  76  82   M   0  17 0.00  0.0    0  4.1 12  70   M    M   0 1      18  70
 5  87  75  81   M   0  16 0.00  0.0    0  4.1 10 100   M    M   2        15  80
 6  87  78  83   M   0  18 0.01  0.0    0  8.1 21  90   M    M   1        28  80
 7  85  75  80   M   0  15 0.78  0.0    0  6.3 20  70   M    M   3 18     29  30
 8  82  74  78   M   0  13 0.00  0.0    0  6.5 15  30   M    M   4        23  20
 9  85  75  80   M   0  15 0.00  0.0    0  5.7 13  50   M    M   1        16  50
10  87  77  82   M   0  17    T  0.0    0  8.8 18 100   M    M   2        26 110
11  84  74  79   M   0  14 0.24  0.0    0  3.7 12 150   M    M   3 1      17 160
12  78  69  74   M   0   9 0.00  0.0    0  8.8 17 340   M    M   9 1      25 340
13  79  71  75   M   0  10 0.00  0.0    0  4.6 14 330   M    M   4 1      20 340
14  86  73  80   M   0  15    T  0.0    0  4.0 10  60   M    M   3        15  40
15  85  75  80   M   0  15 0.00  0.0    0  6.0 13 230   M    M   1        17 230
16  82  71  77   M   0  12 0.12  0.0    0  5.6 15 310   M    M   4 1      23 320
17  73  69  71   M   0   6 0.00  0.0    0 10.7 16  60   M    M   8        21  60
18  74  67  71   M   0   6 0.54  0.0    0 14.0 25  50   M    M   9 18     34  40
19  77  65  71   M   0   6    T  0.0    0  8.7 17 330   M    M   5 1      22 340
20  82  67  75   M   0  10 0.00  0.0    0  3.2  9 110   M    M   0 18     13 130
================================================================================
SM 1663 1462         0 266  1.69     0.0 128.5          M       60
================================================================================
AV 83.2 73.1                               6.4 FASTST   M    M   3    MAX(MPH)
                                 MISC ---->  # 25  50               # 34   40
================================================================================
NOTES:
# LAST OF SEVERAL OCCURRENCES

COLUMN 17 PEAK WIND IN M.P.H.

PRELIMINARY LOCAL CLIMATOLOGICAL DATA (WS FORM: F-6) , PAGE 2

                                          STATION:  BOOTHVILLE
                                          MONTH:    OCTOBER
                                          YEAR:     2019
                                          LATITUDE:   29 19 N
                                          LONGITUDE:  89 24 W

[TEMPERATURE DATA]      [PRECIPITATION DATA]       SYMBOLS USED IN COLUMN 16

AVERAGE MONTHLY: 78.1   TOTAL FOR MONTH:   1.69    1 = FOG OR MIST
DPTR FM NORMAL:     M   DPTR FM NORMAL:       M    2 = FOG REDUCING VISIBILITY
HIGHEST:    88 ON  4, 3 GRTST 24HR  0.78 ON  7- 7      TO 1/4 MILE OR LESS
LOWEST:     65 ON 19                               3 = THUNDER
                        SNOW, ICE PELLETS, HAIL    4 = ICE PELLETS
                        TOTAL MONTH:   0.0 INCH    5 = HAIL
                        GRTST 24HR     0.0         6 = FREEZING RAIN OR DRIZZLE
                        GRTST DEPTH:   0           7 = DUSTSTORM OR SANDSTORM:
                                                       VSBY 1/2 MILE OR LESS
                                                   8 = SMOKE OR HAZE
[NO. OF DAYS WITH]      [WEATHER - DAYS WITH]      9 = BLOWING SNOW
                                                   X = TORNADO
MAX 32 OR BELOW:   0    0.01 INCH OR MORE:   5
MAX 90 OR ABOVE:   0    0.10 INCH OR MORE:   4
MIN 32 OR BELOW:   0    0.50 INCH OR MORE:   2
MIN  0 OR BELOW:   0    1.00 INCH OR MORE:   0

[HDD (BASE 65) ]
TOTAL THIS MO.     0    CLEAR  (SCALE 0-3)  10
DPTR FM NORMAL     M    PTCLDY (SCALE 4-7)   7
TOTAL FM JUL 1     0    CLOUDY (SCALE 8-10)  3
DPTR FM NORMAL     M

[CDD (BASE 65) ]
TOTAL THIS MO.   266
DPTR FM NORMAL     M    [PRESSURE DATA]
TOTAL FM JAN 1  2940    HIGHEST SLP M ON M
DPTR FM NORMAL     M    LOWEST  SLP 29.73 ON 19

[REMARKS]
