000
CXUS54 KTSA 230840
CF6BVO
PRELIMINARY LOCAL CLIMATOLOGICAL DATA (WS FORM: F-6)

                                          STATION:   BARTLESVILLE OKLAHOMA
                                          MONTH:     MAY
                                          YEAR:      2018
                                          LATITUDE:   36 45 N
                                          LONGITUDE:  96  0 W

  TEMPERATURE IN F:       :PCPN:    SNOW:  WIND      :SUNSHINE: SKY     :PK WND
================================================================================
1   2   3   4   5  6A  6B    7    8   9   10  11  12  13   14  15   16   17  18
                                     12Z  AVG MX 2MIN
DY MAX MIN AVG DEP HDD CDD  WTR  SNW DPTH SPD SPD DIR MIN PSBL S-S WX    SPD DR
================================================================================

 1  80  66  73   9   0   8 0.00  0.0    0 13.6 23 160   M    M   7        33 190
 2  84  62  73   9   0   8 0.46  0.0    0 12.7 30 230   M    M   8 13     42 230
 3  80  62  71   7   0   6 0.13  0.0    0  9.7 23 120   M    M   4 13     31 190
 4  75  50  63  -2   2   0 0.00  0.0    0  4.1 12  10   M    M   1 1      18 280
 5  86  46  66   1   0   1 0.00  0.0    0  1.0  9  20   M    M   1 12     13  20
 6  91  57  74   9   0   9 0.00  0.0    0  5.5 20 200   M    M   0        26 210
 7  90  53  72   7   0   7 0.00  0.0    0  2.8 10 130   M    M   0        16 160
 8  91  57  74   8   0   9 0.00  0.0    0  7.9 17 180   M    M   0 8      31 160
 9  94  59  77  11   0  12 0.00  0.0    0  4.7 13 220   M    M   1 8      16 200
10  88  65  77  11   0  12    T  0.0    0  7.6 17 170   M    M   0 3      24 160
11  87  65  76  10   0  11 0.00  0.0    0 12.0 25 210   M    M   0        35 180
12  87  64  76   9   0  11 0.00  0.0    0  9.6 23 200   M    M   2        32 200
13  90  61  76   9   0  11 0.00  0.0    0  7.4 18 160   M    M   0 1      26 170
14  91  64  78  11   0  13 0.70  0.0    0  8.5 22  10   M    M   2 13     30 360
15  83  62  73   5   0   8 0.13  0.0    0  2.6 12 210   M    M   1 13     17 240
16  84  60  72   4   0   7 0.00  0.0    0  1.3  9  20   M    M   1 13     13 360
17  88  57  73   5   0   8 0.00  0.0    0  1.7 13  60   M    M   1 12     18  60
18  88  58  73   5   0   8 0.00  0.0    0  3.9 13 130   M    M   0 1      17 140
19  87  62  75   7   0  10 0.41  0.0    0  4.6 22 290   M    M   3 138    34 280
20  75  61  68  -1   0   3 2.39  0.0    0  2.1 20 270   M    M   7 13     30 270
21  81  55  68  -1   0   3 0.00  0.0    0  2.0  7  60   M    M   1 1      12  50
22  88  58  73   4   0   8 0.00  0.0    0  3.1  9 140   M    M   1 1      14 150
================================================================================
SM 1888 1304         2 173  4.22     0.0 128.4          M       41
================================================================================
AV 85.8 59.3                               5.8 FASTST   M    M   2    MAX(MPH)
                                 MISC ---->  # 30 230               # 42  230
================================================================================
NOTES:
# LAST OF SEVERAL OCCURRENCES

COLUMN 17 PEAK WIND IN M.P.H.

PRELIMINARY LOCAL CLIMATOLOGICAL DATA (WS FORM: F-6) , PAGE 2

                                          STATION:  BARTLESVILLE OKLAHOMA
                                          MONTH:    MAY
                                          YEAR:     2018
                                          LATITUDE:   36 45 N
                                          LONGITUDE:  96  0 W

[TEMPERATURE DATA]      [PRECIPITATION DATA]       SYMBOLS USED IN COLUMN 16

AVERAGE MONTHLY: 72.6   TOTAL FOR MONTH:   4.22    1 = FOG OR MIST
DPTR FM NORMAL:   6.0   DPTR FM NORMAL:    0.45    2 = FOG REDUCING VISIBILITY
HIGHEST:    94 ON  9    GRTST 24HR  2.39 ON 20-20      TO 1/4 MILE OR LESS
LOWEST:     46 ON  5                               3 = THUNDER
                        SNOW, ICE PELLETS, HAIL    4 = ICE PELLETS
                        TOTAL MONTH:   0.0 INCH    5 = HAIL
                        GRTST 24HR     0.0         6 = FREEZING RAIN OR DRIZZLE
                        GRTST DEPTH:   0           7 = DUSTSTORM OR SANDSTORM:
                                                       VSBY 1/2 MILE OR LESS
                                                   8 = SMOKE OR HAZE
[NO. OF DAYS WITH]      [WEATHER - DAYS WITH]      9 = BLOWING SNOW
                                                   X = TORNADO
MAX 32 OR BELOW:   0    0.01 INCH OR MORE:   6
MAX 90 OR ABOVE:   6    0.10 INCH OR MORE:   6
MIN 32 OR BELOW:   0    0.50 INCH OR MORE:   2
MIN  0 OR BELOW:   0    1.00 INCH OR MORE:   1

[HDD (BASE 65) ]
TOTAL THIS MO.     2    CLEAR  (SCALE 0-3)  18
DPTR FM NORMAL   -44    PTCLDY (SCALE 4-7)   4
TOTAL FM JUL 1  4067    CLOUDY (SCALE 8-10)  0
DPTR FM NORMAL     8

[CDD (BASE 65) ]
TOTAL THIS MO.   173
DPTR FM NORMAL    93    [PRESSURE DATA]
TOTAL FM JAN 1   191    HIGHEST SLP M ON M
DPTR FM NORMAL    66    LOWEST  SLP 29.70 ON M

[REMARKS]
