000
CXUS54 KLZK 191131
CF6BVX
PRELIMINARY LOCAL CLIMATOLOGICAL DATA (WS FORM: F-6)

                                          STATION:   Batesville Regional Airport
                                          MONTH:     OCTOBER
                                          YEAR:      2019
                                          LATITUDE:   35 43 N
                                          LONGITUDE:  91 39 W

  TEMPERATURE IN F:       :PCPN:    SNOW:  WIND      :SUNSHINE: SKY     :PK WND
================================================================================
1   2   3   4   5  6A  6B    7    8   9   10  11  12  13   14  15   16   17  18
                                     12Z  AVG MX 2MIN
DY MAX MIN AVG DEP HDD CDD  WTR  SNW DPTH SPD SPD DIR MIN PSBL S-S WX    SPD DR
================================================================================

 1  92  69  81  16   0  16 0.00    M    M  4.4 12 220   M    M   0        18 220
 2  94  68  81  16   0  16 0.00    M    M  3.6 15 230   M    M   0        20 230
 3  92  68  80  15   0  15 0.00    M    M  3.1  9 330   M    M   1         M  M
 4  79  60  70   6   0   5 0.00    M    M  5.4  8  70   M    M   0         M  M
 5  86  56  71   7   0   6 0.00    M    M  3.2  7 260   M    M   0         M  M
 6   M   M   M   M   M   M 0.97    M    M  4.3 12  70   M    M   5 138     M  M
 7  73  51  62  -1   3   0 0.01    M    M  5.5 13  40   M    M   2        16  40
 8  75  46  61  -2   4   0 0.00    M    M  4.9 13  70   M    M   0        16  70
 9  79  46  63   1   2   0 0.00    M    M  4.9 12  90   M    M   1        16  90
10  85  59  72  10   0   7    T    M    M  6.2 15 160   M    M   1        21 160
11  75  40  58  -4   7   0 0.48    M    M  6.5 13 310   M    M   5 1      22 320
12  62  33  48 -14  17   0 0.00    M    M  2.5  7 100   M    M   0         M  M
13  71  35  53  -8  12   0 0.00    M    M  3.4 10 220   M    M   0         M  M
14  71  41  56  -5   9   0 0.00    M    M  2.7 10  90   M    M   0         M  M
15  70  56  63   2   2   0 0.33    M    M  3.3  6 320   M    M  10 1       M  M
16  64  44  54  -6  11   0 0.00    M    M  5.4  9 310   M    M   0        17 330
17  66  38  52  -8  13   0 0.00    M    M  2.5  7  90   M    M   0 1       M  M
18  69  39  54  -6  11   0 0.00    M    M  4.0 14  90   M    M   0 1       M  M
================================================================================
SM 1303  849        91  65  1.79    M     75.8          M       25
================================================================================
AV 76.7 49.9                               4.2 FASTST   M    M   1    MAX(MPH)
                                 MISC ---->  # 15 230               # 22  320
================================================================================
NOTES:
# LAST OF SEVERAL OCCURRENCES

COLUMN 17 PEAK WIND IN M.P.H.

PRELIMINARY LOCAL CLIMATOLOGICAL DATA (WS FORM: F-6) , PAGE 2

                                          STATION:  Batesville Regional Airport
                                          MONTH:    OCTOBER
                                          YEAR:     2019
                                          LATITUDE:   35 43 N
                                          LONGITUDE:  91 39 W

[TEMPERATURE DATA]      [PRECIPITATION DATA]       SYMBOLS USED IN COLUMN 16

AVERAGE MONTHLY: 63.3   TOTAL FOR MONTH:   1.79    1 = FOG OR MIST
DPTR FM NORMAL:   0.8   DPTR FM NORMAL:   -0.51    2 = FOG REDUCING VISIBILITY
HIGHEST:    94 ON  2    GRTST 24HR  0.97 ON  6- 6      TO 1/4 MILE OR LESS
LOWEST:     33 ON 12                               3 = THUNDER
                        SNOW, ICE PELLETS, HAIL    4 = ICE PELLETS
                        TOTAL MONTH:    M          5 = HAIL
                        GRTST 24HR    M  ON   M    6 = FREEZING RAIN OR DRIZZLE
                        GRTST DEPTH:  M  ON   M    7 = DUSTSTORM OR SANDSTORM:
                                                       VSBY 1/2 MILE OR LESS
                                                   8 = SMOKE OR HAZE
[NO. OF DAYS WITH]      [WEATHER - DAYS WITH]      9 = BLOWING SNOW
                                                   X = TORNADO
MAX 32 OR BELOW:   0    0.01 INCH OR MORE:   4
MAX 90 OR ABOVE:   3    0.10 INCH OR MORE:   3
MIN 32 OR BELOW:   0    0.50 INCH OR MORE:   1
MIN  0 OR BELOW:   0    1.00 INCH OR MORE:   0

[HDD (BASE 65) ]
TOTAL THIS MO.    91    CLEAR  (SCALE 0-3)  15
DPTR FM NORMAL    10    PTCLDY (SCALE 4-7)   2
TOTAL FM JUL 1    91    CLOUDY (SCALE 8-10)  1
DPTR FM NORMAL   -17

[CDD (BASE 65) ]
TOTAL THIS MO.    65
DPTR FM NORMAL    30    [PRESSURE DATA]
TOTAL FM JAN 1  1964    HIGHEST SLP M ON M
DPTR FM NORMAL   235    LOWEST  SLP 29.79 ON 18

[REMARKS]
