000
CXUS54 KLZK 221130
CF6BVX
PRELIMINARY LOCAL CLIMATOLOGICAL DATA (WS FORM: F-6)

                                          STATION:   Batesville Regional Airport
                                          MONTH:     JANUARY
                                          YEAR:      2019
                                          LATITUDE:   35 43 N
                                          LONGITUDE:  91 39 W

  TEMPERATURE IN F:       :PCPN:    SNOW:  WIND      :SUNSHINE: SKY     :PK WND
================================================================================
1   2   3   4   5  6A  6B    7    8   9   10  11  12  13   14  15   16   17  18
                                     12Z  AVG MX 2MIN
DY MAX MIN AVG DEP HDD CDD  WTR  SNW DPTH SPD SPD DIR MIN PSBL S-S WX    SPD DR
================================================================================

 1  46  38  42   5  23   0 0.00    M    M  3.7  7  99   M    M  10         M  M
 2  38  36  37   0  28   0 0.08    M    M  1.3  5 180   M    M   8 1       M  M
 3  43  37  40   3  25   0 0.06    M    M  4.1  9 100   M    M  10 1       M  M
 4  43  34  39   2  26   0 0.89    M    M  3.9  9 310   M    M   5 13      M  M
 5  63  32  48  11  17   0 0.00    M    M  2.3  7 190   M    M   0         M  M
 6  65  39  52  16  13   0 0.00    M    M  5.8 13 170   M    M   0        21 170
 7  65  54  60  24   5   0 0.00    M    M  8.8 15 200   M    M   6        21 190
 8  63  43  53  17  12   0 0.00    M    M  7.9 16 320   M    M   0        23 310
 9  50  36  43   7  22   0 0.00    M    M  5.9 12 330   M    M   0        20 330
10  44  28  36   0  29   0 0.00    M    M  3.8  7 100   M    M   2         M  M
11  36  33  35  -1  30   0 0.30    M    M  5.5  9 100   M    M  10 1       M  M
12  41  34  38   2  27   0 0.41    M    M  4.8  9 310   M    M  10 1       M  M
13  40  36  38   2  27   0 0.00    M    M  7.9 14 300   M    M  10        20 300
14  41  33  37   0  28   0 0.00    M    M  2.6  5 270   M    M  10 18      M  M
15  47  34  41   4  24   0 0.00    M    M  4.1  8 230   M    M   6         M  M
16   M   M   M   M   M   M    T    M    M  3.5  8 150   M    M   6 1       M  M
17  53  42  48  11  17   0 0.04    M    M  4.9  8 260   M    M   8 13      M  M
18  51  42  47  10  18   0 0.13    M    M  6.3 14 120   M    M  10 13      M  M
19  55  25  40   3  25   0 0.60    M    M 11.4 16 320   M    M  10 13     35 320
20  35  18  27 -10  38   0 0.00    M    M  6.2 13 320   M    M   1        24 320
21  37  21  29  -8  36   0 0.00    M    M  8.8 15 110   M    M   3        21 110
================================================================================
SM  956  695       470   0  2.51    M    113.5          M      125
================================================================================
AV 47.8 34.8                               5.4 FASTST   M    M   6    MAX(MPH)
                                 MISC ---->  # 16 320               # 35  320
================================================================================
NOTES:
# LAST OF SEVERAL OCCURRENCES

COLUMN 17 PEAK WIND IN M.P.H.

PRELIMINARY LOCAL CLIMATOLOGICAL DATA (WS FORM: F-6) , PAGE 2

                                          STATION:  Batesville Regional Airport
                                          MONTH:    JANUARY
                                          YEAR:     2019
                                          LATITUDE:   35 43 N
                                          LONGITUDE:  91 39 W

[TEMPERATURE DATA]      [PRECIPITATION DATA]       SYMBOLS USED IN COLUMN 16

AVERAGE MONTHLY: 41.3   TOTAL FOR MONTH:   2.51    1 = FOG OR MIST
DPTR FM NORMAL:   4.7   DPTR FM NORMAL:    0.08    2 = FOG REDUCING VISIBILITY
HIGHEST:    65 ON  7, 6 GRTST 24HR  0.89 ON  4- 4      TO 1/4 MILE OR LESS
LOWEST:     18 ON 20                               3 = THUNDER
                        SNOW, ICE PELLETS, HAIL    4 = ICE PELLETS
                        TOTAL MONTH:    M          5 = HAIL
                        GRTST 24HR    M  ON   M    6 = FREEZING RAIN OR DRIZZLE
                        GRTST DEPTH:  M  ON   M    7 = DUSTSTORM OR SANDSTORM:
                                                       VSBY 1/2 MILE OR LESS
                                                   8 = SMOKE OR HAZE
[NO. OF DAYS WITH]      [WEATHER - DAYS WITH]      9 = BLOWING SNOW
                                                   X = TORNADO
MAX 32 OR BELOW:   0    0.01 INCH OR MORE:   8
MAX 90 OR ABOVE:   0    0.10 INCH OR MORE:   5
MIN 32 OR BELOW:   5    0.50 INCH OR MORE:   2
MIN  0 OR BELOW:   0    1.00 INCH OR MORE:   0

[HDD (BASE 65) ]
TOTAL THIS MO.   470    CLEAR  (SCALE 0-3)   7
DPTR FM NORMAL  -120    PTCLDY (SCALE 4-7)   5
TOTAL FM JUL 1  1905    CLOUDY (SCALE 8-10)  9
DPTR FM NORMAL  -187

[CDD (BASE 65) ]
TOTAL THIS MO.     0
DPTR FM NORMAL     0    [PRESSURE DATA]
TOTAL FM JAN 1     0    HIGHEST SLP M ON M
DPTR FM NORMAL     0    LOWEST  SLP 29.57 ON 19

[REMARKS]
