000
CXUS51 KLWX 240815
CF6BWI
PRELIMINARY LOCAL CLIMATOLOGICAL DATA (WS FORM: F-6)

                                          STATION:   BALTIMORE MD
                                          MONTH:     SEPTEMBER
                                          YEAR:      2022
                                          LATITUDE:   39 10 N
                                          LONGITUDE:  76 40 W

  TEMPERATURE IN F:       :PCPN:    SNOW:  WIND      :SUNSHINE: SKY     :PK WND
================================================================================
1   2   3   4   5  6A  6B    7    8   9   10  11  12  13   14  15   16   17  18
                                     12Z  AVG MX 2MIN
DY MAX MIN AVG DEP HDD CDD  WTR  SNW DPTH SPD SPD DIR MIN PSBL S-S WX    SPD DR
================================================================================

 1  90  62  76   2   0  11 0.00  0.0    0  5.6 16 290   M    M   1        21 280
 2  87  64  76   2   0  11 0.00  0.0    0  6.9 14  60   M    M   5        22  40
 3  88  67  78   5   0  13 0.00  0.0    0  3.5 12  70   M    M   7        15  90
 4  91  67  79   6   0  14 0.00  0.0    0  3.9 13 160   M    M   7        18 200
 5  87  71  79   6   0  14 0.10  0.0    0  3.6 14 160   M    M   8 1      20 170
 6  84  72  78   5   0  13 1.38  0.0    0  5.5 15  80   M    M   8 1      23 340
 7  73  69  71  -1   0   6 0.05  0.0    0  7.7 13  50   M    M  10 18     20  20
 8  82  65  74   2   0   9 0.00  0.0    0  4.6 13  30   M    M   7        26  20
 9  83  61  72   0   0   7 0.00  0.0    0  4.2 15  50   M    M   2        21  90
10  83  60  72   1   0   7    T  0.0    0  3.7 10  70   M    M   7 1      15 100
11  79  70  75   4   0  10 1.12  0.0    0  4.6 15 100   M    M   9 1      20 100
12  83  72  78   7   0  13 0.24  0.0    0  3.1 15 360   M    M   9 138    24 340
13  82  64  73   3   0   8    T  0.0    0  6.8 16 280   M    M   6        26 290
14  82  57  70   0   0   5 0.00  0.0    0  5.0 15 310   M    M   2 8      29 320
15  80  56  68  -2   0   3 0.00  0.0    0  5.2 14 340   M    M   1        27 320
16  81  53  67  -2   0   2 0.00  0.0    0  2.4  8 250   M    M   1        16 360
17  83  56  70   1   0   5 0.00  0.0    0  3.5 10 180   M    M   3        16 170
18  85  59  72   3   0   7 0.00  0.0    0  3.9 13 270   M    M   2 1      16 220
19  87  64  76   8   0  11 0.00  0.0    0  4.9 15 240   M    M   4        21 260
20  85  64  75   7   0  10 0.00  0.0    0  4.9 16 310   M    M   2        23 300
21  87  59  73   6   0   8 0.00  0.0    0  3.4 12 240   M    M   5        16 230
22  83  59  71   4   0   6 0.22  0.0    0 11.0 24 300   M    M   6 1      35 310
23  69  53  61  -6   4   0 0.00  0.0    0 11.1 20 310   M    M   2        33 330
================================================================================
SM 1914 1444         4 193  3.11  0.0    119.0          M      114
================================================================================
AV 83.2 62.8                               5.2 FASTST   M    M   5    MAX(MPH)
                                 MISC ---->    24 300                 35 310
================================================================================
NOTES:
# LAST OF SEVERAL OCCURRENCES

COLUMN 17 PEAK WIND IN M.P.H.

PRELIMINARY LOCAL CLIMATOLOGICAL DATA (WS FORM: F-6) , PAGE 2

                                          STATION:   BALTIMORE MD
                                          MONTH:     SEPTEMBER
                                          YEAR:      2022
                                          LATITUDE:   39 10 N
                                          LONGITUDE:  76 40 W

[TEMPERATURE DATA]      [PRECIPITATION DATA]       SYMBOLS USED IN COLUMN 16

AVERAGE MONTHLY: 73.0   TOTAL FOR MONTH:   3.11    1 = FOG OR MIST
DPTR FM NORMAL:   2.4   DPTR FM NORMAL:   -0.25    2 = FOG REDUCING VISIBILITY
HIGHEST:    91 ON  4    GRTST 24HR  1.47 ON  5- 6      TO 1/4 MILE OR LESS
LOWEST:     53 ON 23,16                             3 = THUNDER
                        SNOW, ICE PELLETS, HAIL    4 = ICE PELLETS
                        TOTAL MONTH:   0.0 INCH    5 = HAIL
                        GRTST 24HR  0.0            6 = FREEZING RAIN OR DRIZZLE
                        GRTST DEPTH:  0            7 = DUSTSTORM OR SANDSTORM:
                                                       VSBY 1/2 MILE OR LESS
                                                   8 = SMOKE OR HAZE
[NO. OF DAYS WITH]      [WEATHER - DAYS WITH]      9 = BLOWING SNOW
                                                   X = TORNADO
MAX 32 OR BELOW:   0    0.01 INCH OR MORE:   6
MAX 90 OR ABOVE:   2    0.10 INCH OR MORE:   5
MIN 32 OR BELOW:   0    0.50 INCH OR MORE:   2
MIN  0 OR BELOW:   0    1.00 INCH OR MORE:   2

[HDD (BASE 65) ]
TOTAL THIS MO.     4    CLEAR  (SCALE 0-3)   9
DPTR FM NORMAL   -10    PTCLDY (SCALE 4-7)   9
TOTAL FM JUL 1     4    CLOUDY (SCALE 8-10)  5
DPTR FM NORMAL   -10

[CDD (BASE 65) ]
TOTAL THIS MO.   193
DPTR FM NORMAL    49    [PRESSURE DATA]
TOTAL FM JAN 1  1543    HIGHEST SLP M ON M
DPTR FM NORMAL   265    LOWEST  SLP 29.63 ON 22

[REMARKS]
