000
CXUS51 KLWX 210620
CF6BWI
PRELIMINARY LOCAL CLIMATOLOGICAL DATA (WS FORM: F-6)

                                          STATION:   BALTIMORE MD
                                          MONTH:     JANUARY
                                          YEAR:      2019
                                          LATITUDE:   39 10 N
                                          LONGITUDE:  76 40 W

  TEMPERATURE IN F:       :PCPN:    SNOW:  WIND      :SUNSHINE: SKY     :PK WND
================================================================================
1   2   3   4   5  6A  6B    7    8   9   10  11  12  13   14  15   16   17  18
                                     12Z  AVG MX 2MIN
DY MAX MIN AVG DEP HDD CDD  WTR  SNW DPTH SPD SPD DIR MIN PSBL S-S WX    SPD DR
================================================================================

 1  61  41  51  18  14   0 0.03  0.0    0 12.8 29 300   M    M   8 1      37 290
 2  45  37  41   8  24   0 0.00  0.0    0  3.3 10 360   M    M   9        13  10
 3  49  30  40   7  25   0 0.00  0.0    0  4.1 17 290   M    M   8        22 310
 4  48  28  38   5  27   0 0.04  0.0    0  3.6 10  60   M    M   9 1      13 200
 5  50  44  47  14  18   0 0.02  0.0    0  9.8 26 290   M    M   4 1      32 290
 6  54  35  45  12  20   0 0.00  0.0    0 10.1 24 310   M    M   3        34 290
 7  37  32  35   2  30   0    T  0.0    0  5.5 14  70   M    M   7        19  30
 8  52  35  44  11  21   0 0.16  0.0    0  2.0 30 310   M    M   7 1      40 310
 9  50  29  40   7  25   0    T    T    0 16.3 29 290   M    M   7 8      39 290
10  37  27  32  -1  33   0 0.00  0.0    0 19.5 30 290   M    M   3        40 290
11  38  24  31  -2  34   0 0.00  0.0    0  8.6 20 310   M    M   4        28 310
12  35  23  29  -4  36   0 0.13  1.8    0  2.4  9  80   M    M   9 1      10  70
13  31  27  29  -4  36   0 0.36  4.8    5  8.2 16  40   M    M  10 12     22  30
14  35  22  29  -4  36   0 0.00  0.0    5  4.2 12  30   M    M   5        20  10
15  38  20  29  -4  36   0 0.00  0.0    3  4.4 13 280   M    M   2        19 320
16  39  19  29  -4  36   0 0.00  0.0    2  5.5 18 300   M    M   6 1      26 300
17  37  30  34   1  31   0 0.05  0.6    1  6.5 13  70   M    M  10 1      19  30
18  44  31  38   5  27   0 0.06  0.3    2  3.6  9 110   M    M   9 18     13 290
19  38  33  36   3  29   0 0.76  0.0    1  7.3 16  70   M    M  10 18     19  70
20  49  16  33   0  32   0 0.24  0.0    0 17.2 31 300   M    M   8 12     45 290
================================================================================
SM  867  583       570   0  1.85     7.5 154.9          M      138
================================================================================
AV 43.4 29.2                               7.7 FASTST   M    M   7    MAX(MPH)
                                 MISC ---->  # 31 300               # 45  290
================================================================================
NOTES:
# LAST OF SEVERAL OCCURRENCES

COLUMN 17 PEAK WIND IN M.P.H.

PRELIMINARY LOCAL CLIMATOLOGICAL DATA (WS FORM: F-6) , PAGE 2

                                          STATION:  BALTIMORE MD
                                          MONTH:    JANUARY
                                          YEAR:     2019
                                          LATITUDE:   39 10 N
                                          LONGITUDE:  76 40 W

[TEMPERATURE DATA]      [PRECIPITATION DATA]       SYMBOLS USED IN COLUMN 16

AVERAGE MONTHLY: 36.3   TOTAL FOR MONTH:   1.85    1 = FOG OR MIST
DPTR FM NORMAL:   3.2   DPTR FM NORMAL:   -0.12    2 = FOG REDUCING VISIBILITY
HIGHEST:    61 ON  1    GRTST 24HR  0.76 ON 19-19      TO 1/4 MILE OR LESS
LOWEST:     16 ON 20                               3 = THUNDER
                        SNOW, ICE PELLETS, HAIL    4 = ICE PELLETS
                        TOTAL MONTH:   7.5 INCHES  5 = HAIL
                        GRTST 24HR   4.8 ON 13-13  6 = FREEZING RAIN OR DRIZZLE
                        GRTST DEPTH:   5 ON 14,13  7 = DUSTSTORM OR SANDSTORM:
                                                       VSBY 1/2 MILE OR LESS
                                                   8 = SMOKE OR HAZE
[NO. OF DAYS WITH]      [WEATHER - DAYS WITH]      9 = BLOWING SNOW
                                                   X = TORNADO
MAX 32 OR BELOW:   1    0.01 INCH OR MORE:  10
MAX 90 OR ABOVE:   0    0.10 INCH OR MORE:   5
MIN 32 OR BELOW:  14    0.50 INCH OR MORE:   1
MIN  0 OR BELOW:   0    1.00 INCH OR MORE:   0

[HDD (BASE 65) ]
TOTAL THIS MO.   570    CLEAR  (SCALE 0-3)   3
DPTR FM NORMAL   -70    PTCLDY (SCALE 4-7)   9
TOTAL FM JUL 1  2258    CLOUDY (SCALE 8-10)  8
DPTR FM NORMAL  -163

[CDD (BASE 65) ]
TOTAL THIS MO.     0
DPTR FM NORMAL     0    [PRESSURE DATA]
TOTAL FM JAN 1     0    HIGHEST SLP M ON M
DPTR FM NORMAL     0    LOWEST  SLP 29.30 ON 20

[REMARKS]
