000
CXUS51 KLWX 190620
CF6BWI
PRELIMINARY LOCAL CLIMATOLOGICAL DATA (WS FORM: F-6)

                                          STATION:   BALTIMORE MD
                                          MONTH:     NOVEMBER
                                          YEAR:      2018
                                          LATITUDE:   39 10 N
                                          LONGITUDE:  76 40 W

  TEMPERATURE IN F:       :PCPN:    SNOW:  WIND      :SUNSHINE: SKY     :PK WND
================================================================================
1   2   3   4   5  6A  6B    7    8   9   10  11  12  13   14  15   16   17  18
                                     12Z  AVG MX 2MIN
DY MAX MIN AVG DEP HDD CDD  WTR  SNW DPTH SPD SPD DIR MIN PSBL S-S WX    SPD DR
================================================================================

 1  75  50  63  12   2   0    T  0.0    0  6.4 21 210   M    M   7 1      29 210
 2  73  55  64  13   1   0 0.75  0.0    0  8.2 30 270   M    M   9 13     37 280
 3  59  38  49  -1  16   0 0.02  0.0    0 11.2 28 280   M    M   5        38 270
 4  56  34  45  -5  20   0 0.00  0.0    0  4.6 12  80   M    M   3        18  90
 5  57  50  54   4  11   0 1.23  0.0    0  7.5 20 100   M    M  10 1      25 110
 6  60  51  56   6   9   0 0.92  0.0    0  4.5 14 310   M    M   8 123    19 250
 7  62  44  53   4  12   0 0.00  0.0    0  5.1 18 290   M    M   5        24 310
 8  59  47  53   4  12   0 0.00  0.0    0  6.4 13  50   M    M   7        21 350
 9  50  45  48  -1  17   0 0.59  0.0    0  7.6 15 280   M    M  10 1      19  50
10  47  30  39  -9  26   0 0.00  0.0    0 13.0 32 280   M    M   3        43 290
11  48  26  37 -11  28   0 0.00  0.0    0  3.8  9 290   M    M   0        13  10
12  49  28  39  -9  26   0 0.43  0.0    0  3.4  9 110   M    M   8 1      13 120
13  49  42  46  -1  19   0 0.60  0.0    0  8.9 18 310   M    M  10 1      26 320
14  47  36  42  -5  23   0 0.00  0.0    0  8.6 18 300   M    M   9        24 310
15  40  31  36 -11  29   0 1.33  1.7    T 13.9 30  60   M    M  10 14     39  50
16  47  34  41  -5  24   0 0.17    T    T 11.9 25 270   M    M   6 1      34 300
17  49  31  40  -6  25   0 0.00  0.0    0  6.6 16 280   M    M   5        22 280
18  50  28  39  -7  26   0 0.00  0.0    0  1.8 12 140   M    M   6 1      15 150
================================================================================
SM  977  700       326   0  6.04     1.7 133.4          M      121
================================================================================
AV 54.3 38.9                               7.4 FASTST   M    M   7    MAX(MPH)
                                 MISC ---->  # 32 280               # 43  290
================================================================================
NOTES:
# LAST OF SEVERAL OCCURRENCES

COLUMN 17 PEAK WIND IN M.P.H.

PRELIMINARY LOCAL CLIMATOLOGICAL DATA (WS FORM: F-6) , PAGE 2

                                          STATION:  BALTIMORE MD
                                          MONTH:    NOVEMBER
                                          YEAR:     2018
                                          LATITUDE:   39 10 N
                                          LONGITUDE:  76 40 W

[TEMPERATURE DATA]      [PRECIPITATION DATA]       SYMBOLS USED IN COLUMN 16

AVERAGE MONTHLY: 46.6   TOTAL FOR MONTH:   6.04    1 = FOG OR MIST
DPTR FM NORMAL:  -1.9   DPTR FM NORMAL:    4.09    2 = FOG REDUCING VISIBILITY
HIGHEST:    75 ON  1    GRTST 24HR  1.33 ON 15-15      TO 1/4 MILE OR LESS
LOWEST:     26 ON 11                               3 = THUNDER
                        SNOW, ICE PELLETS, HAIL    4 = ICE PELLETS
                        TOTAL MONTH:   1.7 INCHES  5 = HAIL
                        GRTST 24HR   1.7 ON 15-15  6 = FREEZING RAIN OR DRIZZLE
                        GRTST DEPTH:   0           7 = DUSTSTORM OR SANDSTORM:
                                                       VSBY 1/2 MILE OR LESS
                                                   8 = SMOKE OR HAZE
[NO. OF DAYS WITH]      [WEATHER - DAYS WITH]      9 = BLOWING SNOW
                                                   X = TORNADO
MAX 32 OR BELOW:   0    0.01 INCH OR MORE:   9
MAX 90 OR ABOVE:   0    0.10 INCH OR MORE:   8
MIN 32 OR BELOW:   6    0.50 INCH OR MORE:   6
MIN  0 OR BELOW:   0    1.00 INCH OR MORE:   2

[HDD (BASE 65) ]
TOTAL THIS MO.   326    CLEAR  (SCALE 0-3)   2
DPTR FM NORMAL    28    PTCLDY (SCALE 4-7)   9
TOTAL FM JUL 1   605    CLOUDY (SCALE 8-10)  7
DPTR FM NORMAL   -40

[CDD (BASE 65) ]
TOTAL THIS MO.     0
DPTR FM NORMAL     0    [PRESSURE DATA]
TOTAL FM JAN 1  1615    HIGHEST SLP M ON M
DPTR FM NORMAL   452    LOWEST  SLP 29.57 ON  2

[REMARKS]
