000
CXUS51 KLWX 240620
CF6BWI
PRELIMINARY LOCAL CLIMATOLOGICAL DATA (WS FORM: F-6)

                                          STATION:   BALTIMORE MD
                                          MONTH:     SEPTEMBER
                                          YEAR:      2018
                                          LATITUDE:   39 10 N
                                          LONGITUDE:  76 40 W

  TEMPERATURE IN F:       :PCPN:    SNOW:  WIND      :SUNSHINE: SKY     :PK WND
================================================================================
1   2   3   4   5  6A  6B    7    8   9   10  11  12  13   14  15   16   17  18
                                     12Z  AVG MX 2MIN
DY MAX MIN AVG DEP HDD CDD  WTR  SNW DPTH SPD SPD DIR MIN PSBL S-S WX    SPD DR
================================================================================

 1  83  72  78   5   0  13 0.01  0.0    0  9.3 16  70   M    M   9 1      20  70
 2  90  73  82  10   0  17 0.00  0.0    0  2.3 12 120   M    M   6 1      13  90
 3  93  73  83  11   0  18 0.00  0.0    0  2.3 15  90   M    M   4 13     18  90
 4  94  74  84  12   0  19 0.00  0.0    0  2.4 10 100   M    M   3 1      16  30
 5  94  73  84  12   0  19 0.00  0.0    0  2.3  9 210   M    M   2 3      15 200
 6  95  74  85  14   0  20    T  0.0    0  3.9 13  20   M    M   4 13     20  20
 7  87  72  80   9   0  15 0.44  0.0    0  4.5 16  50   M    M   8 13     19  50
 8  74  60  67  -4   0   2 0.40  0.0    0  9.4 21  40   M    M   9 13     28  30
 9  64  59  62  -8   3   0 2.23  0.0    0 17.1 28  70   M    M  10 1      38  60
10  72  61  67  -3   0   2 0.04  0.0    0 11.3 24  70   M    M  10 1      28  70
11  76  67  72   2   0   7 0.49  0.0    0  5.7 12  90   M    M  10 123    18  30
12  83  69  76   7   0  11 0.02  0.0    0  4.5 10  50   M    M   8 128    13  30
13  79  73  76   7   0  11 0.04  0.0    0 11.1 16  70   M    M   9 1      22  70
14  76  70  73   4   0   8 0.03  0.0    0 12.0 17  60   M    M   9 1      22  40
15  81  67  74   6   0   9    T  0.0    0  8.8 16  60   M    M   8 1      20  60
16  82  66  74   6   0   9 0.00  0.0    0  8.2 15  80   M    M   7 1      19  90
17  78  71  75   8   0  10 0.39  0.0    0  8.3 22 270   M    M  10 13     30 280
18  82  69  76   9   0  11 2.22  0.0    0  4.9 18 250   M    M   6 13     26 250
19  86  67  77  10   0  12 0.00  0.0    0  5.2 14  10   M    M   3        22  20
20  81  65  73   7   0   8 0.00  0.0    0  4.9 15 120   M    M   7 1      18 110
21  75  69  72   6   0   7 0.00  0.0    0  5.8 14 180   M    M   9        20 200
22  78  59  69   4   0   4 0.04  0.0    0  5.9 13  40   M    M   7 1      21 350
23  63  59  61  -4   4   0 0.92  0.0    0  6.9 13  50   M    M  10 1      17  10
================================================================================
SM 1866 1562         7 232  7.27     0.0 157.0          M      168
================================================================================
AV 81.1 67.9                               6.8 FASTST   M    M   7    MAX(MPH)
                                 MISC ---->  # 28  70               # 38   60
================================================================================
NOTES:
# LAST OF SEVERAL OCCURRENCES

COLUMN 17 PEAK WIND IN M.P.H.

PRELIMINARY LOCAL CLIMATOLOGICAL DATA (WS FORM: F-6) , PAGE 2

                                          STATION:  BALTIMORE MD
                                          MONTH:    SEPTEMBER
                                          YEAR:     2018
                                          LATITUDE:   39 10 N
                                          LONGITUDE:  76 40 W

[TEMPERATURE DATA]      [PRECIPITATION DATA]       SYMBOLS USED IN COLUMN 16

AVERAGE MONTHLY: 74.5   TOTAL FOR MONTH:   7.27    1 = FOG OR MIST
DPTR FM NORMAL:   5.4   DPTR FM NORMAL:    4.25    2 = FOG REDUCING VISIBILITY
HIGHEST:    95 ON  6    GRTST 24HR  2.23 ON  9- 9      TO 1/4 MILE OR LESS
LOWEST:     59 ON 23,22                            3 = THUNDER
                        SNOW, ICE PELLETS, HAIL    4 = ICE PELLETS
                        TOTAL MONTH:   0.0 INCH    5 = HAIL
                        GRTST 24HR     0.0         6 = FREEZING RAIN OR DRIZZLE
                        GRTST DEPTH:   0           7 = DUSTSTORM OR SANDSTORM:
                                                       VSBY 1/2 MILE OR LESS
                                                   8 = SMOKE OR HAZE
[NO. OF DAYS WITH]      [WEATHER - DAYS WITH]      9 = BLOWING SNOW
                                                   X = TORNADO
MAX 32 OR BELOW:   0    0.01 INCH OR MORE:  13
MAX 90 OR ABOVE:   5    0.10 INCH OR MORE:   7
MIN 32 OR BELOW:   0    0.50 INCH OR MORE:   3
MIN  0 OR BELOW:   0    1.00 INCH OR MORE:   2

[HDD (BASE 65) ]
TOTAL THIS MO.     7    CLEAR  (SCALE 0-3)   3
DPTR FM NORMAL   -17    PTCLDY (SCALE 4-7)   9
TOTAL FM JUL 1     7    CLOUDY (SCALE 8-10) 11
DPTR FM NORMAL   -18

[CDD (BASE 65) ]
TOTAL THIS MO.   232
DPTR FM NORMAL   112    [PRESSURE DATA]
TOTAL FM JAN 1  1495    HIGHEST SLP M ON M
DPTR FM NORMAL   365    LOWEST  SLP 29.76 ON 18

[REMARKS]
