000
CXUS51 KLWX 220620
CF6BWI
PRELIMINARY LOCAL CLIMATOLOGICAL DATA (WS FORM: F-6)

                                          STATION:   BALTIMORE MD
                                          MONTH:     JUNE
                                          YEAR:      2018
                                          LATITUDE:   39 10 N
                                          LONGITUDE:  76 40 W

  TEMPERATURE IN F:       :PCPN:    SNOW:  WIND      :SUNSHINE: SKY     :PK WND
================================================================================
1   2   3   4   5  6A  6B    7    8   9   10  11  12  13   14  15   16   17  18
                                     12Z  AVG MX 2MIN
DY MAX MIN AVG DEP HDD CDD  WTR  SNW DPTH SPD SPD DIR MIN PSBL S-S WX    SPD DR
================================================================================

 1  86  69  78  10   0  13 0.71  0.0    0  3.9 31 270   M    M   7 13     48 270
 2  85  69  77   9   0  12 0.28  0.0    0  4.2 14 350   M    M   8 13     18 350
 3  73  55  64  -5   1   0 1.74  0.0    0 11.8 29  60   M    M   9 13     37  60
 4  77  52  65  -4   0   0    T  0.0    0  6.2 18 310   M    M   7 1      24 280
 5  79  53  66  -3   0   1 0.04  0.0    0  9.9 29 320   M    M   5 3      35 310
 6  73  57  65  -5   0   0 0.00  0.0    0  5.7 14  90   M    M   6        19  40
 7  77  58  68  -2   0   3 0.00  0.0    0  2.9 10 140   M    M   7        14 250
 8  82  60  71   1   0   6 0.00  0.0    0  2.5 10 100   M    M   8        14 100
 9  86  65  76   5   0  11    T  0.0    0  3.4 20  40   M    M   7 138    27  40
10  77  63  70  -1   0   5 0.82  0.0    0  9.4 22  60   M    M   9 13     26  50
11  65  55  60 -11   5   0 0.80  0.0    0  7.9 17  60   M    M   9 1      21  60
12  76  50  63  -9   2   0 0.00  0.0    0  4.9 15 130   M    M   5        22 110
13  83  66  75   3   0  10 0.00  0.0    0  6.2 14 230   M    M   8 1      19 220
14  84  62  73   1   0   8 0.00  0.0    0  9.8 22 290   M    M   5        30 290
15  82  57  70  -2   0   5 0.00  0.0    0  5.6 17 290   M    M   4        24 350
16  86  56  71  -2   0   6 0.00  0.0    0  2.9 12 290   M    M   4        18 330
17  90  66  78   5   0  13 0.00  0.0    0  3.5 10 100   M    M   7        14 130
18  94  69  82   9   0  17    T  0.0    0  4.3 16 310   M    M   7 3      23 320
19  90  70  80   6   0  15 0.01  0.0    0  6.1 18 290   M    M   7 38     26 340
20  84  66  75   1   0  10 0.08  0.0    0  3.3 13 350   M    M   8 1      20  10
21  82  69  76   2   0  11    T  0.0    0  3.2 14  50   M    M   8 18     23  30
================================================================================
SM 1711 1287         8 146  4.48     0.0 117.6          M      145
================================================================================
AV 81.5 61.3                               5.6 FASTST   M    M   7    MAX(MPH)
                                 MISC ---->  # 31 270               # 48  270
================================================================================
NOTES:
# LAST OF SEVERAL OCCURRENCES

COLUMN 17 PEAK WIND IN M.P.H.

PRELIMINARY LOCAL CLIMATOLOGICAL DATA (WS FORM: F-6) , PAGE 2

                                          STATION:  BALTIMORE MD
                                          MONTH:    JUNE
                                          YEAR:     2018
                                          LATITUDE:   39 10 N
                                          LONGITUDE:  76 40 W

[TEMPERATURE DATA]      [PRECIPITATION DATA]       SYMBOLS USED IN COLUMN 16

AVERAGE MONTHLY: 71.4   TOTAL FOR MONTH:   4.48    1 = FOG OR MIST
DPTR FM NORMAL:   0.2   DPTR FM NORMAL:    2.00    2 = FOG REDUCING VISIBILITY
HIGHEST:    94 ON 18    GRTST 24HR  1.74 ON  3- 3      TO 1/4 MILE OR LESS
LOWEST:     50 ON 12                               3 = THUNDER
                        SNOW, ICE PELLETS, HAIL    4 = ICE PELLETS
                        TOTAL MONTH:   0.0 INCH    5 = HAIL
                        GRTST 24HR     0.0         6 = FREEZING RAIN OR DRIZZLE
                        GRTST DEPTH:   0           7 = DUSTSTORM OR SANDSTORM:
                                                       VSBY 1/2 MILE OR LESS
                                                   8 = SMOKE OR HAZE
[NO. OF DAYS WITH]      [WEATHER - DAYS WITH]      9 = BLOWING SNOW
                                                   X = TORNADO
MAX 32 OR BELOW:   0    0.01 INCH OR MORE:   8
MAX 90 OR ABOVE:   3    0.10 INCH OR MORE:   5
MIN 32 OR BELOW:   0    0.50 INCH OR MORE:   4
MIN  0 OR BELOW:   0    1.00 INCH OR MORE:   1

[HDD (BASE 65) ]
TOTAL THIS MO.     8    CLEAR  (SCALE 0-3)   0
DPTR FM NORMAL    -5    PTCLDY (SCALE 4-7)  16
TOTAL FM JUL 1  4501    CLOUDY (SCALE 8-10)  5
DPTR FM NORMAL  -261

[CDD (BASE 65) ]
TOTAL THIS MO.   146
DPTR FM NORMAL     1    [PRESSURE DATA]
TOTAL FM JAN 1   335    HIGHEST SLP M ON M
DPTR FM NORMAL   106    LOWEST  SLP 29.69 ON  5

[REMARKS]
