967
CXUS51 KLWX 210620
CF6BWI
PRELIMINARY LOCAL CLIMATOLOGICAL DATA (WS FORM: F-6)

                                          STATION:   BALTIMORE MD
                                          MONTH:     OCTOBER
                                          YEAR:      2019
                                          LATITUDE:   39 10 N
                                          LONGITUDE:  76 40 W

  TEMPERATURE IN F:       :PCPN:    SNOW:  WIND      :SUNSHINE: SKY     :PK WND
================================================================================
1   2   3   4   5  6A  6B    7    8   9   10  11  12  13   14  15   16   17  18
                                     12Z  AVG MX 2MIN
DY MAX MIN AVG DEP HDD CDD  WTR  SNW DPTH SPD SPD DIR MIN PSBL S-S WX    SPD DR
================================================================================

 1  90  68  79  17   0  14 0.00  0.0    0  4.0 13 200   M    M   5        16 170
 2  98  72  85  24   0  20 0.00  0.0    0  7.5 22 280   M    M   5        29 280
 3  84  70  77  16   0  12    T  0.0    0  9.1 16  90   M    M  10 1      21  90
 4  79  47  63   3   2   0    T  0.0    0 10.1 20  40   M    M   4 1      29 350
 5  67  47  57  -3   8   0 0.00  0.0    0  9.2 16  90   M    M   5 8      20  50
 6  73  60  67   7   0   2 0.00  0.0    0  3.9 13 190   M    M  10        17 210
 7  83  60  72  13   0   7 0.16  0.0    0  8.4 20 330   M    M   9 1      26 350
 8  69  56  63   4   2   0    T  0.0    0 11.0 21  60   M    M   7        27  50
 9  71  55  63   5   2   0 0.09  0.0    0  9.9 17  40   M    M   9 1      22  40
10  79  56  68  10   0   3 0.00  0.0    0  6.0 13  30   M    M   5        19  20
11  76  52  64   6   1   0 0.00  0.0    0  6.3 16  30   M    M   1        23  40
12  75  49  62   5   3   0    T  0.0    0  3.8 13 280   M    M   6 1      16 320
13  66  51  59   2   6   0    T  0.0    0  4.8 13 340   M    M   9 3      16  60
14  77  47  62   5   3   0 0.00  0.0    0  4.9 15 250   M    M   1 1      22 270
15  71  45  58   2   7   0 0.00  0.0    0  3.9 13  70   M    M   2 8      17  40
16  65  48  57   1   8   0 1.29  0.0    0  7.4 28 270   M    M   7 1      39 300
17  61  49  55  -1  10   0    T  0.0    0 17.6 32 290   M    M   6        44 280
18  65  46  56   1   9   0 0.00  0.0    0  8.9 20 300   M    M   2        27 330
19  66  40  53  -2  12   0 0.00  0.0    0  2.8 10 260   M    M   5 1      14 230
20  57  49  53  -2  12   0 1.35  0.0    0  7.4 20  50   M    M  10 1      26  20
================================================================================
SM 1472 1067        85  58  2.89     0.0 146.9          M      118
================================================================================
AV 73.6 53.4                               7.3 FASTST   M    M   6    MAX(MPH)
                                 MISC ---->  # 32 290               # 44  280
================================================================================
NOTES:
# LAST OF SEVERAL OCCURRENCES

COLUMN 17 PEAK WIND IN M.P.H.

PRELIMINARY LOCAL CLIMATOLOGICAL DATA (WS FORM: F-6) , PAGE 2

                                          STATION:  BALTIMORE MD
                                          MONTH:    OCTOBER
                                          YEAR:     2019
                                          LATITUDE:   39 10 N
                                          LONGITUDE:  76 40 W

[TEMPERATURE DATA]      [PRECIPITATION DATA]       SYMBOLS USED IN COLUMN 16

AVERAGE MONTHLY: 63.5   TOTAL FOR MONTH:   2.89    1 = FOG OR MIST
DPTR FM NORMAL:   5.5   DPTR FM NORMAL:    0.72    2 = FOG REDUCING VISIBILITY
HIGHEST:    98 ON  2    GRTST 24HR  1.35 ON 20-20      TO 1/4 MILE OR LESS
LOWEST:     40 ON 19                               3 = THUNDER
                        SNOW, ICE PELLETS, HAIL    4 = ICE PELLETS
                        TOTAL MONTH:   0.0 INCH    5 = HAIL
                        GRTST 24HR     0.0         6 = FREEZING RAIN OR DRIZZLE
                        GRTST DEPTH:   0           7 = DUSTSTORM OR SANDSTORM:
                                                       VSBY 1/2 MILE OR LESS
                                                   8 = SMOKE OR HAZE
[NO. OF DAYS WITH]      [WEATHER - DAYS WITH]      9 = BLOWING SNOW
                                                   X = TORNADO
MAX 32 OR BELOW:   0    0.01 INCH OR MORE:   4
MAX 90 OR ABOVE:   2    0.10 INCH OR MORE:   3
MIN 32 OR BELOW:   0    0.50 INCH OR MORE:   2
MIN  0 OR BELOW:   0    1.00 INCH OR MORE:   2

[HDD (BASE 65) ]
TOTAL THIS MO.    85    CLEAR  (SCALE 0-3)   4
DPTR FM NORMAL   -74    PTCLDY (SCALE 4-7)  10
TOTAL FM JUL 1    88    CLOUDY (SCALE 8-10)  6
DPTR FM NORMAL  -124

[CDD (BASE 65) ]
TOTAL THIS MO.    58
DPTR FM NORMAL    43    [PRESSURE DATA]
TOTAL FM JAN 1  1756    HIGHEST SLP M ON M
DPTR FM NORMAL   596    LOWEST  SLP 29.51 ON 16

[REMARKS]
