000
CXUS55 KRIW 170945
CF6BYG
PRELIMINARY LOCAL CLIMATOLOGICAL DATA (WS FORM: F-6)

                                          STATION:   BUFFALO WY
                                          MONTH:     FEBRUARY
                                          YEAR:      2019
                                          LATITUDE:   44 22 N
                                          LONGITUDE: 106 43 W

  TEMPERATURE IN F:       :PCPN:    SNOW:  WIND      :SUNSHINE: SKY     :PK WND
================================================================================
1   2   3   4   5  6A  6B    7    8   9   10  11  12  13   14  15   16   17  18
                                     12Z  AVG MX 2MIN
DY MAX MIN AVG DEP HDD CDD  WTR  SNW DPTH SPD SPD DIR MIN PSBL S-S WX    SPD DR
================================================================================

 1  55  32  44  17  21   0 0.00    M    M  4.9 13 240   M    M   0        14 240
 2  54  36  45  18  20   0 0.00    M    M  4.8 14 320   M    M   2        15 310
 3  42  -4  19  -8  46   0    T    M    M 13.3 22 340   M    M   9 128    26 340
 4   6  -7   0 -27  65   0 0.00    M    M  6.3 15 140   M    M   8 8      19 160
 5   5   1   3 -24  62   0    T    M    M  7.6 15 360   M    M  10 18     18  10
 6   1  -9  -4 -31  69   0    T    M    M 14.1 22 350   M    M   9 8      27 340
 7   8 -16  -4 -31  69   0 0.00    M    M  4.3 10 160   M    M   1        13 150
 8  20   0  10 -17  55   0 0.00    M    M  6.4 14 330   M    M   0        16 350
 9  14  -5   5 -22  60   0 0.01    M    M  9.3 18 340   M    M   9 18     25 330
10  21 -11   5 -22  60   0    T    M    M  5.4 16 170   M    M   3 8      20 150
11  26   2  14 -13  51   0    T    M    M  9.3 24 330   M    M   4 18     28 330
12  40   8  24  -4  41   0 0.00    M    M  6.3 26 240   M    M   0        33 240
13  48  11  30   2  35   0    T    M    M 12.6 29 190   M    M   1 1      41 190
14  32   9  21  -7  44   0    T    M    M 12.4 24 150   M    M   8 18     31 330
15  37  19  28   0  37   0 0.01    M    M  6.4 20 140   M    M   5 1      25 160
16  30   8  19  -9  46   0    T    M    M 16.3 29 330   M    M   7 18     37 340
================================================================================
SM  439   74       781   0  0.02    M    139.7          M       76
================================================================================
AV 27.4  4.6                               8.7 FASTST   M    M   5    MAX(MPH)
                                 MISC ---->  # 29 190               # 41  190
================================================================================
NOTES:
# LAST OF SEVERAL OCCURRENCES

COLUMN 17 PEAK WIND IN M.P.H.

PRELIMINARY LOCAL CLIMATOLOGICAL DATA (WS FORM: F-6) , PAGE 2

                                          STATION:  BUFFALO WY
                                          MONTH:    FEBRUARY
                                          YEAR:     2019
                                          LATITUDE:   44 22 N
                                          LONGITUDE: 106 43 W

[TEMPERATURE DATA]      [PRECIPITATION DATA]       SYMBOLS USED IN COLUMN 16

AVERAGE MONTHLY: 16.0   TOTAL FOR MONTH:   0.02    1 = FOG OR MIST
DPTR FM NORMAL: -11.3   DPTR FM NORMAL:   -0.18    2 = FOG REDUCING VISIBILITY
HIGHEST:    55 ON  1    GRTST 24HR  0.01 ON 15-15      TO 1/4 MILE OR LESS
LOWEST:    -16 ON  7                               3 = THUNDER
                        SNOW, ICE PELLETS, HAIL    4 = ICE PELLETS
                        TOTAL MONTH:    M          5 = HAIL
                        GRTST 24HR    M  ON   M    6 = FREEZING RAIN OR DRIZZLE
                        GRTST DEPTH:  M  ON   M    7 = DUSTSTORM OR SANDSTORM:
                                                       VSBY 1/2 MILE OR LESS
                                                   8 = SMOKE OR HAZE
[NO. OF DAYS WITH]      [WEATHER - DAYS WITH]      9 = BLOWING SNOW
                                                   X = TORNADO
MAX 32 OR BELOW:  10    0.01 INCH OR MORE:   2
MAX 90 OR ABOVE:   0    0.10 INCH OR MORE:   0
MIN 32 OR BELOW:  15    0.50 INCH OR MORE:   0
MIN  0 OR BELOW:   7    1.00 INCH OR MORE:   0

[HDD (BASE 65) ]
TOTAL THIS MO.   781    CLEAR  (SCALE 0-3)   6
DPTR FM NORMAL   178    PTCLDY (SCALE 4-7)   5
TOTAL FM JUL 1  4686    CLOUDY (SCALE 8-10)  5
DPTR FM NORMAL  -124

[CDD (BASE 65) ]
TOTAL THIS MO.     0
DPTR FM NORMAL     0    [PRESSURE DATA]
TOTAL FM JAN 1     0    HIGHEST SLP M ON M
DPTR FM NORMAL     0    LOWEST  SLP 29.42 ON M

[REMARKS]
