000
CXUS55 KPIH 181200
CF6BYI

PRELIMINARY LOCAL CLIMATOLOGICAL DATA (WS FORM: F-6)

                                          STATION:   BURLEY ID
                                          MONTH:     JANUARY
                                          YEAR:      2019
                                          LATITUDE:   42 32 N
                                          LONGITUDE: 113 46 W

  TEMPERATURE IN F:       :PCPN:    SNOW:  WIND      :SUNSHINE: SKY     :PK WND
================================================================================
1   2   3   4   5  6A  6B    7    8   9   10  11  12  13   14  15   16   17  18
                                     12Z  AVG MX 2MIN
DY MAX MIN AVG DEP HDD CDD  WTR  SNW DPTH SPD SPD DIR MIN PSBL S-S WX    SPD DR
================================================================================

 1  22   0  11 -15  54   0 0.00    M    M  4.2 14  70   M    M   7        17  70
 2  19   3  11 -15  54   0 0.00    M    M  4.5  9  70   M    M   2        11  60
 3  31  10  21  -5  44   0 0.00    M    M  8.1 20  50   M    M   1        23  50
 4  33  17  25  -1  40   0 0.00    M    M 10.1 17  50   M    M   0        22  40
 5  41  18  30   4  35   0    T    M    M  7.3 28 200   M    M   3 1      36 210
 6  40  31  36  10  29   0 0.01    M    M 12.7 29 200   M    M   7 1      38 210
 7  37  21  29   3  36   0    T    M    M 14.0 33 190   M    M   7 13     42 190
 8  28  17  23  -3  42   0 0.00    M    M 12.5 23  60   M    M   2        29  60
 9  44  25  35   9  30   0 0.00    M    M  6.3 21 190   M    M   4        28 180
10  44  29  37  11  28   0 0.28    M    M  3.7 12 250   M    M   8 1      15 250
11  37  27  32   6  33   0 0.00    M    M  7.9 17  70   M    M   5 12     23  70
12  31  23  27   1  38   0 0.00    M    M 12.1 21  70   M    M   6 1      27  70
13  30  19  25  -1  40   0 0.00    M    M  4.7 10  60   M    M   5 12     15  30
14  32  13  23  -4  42   0 0.00    M    M  5.5 16  60   M    M   0        19  60
15  37  18  28   1  37   0    T    M    M  9.9 16  70   M    M   4        20  70
16  45  22  34   7  31   0 0.06    M    M 11.3 24 200   M    M   8 1      31 200
17  45  33  39  12  26   0 0.23    M    M  8.3 25 200   M    M   9 13     36 200
================================================================================
SM  596  326       639   0  0.58    M    143.1          M       78
================================================================================
AV 35.1 19.2                               8.4 FASTST   M    M   5    MAX(MPH)
                                 MISC ---->  # 33 190               # 42  190
================================================================================
NOTES:
# LAST OF SEVERAL OCCURRENCES
PRECIPITATION SUSPECT DURING FREEZING/FROZEN EVENTS

COLUMN 17 PEAK WIND IN M.P.H.

PRELIMINARY LOCAL CLIMATOLOGICAL DATA (WS FORM: F-6) , PAGE 2

                                          STATION:  BURLEY ID
                                          MONTH:    JANUARY
                                          YEAR:     2019
                                          LATITUDE:   42 32 N
                                          LONGITUDE: 113 46 W

[TEMPERATURE DATA]      [PRECIPITATION DATA]       SYMBOLS USED IN COLUMN 16

AVERAGE MONTHLY: 27.1   TOTAL FOR MONTH:   0.58    1 = FOG OR MIST
DPTR FM NORMAL:   0.9   DPTR FM NORMAL:    0.04    2 = FOG REDUCING VISIBILITY
HIGHEST:    45 ON 17,16 GRTST 24HR  0.28 ON 10-10      TO 1/4 MILE OR LESS
LOWEST:      0 ON  1                               3 = THUNDER
                        SNOW, ICE PELLETS, HAIL    4 = ICE PELLETS
                        TOTAL MONTH:    M          5 = HAIL
                        GRTST 24HR    M  ON   M    6 = FREEZING RAIN OR DRIZZLE
                        GRTST DEPTH:  M  ON   M    7 = DUSTSTORM OR SANDSTORM:
                                                       VSBY 1/2 MILE OR LESS
                                                   8 = SMOKE OR HAZE
[NO. OF DAYS WITH]      [WEATHER - DAYS WITH]      9 = BLOWING SNOW
                                                   X = TORNADO
MAX 32 OR BELOW:   7    0.01 INCH OR MORE:   4
MAX 90 OR ABOVE:   0    0.10 INCH OR MORE:   2
MIN 32 OR BELOW:  16    0.50 INCH OR MORE:   0
MIN  0 OR BELOW:   1    1.00 INCH OR MORE:   0

[HDD (BASE 65) ]
TOTAL THIS MO.   639    CLEAR  (SCALE 0-3)   5
DPTR FM NORMAL   -19    PTCLDY (SCALE 4-7)  10
TOTAL FM JUL 1  3108    CLOUDY (SCALE 8-10)  2
DPTR FM NORMAL  -430

[CDD (BASE 65) ]
TOTAL THIS MO.     0
DPTR FM NORMAL     0    [PRESSURE DATA]
TOTAL FM JAN 1     0    HIGHEST SLP M ON M
DPTR FM NORMAL     0    LOWEST  SLP 29.72 ON  6

[REMARKS]
