000
CXUS55 KPIH 291200
CF6BYI

PRELIMINARY LOCAL CLIMATOLOGICAL DATA (WS FORM: F-6)

                                          STATION:   BURLEY ID
                                          MONTH:     MAY
                                          YEAR:      2020
                                          LATITUDE:   42 32 N
                                          LONGITUDE: 113 46 W

  TEMPERATURE IN F:       :PCPN:    SNOW:  WIND      :SUNSHINE: SKY     :PK WND
================================================================================
1   2   3   4   5  6A  6B    7    8   9   10  11  12  13   14  15   16   17  18
                                     12Z  AVG MX 2MIN
DY MAX MIN AVG DEP HDD CDD  WTR  SNW DPTH SPD SPD DIR MIN PSBL S-S WX    SPD DR
================================================================================

 1  69  45  57   7   8   0 0.00    M    M  5.9 15 250   M    M   1        20 240
 2  73  41  57   7   8   0    T    M    M  7.0 20  80   M    M   2        23 140
 3  60  47  54   4  11   0    T    M    M 14.4 28 250   M    M   1        39 250
 4  64  35  50  -1  15   0 0.00    M    M  7.4 20 250   M    M   1        23 250
 5  77  34  56   5   9   0 0.00    M    M  5.9 15 110   M    M   0        20 130
 6  69  41  55   4  10   0 0.00    M    M 13.3 31 290   M    M   3 8      44 280
 7  62  36  49  -3  16   0 0.00    M    M  7.1 20 250   M    M   0        24 240
 8  72  31  52   0  13   0 0.00    M    M  5.2 15  80   M    M   0 8      20  70
 9  75  42  59   7   6   0 0.00    M    M 10.0 21  60   M    M   0        26  50
10  83  40  62   9   3   0 0.00    M    M  7.5 22 240   M    M   0        30 240
11  81  51  66  13   0   1 0.00    M    M  8.6 21  60   M    M   0        28  60
12  68  47  58   5   7   0    T    M    M 11.4 20 250   M    M   4        29 260
13  60  43  52  -1  13   0 0.01    M    M 10.3 26 240   M    M   2        36 250
14  61  44  53  -1  12   0    T    M    M  7.4 18 250   M    M   8        22 250
15  63  42  53  -1  12   0 0.00    M    M 11.7 21 290   M    M   2        32 280
16  70  33  52  -2  13   0 0.00    M    M  5.1 14  90   M    M   0        18  90
17  82  47  65  11   0   0 0.00    M    M  7.6 25 250   M    M   0        33 250
18  80  47  64   9   1   0    T    M    M 10.5 36 260   M    M   1 8      51 270
19  62  43  53  -2  12   0 0.11    M    M  6.8 28 260   M    M   5 1      37 270
20  53  43  48  -7  17   0 0.45    M    M  9.6 22 250   M    M   9 1      26 250
21  62  44  53  -3  12   0 0.05    M    M  9.6 21 310   M    M   4        29 310
22  46  42  44 -12  21   0 0.57    M    M  6.9 16 240   M    M   8 1      21 240
23  60  39  50  -6  15   0 0.00    M    M 12.0 22 260   M    M   7        29 270
24  65  43  54  -2  11   0 0.00    M    M  5.4 13 240   M    M   3        19 240
25  73  40  57   0   8   0 0.00    M    M  5.3 13 250   M    M   0        16 270
26  76  53  65   8   0   0 0.00    M    M  8.1 16 260   M    M   4        21 250
27  79  53  66   9   0   1 0.00    M    M  8.9 18 250   M    M   1        24 240
28  86  46  66   9   0   1 0.00    M    M  3.6  9 250   M    M   0        12 250
================================================================================
SM 1931 1192       253   3  1.19    M    232.5          M       66
================================================================================
AV 69.0 42.6                               8.3 FASTST   M    M   2    MAX(MPH)
                                 MISC ---->  # 36 260               # 51  270
================================================================================
NOTES:
# LAST OF SEVERAL OCCURRENCES
PRECIPITATION SUSPECT DURING FREEZING/FROZEN EVENTS

COLUMN 17 PEAK WIND IN M.P.H.

PRELIMINARY LOCAL CLIMATOLOGICAL DATA (WS FORM: F-6) , PAGE 2

                                          STATION:  BURLEY ID
                                          MONTH:    MAY
                                          YEAR:     2020
                                          LATITUDE:   42 32 N
                                          LONGITUDE: 113 46 W

[TEMPERATURE DATA]      [PRECIPITATION DATA]       SYMBOLS USED IN COLUMN 16

AVERAGE MONTHLY: 55.8   TOTAL FOR MONTH:   1.19    1 = FOG OR MIST
DPTR FM NORMAL:   2.1   DPTR FM NORMAL:   -0.08    2 = FOG REDUCING VISIBILITY
HIGHEST:    86 ON 28    GRTST 24HR  0.57 ON 22-22      TO 1/4 MILE OR LESS
LOWEST:     31 ON  8                               3 = THUNDER
                        SNOW, ICE PELLETS, HAIL    4 = ICE PELLETS
                        TOTAL MONTH:    M          5 = HAIL
                        GRTST 24HR    M  ON   M    6 = FREEZING RAIN OR DRIZZLE
                        GRTST DEPTH:  M  ON   M    7 = DUSTSTORM OR SANDSTORM:
                                                       VSBY 1/2 MILE OR LESS
                                                   8 = SMOKE OR HAZE
[NO. OF DAYS WITH]      [WEATHER - DAYS WITH]      9 = BLOWING SNOW
                                                   X = TORNADO
MAX 32 OR BELOW:   0    0.01 INCH OR MORE:   5
MAX 90 OR ABOVE:   0    0.10 INCH OR MORE:   3
MIN 32 OR BELOW:   1    0.50 INCH OR MORE:   1
MIN  0 OR BELOW:   0    1.00 INCH OR MORE:   0

[HDD (BASE 65) ]
TOTAL THIS MO.   253    CLEAR  (SCALE 0-3)  19
DPTR FM NORMAL   -66    PTCLDY (SCALE 4-7)   7
TOTAL FM JUL 1  6196    CLOUDY (SCALE 8-10)  2
DPTR FM NORMAL  -511

[CDD (BASE 65) ]
TOTAL THIS MO.     3
DPTR FM NORMAL     3    [PRESSURE DATA]
TOTAL FM JAN 1     3    HIGHEST SLP M ON M
DPTR FM NORMAL     3    LOWEST  SLP 29.50 ON M

[REMARKS]
