000
CXUS55 KCAE 201400
CF6CAE
PRELIMINARY LOCAL CLIMATOLOGICAL DATA (WS FORM: F-6)

                                          STATION:   COLUMBIA METRO AIRPORT SC
                                          MONTH:     OCTOBER
                                          YEAR:      2019
                                          LATITUDE:   33 57 N
                                          LONGITUDE:  81  7 W

  TEMPERATURE IN F:       :PCPN:    SNOW:  WIND      :SUNSHINE: SKY     :PK WND
================================================================================
1   2   3   4   5  6A  6B    7    8   9   10  11  12  13   14  15   16   17  18
                                     12Z  AVG MX 2MIN
DY MAX MIN AVG DEP HDD CDD  WTR  SNW DPTH SPD SPD DIR MIN PSBL S-S WX    SPD DR
================================================================================

 1  90  74  82  13   0  17 0.00  0.0    0  2.7  8 140   M    M   5 18     11 110
 2  97  70  84  15   0  19 0.00  0.0    0  2.9  8  20   M    M   2 18     11 260
 3 100  72  86  17   0  21 0.00  0.0    0  3.3  9 210   M    M   2 18     13  10
 4 100  73  87  19   0  22 0.00  0.0    0  3.6 10 260   M    M   2 18     13 260
 5  80  63  72   4   0   7 0.03  0.0    0  9.9 17  70   M    M  10 13     23  80
 6  86  63  75   7   0  10 0.00  0.0    0  6.2 18 140   M    M   7        24 120
 7  85  67  76   9   0  11 0.01  0.0    0  4.4 16 110   M    M   6 18     19 110
 8  84  69  77  10   0  12 0.00  0.0    0  7.3 15  20   M    M   8        21  20
 9  79  64  72   6   0   7 0.00  0.0    0  5.3 13  40   M    M   7        23  70
10  80  58  69   3   0   4 0.00  0.0    0  4.8 16  70   M    M   1        22  70
11  83  51  67   1   0   2 0.00  0.0    0  2.5 12 290   M    M   2 1      18 300
12  89  56  73   8   0   8 0.00  0.0    0  4.5 14 280   M    M   2        26 260
13  87  68  78  13   0  13 0.13  0.0    0  7.1 20 300   M    M   8 13     25 300
14  81  56  69   4   0   4 0.01  0.0    0  3.9 13 320   M    M   3 1      16 280
15  79  54  67   3   0   2 0.10  0.0    0  4.6 13 130   M    M   7 1      16 130
16  80  60  70   6   0   5 0.17  0.0    0  9.9 28 270   M    M   8 1      33 270
17  71  44  58  -6   7   0 0.00  0.0    0  3.4 14 320   M    M   2        26 350
18  71  41  56  -7   9   0 0.00  0.0    0  1.7 13  60   M    M   4 1      17  60
19  66  47  57  -6   8   0 0.81  0.0    0  6.7 22  80   M    M   9 1      25  70
================================================================================
SM 1588 1150        24 164  1.26     0.0  94.7          M       95
================================================================================
AV 83.6 60.5                               5.0 FASTST   M    M   5    MAX(MPH)
                                 MISC ---->  # 28 270               # 33  270
================================================================================
NOTES:
# LAST OF SEVERAL OCCURRENCES

COLUMN 17 PEAK WIND IN M.P.H.

PRELIMINARY LOCAL CLIMATOLOGICAL DATA (WS FORM: F-6) , PAGE 2

                                          STATION:  COLUMBIA METRO AIRPORT SC
                                          MONTH:    OCTOBER
                                          YEAR:     2019
                                          LATITUDE:   33 57 N
                                          LONGITUDE:  81  7 W

[TEMPERATURE DATA]      [PRECIPITATION DATA]       SYMBOLS USED IN COLUMN 16

AVERAGE MONTHLY: 72.1   TOTAL FOR MONTH:   1.26    1 = FOG OR MIST
DPTR FM NORMAL:   5.9   DPTR FM NORMAL:   -0.80    2 = FOG REDUCING VISIBILITY
HIGHEST:   100 ON  4, 3 GRTST 24HR  0.81 ON 19-19      TO 1/4 MILE OR LESS
LOWEST:     41 ON 18                               3 = THUNDER
                        SNOW, ICE PELLETS, HAIL    4 = ICE PELLETS
                        TOTAL MONTH:   0.0 INCH    5 = HAIL
                        GRTST 24HR     0.0         6 = FREEZING RAIN OR DRIZZLE
                        GRTST DEPTH:   0           7 = DUSTSTORM OR SANDSTORM:
                                                       VSBY 1/2 MILE OR LESS
                                                   8 = SMOKE OR HAZE
[NO. OF DAYS WITH]      [WEATHER - DAYS WITH]      9 = BLOWING SNOW
                                                   X = TORNADO
MAX 32 OR BELOW:   0    0.01 INCH OR MORE:   7
MAX 90 OR ABOVE:   4    0.10 INCH OR MORE:   4
MIN 32 OR BELOW:   0    0.50 INCH OR MORE:   1
MIN  0 OR BELOW:   0    1.00 INCH OR MORE:   0

[HDD (BASE 65) ]
TOTAL THIS MO.    24    CLEAR  (SCALE 0-3)   8
DPTR FM NORMAL   -23    PTCLDY (SCALE 4-7)   9
TOTAL FM JUL 1    24    CLOUDY (SCALE 8-10)  2
DPTR FM NORMAL   -31

[CDD (BASE 65) ]
TOTAL THIS MO.   164
DPTR FM NORMAL    96    [PRESSURE DATA]
TOTAL FM JAN 1  2683    HIGHEST SLP M ON M
DPTR FM NORMAL   548    LOWEST  SLP 29.65 ON 19

[REMARKS]
