000
CXUS55 KGJT 191000
CF6CAG
PRELIMINARY LOCAL CLIMATOLOGICAL DATA (WS FORM: F-6)

                                          STATION:   CRAIG CO
                                          MONTH:     OCTOBER
                                          YEAR:      2019
                                          LATITUDE:   40 30 N
                                          LONGITUDE: 107 32 W

  TEMPERATURE IN F:       :PCPN:    SNOW:  WIND      :SUNSHINE: SKY     :PK WND
================================================================================
1   2   3   4   5  6A  6B    7    8   9   10  11  12  13   14  15   16   17  18
                                     12Z  AVG MX 2MIN
DY MAX MIN AVG DEP HDD CDD  WTR  SNW DPTH SPD SPD DIR MIN PSBL S-S WX    SPD DR
================================================================================

 1  75  24  50   1  15   0 0.00    M    M  3.7 26 220   M    M   0        44 210
 2  64  27  46  -3  19   0 0.00    M    M  7.4 32 270   M    M   0        43 260
 3  77  18  48   0  17   0 0.00    M    M  4.8 22 240   M    M   0        29 240
 4  76  25  51   3  14   0 0.00    M    M 12.1 39 240   M    M   2        53 240
 5  62  19  41  -6  24   0 0.00    M    M  6.1 24 270   M    M   2        32 280
 6  59  20  40  -7  25   0 0.00    M    M  4.1 15 340   M    M   2        24 340
 7  72  16  44  -3  21   0 0.00    M    M  3.4 16 260   M    M   0        26 250
 8  75  19  47   1  18   0 0.00    M    M  5.7 23 260   M    M   0        31 280
 9  76  28  52   6  13   0    T    M    M 15.4 39 350   M    M   2 18     57 340
10  34  10  22 -23  43   0    T    M    M  8.3 22 280   M    M   7        29 280
11  48   7  28 -17  37   0 0.00    M    M  4.0 15  70   M    M   0        20  70
12  61  10  36  -9  29   0 0.00    M    M  3.6 15 260   M    M   0        21 270
13  67  10  39  -5  26   0 0.00    M    M  3.2 14 290   M    M   0        22 300
14  68  19  44   0  21   0 0.00    M    M  5.6 24 260   M    M   0        34 250
15  66  15  41  -2  24   0 0.00    M    M  2.4 15 270   M    M   0        22 290
16  74  21  48   5  17   0 0.00    M    M  4.5 17 270   M    M   0        24 300
17  73  21  47   4  18   0 0.00    M    M  8.7 32 220   M    M   1        46 230
18  59  32  46   4  19   0 0.18    M    M  6.3 23 300   M    M   8 1      37 300
================================================================================
SM 1186  341       400   0  0.18    M    109.3          M       24
================================================================================
AV 65.9 18.9                               6.1 FASTST   M    M   1    MAX(MPH)
                                 MISC ---->  # 39 240               # 57  340
================================================================================
NOTES:
# LAST OF SEVERAL OCCURRENCES

COLUMN 17 PEAK WIND IN M.P.H.

PRELIMINARY LOCAL CLIMATOLOGICAL DATA (WS FORM: F-6) , PAGE 2

                                          STATION:  CRAIG CO
                                          MONTH:    OCTOBER
                                          YEAR:     2019
                                          LATITUDE:   40 30 N
                                          LONGITUDE: 107 32 W

[TEMPERATURE DATA]      [PRECIPITATION DATA]       SYMBOLS USED IN COLUMN 16

AVERAGE MONTHLY: 42.4   TOTAL FOR MONTH:   0.18    1 = FOG OR MIST
DPTR FM NORMAL:  -3.2   DPTR FM NORMAL:   -0.84    2 = FOG REDUCING VISIBILITY
HIGHEST:    77 ON  3    GRTST 24HR  0.18 ON 18-18      TO 1/4 MILE OR LESS
LOWEST:      7 ON 11                               3 = THUNDER
                        SNOW, ICE PELLETS, HAIL    4 = ICE PELLETS
                        TOTAL MONTH:    M          5 = HAIL
                        GRTST 24HR    M  ON   M    6 = FREEZING RAIN OR DRIZZLE
                        GRTST DEPTH:  M  ON   M    7 = DUSTSTORM OR SANDSTORM:
                                                       VSBY 1/2 MILE OR LESS
                                                   8 = SMOKE OR HAZE
[NO. OF DAYS WITH]      [WEATHER - DAYS WITH]      9 = BLOWING SNOW
                                                   X = TORNADO
MAX 32 OR BELOW:   0    0.01 INCH OR MORE:   1
MAX 90 OR ABOVE:   0    0.10 INCH OR MORE:   1
MIN 32 OR BELOW:  18    0.50 INCH OR MORE:   0
MIN  0 OR BELOW:   0    1.00 INCH OR MORE:   0

[HDD (BASE 65) ]
TOTAL THIS MO.   400    CLEAR  (SCALE 0-3)  16
DPTR FM NORMAL    51    PTCLDY (SCALE 4-7)   2
TOTAL FM JUL 1   596    CLOUDY (SCALE 8-10)  0
DPTR FM NORMAL  -118

[CDD (BASE 65) ]
TOTAL THIS MO.     0
DPTR FM NORMAL     0    [PRESSURE DATA]
TOTAL FM JAN 1   246    HIGHEST SLP M ON M
DPTR FM NORMAL   104    LOWEST  SLP 29.39 ON  9

[REMARKS]
