000
CXUS55 KGJT 181000
CF6CAG
PRELIMINARY LOCAL CLIMATOLOGICAL DATA (WS FORM: F-6)

                                          STATION:   CRAIG CO
                                          MONTH:     OCTOBER
                                          YEAR:      2018
                                          LATITUDE:   40 30 N
                                          LONGITUDE: 107 32 W

  TEMPERATURE IN F:       :PCPN:    SNOW:  WIND      :SUNSHINE: SKY     :PK WND
================================================================================
1   2   3   4   5  6A  6B    7    8   9   10  11  12  13   14  15   16   17  18
                                     12Z  AVG MX 2MIN
DY MAX MIN AVG DEP HDD CDD  WTR  SNW DPTH SPD SPD DIR MIN PSBL S-S WX    SPD DR
================================================================================

 1  76  44  60  11   5   0    T    M    M  6.0 23 210   M    M   3        31 200
 2  69  41  55   6  10   0    T    M    M  6.1 22 210   M    M   6        27 210
 3  73  48  61  13   4   0 0.14    M    M  9.7 39 230   M    M   5 1      56 230
 4  60  43  52   4  13   0 0.82    M    M  6.7 30 240   M    M   8 13     47 210
 5  54  31  43  -4  22   0 0.17    M    M  6.7 21 300   M    M   7 1      33 310
 6  55  28  42  -5  23   0 0.67    M    M  4.0 21 240   M    M   7 1      25 230
 7  51  39  45  -2  20   0 0.32    M    M  6.9 16 240   M    M  10 1      22 230
 8  42  36  39  -7  26   0 0.10    M    M  9.0 15 250   M    M  10 1      19 220
 9  48  33  41  -5  24   0 0.00    M    M  3.6  9 350   M    M   8        13 300
10  45  33  39  -6  26   0 0.34    M    M  8.2 23 280   M    M  10 1      30 250
11  47  31  39  -6  26   0 0.04    M    M  5.3 17 220   M    M   9 1      22 220
12  57  28  43  -2  22   0 0.00    M    M  3.4 14 260   M    M   1 12     17 280
13  62  25  44   0  21   0 0.01    M    M  7.6 28 280   M    M   4 1      36 340
14  39  17  28 -16  37   0    T    M    M  9.7 23 330   M    M   5 8      32 340
15  44  13  29 -14  36   0 0.00    M    M  2.7 12  70   M    M   0        15  80
16  59  17  38  -5  27   0 0.00    M    M  2.6 15  70   M    M   0        19  60
17  63  25  44   1  21   0 0.00    M    M  4.9 16  60   M    M   2        22  60
================================================================================
SM  944  532       363   0  2.61    M    103.1          M       95
================================================================================
AV 55.5 31.3                               6.1 FASTST   M    M   6    MAX(MPH)
                                 MISC ---->  # 39 230               # 56  230
================================================================================
NOTES:
# LAST OF SEVERAL OCCURRENCES

COLUMN 17 PEAK WIND IN M.P.H.

PRELIMINARY LOCAL CLIMATOLOGICAL DATA (WS FORM: F-6) , PAGE 2

                                          STATION:  CRAIG CO
                                          MONTH:    OCTOBER
                                          YEAR:     2018
                                          LATITUDE:   40 30 N
                                          LONGITUDE: 107 32 W

[TEMPERATURE DATA]      [PRECIPITATION DATA]       SYMBOLS USED IN COLUMN 16

AVERAGE MONTHLY: 43.4   TOTAL FOR MONTH:   2.61    1 = FOG OR MIST
DPTR FM NORMAL:  -2.4   DPTR FM NORMAL:    1.65    2 = FOG REDUCING VISIBILITY
HIGHEST:    76 ON  1    GRTST 24HR  0.82 ON  4- 4      TO 1/4 MILE OR LESS
LOWEST:     13 ON 15                               3 = THUNDER
                        SNOW, ICE PELLETS, HAIL    4 = ICE PELLETS
                        TOTAL MONTH:    M          5 = HAIL
                        GRTST 24HR    M  ON   M    6 = FREEZING RAIN OR DRIZZLE
                        GRTST DEPTH:  M  ON   M    7 = DUSTSTORM OR SANDSTORM:
                                                       VSBY 1/2 MILE OR LESS
                                                   8 = SMOKE OR HAZE
[NO. OF DAYS WITH]      [WEATHER - DAYS WITH]      9 = BLOWING SNOW
                                                   X = TORNADO
MAX 32 OR BELOW:   0    0.01 INCH OR MORE:   9
MAX 90 OR ABOVE:   0    0.10 INCH OR MORE:   7
MIN 32 OR BELOW:   9    0.50 INCH OR MORE:   2
MIN  0 OR BELOW:   0    1.00 INCH OR MORE:   0

[HDD (BASE 65) ]
TOTAL THIS MO.   363    CLEAR  (SCALE 0-3)   5
DPTR FM NORMAL    37    PTCLDY (SCALE 4-7)   7
TOTAL FM JUL 1   542    CLOUDY (SCALE 8-10)  5
DPTR FM NORMAL  -149

[CDD (BASE 65) ]
TOTAL THIS MO.     0
DPTR FM NORMAL     0    [PRESSURE DATA]
TOTAL FM JAN 1   327    HIGHEST SLP M ON M
DPTR FM NORMAL   185    LOWEST  SLP 29.48 ON  7

[REMARKS]
