000
CXUS53 KARX 250930
CF6CCY
PRELIMINARY LOCAL CLIMATOLOGICAL DATA (WS FORM: F-6)

                                          STATION:   CHARLES_CITY IA
                                          MONTH:     FEBRUARY
                                          YEAR:      2020
                                          LATITUDE:   43  4 N
                                          LONGITUDE:  92 37 W

  TEMPERATURE IN F:       :PCPN:    SNOW:  WIND      :SUNSHINE: SKY     :PK WND
================================================================================
1   2   3   4   5  6A  6B    7    8   9   10  11  12  13   14  15   16   17  18
                                     12Z  AVG MX 2MIN
DY MAX MIN AVG DEP HDD CDD  WTR  SNW DPTH SPD SPD DIR MIN PSBL S-S WX    SPD DR
================================================================================

 1  36  30  33  15  32   0 0.00  0.0    M 11.0 15 250   M    M   6 12     21 250
 2  43  30  37  19  28   0 0.00  0.0    M 12.5 22 260   M    M   1        22 300
 3  34  25  30  12  35   0 0.00  0.0    M 14.0 23  10   M    M   5        32  10
 4  25  12  19   1  46   0 0.00  0.0    M 15.1 21 360   M    M   9        27 360
 5  27  10  19   0  46   0 0.00  0.0    M  3.2  7 100   M    M   9         M  M
 6  27   7  17  -2  48   0 0.00  0.0    M  2.7  8 110   M    M   5         M  M
 7  27  14  21   2  44   0    M    M    M  4.9 12 320   M    M  10 1      16 310
 8  16  -4   6 -14  59   0 0.00  0.0    M  7.2 13 290   M    M   3         M  M
 9  30   9  20   0  45   0    M    M    M 12.6 22 140   M    M   7 1      27 130
10  25  -2  12  -8  53   0 0.00  0.0    M  5.9 10 190   M    M   4 12      M  M
11  27  12  20   0  45   0 0.00  0.0    M  9.4 14 230   M    M   2 1       M  M
12  34   5  20  -1  45   0    M    M    M 15.2 25 330   M    M   5        32 330
13   5 -15  -5 -26  70   0 0.00  0.0    M 15.0 23 320   M    M   3        29 330
14  12 -18  -3 -24  68   0 0.00  0.0    M 13.1 24 180   M    M   1        32 170
15  34  12  23   1  42   0 0.00  0.0    M 14.4 23 180   M    M   4 1      32 180
16  28  16  22   0  43   0    M    M    M  8.1 14 110   M    M   7 12      M  M
17  34  27  31   9  34   0    M    M    M 10.5 22 320   M    M   7 1      32 320
18  27   3  15  -8  50   0 0.00  0.0    M 13.8 22 320   M    M   3 1      33 320
19  10  -6   2 -21  63   0 0.00  0.0    M  8.0 12 330   M    M   7         M  M
20  10 -15  -2 -26  67   0 0.00  0.0    M  5.8  9 190   M    M   2         M  M
21  36   1  19  -5  46   0 0.00  0.0    M 14.1 21 210   M    M   0        30 210
22  37  18  28   4  37   0 0.00  0.0    M 11.2 14 210   M    M   0         M  M
23  43  21  32   7  33   0 0.00  0.0    M  8.7 13 290   M    M   0         M  M
24  36  21  29   4  36   0 0.00  0.0    M  9.1 13  50   M    M   0         M  M
================================================================================
SM  663  213      1115   0  0.00     0.0 245.5          M      100
================================================================================
AV 27.6  8.9                              10.2 FASTST   M    M   4    MAX(MPH)
                                 MISC ---->  # 25 330               # 33  320
================================================================================
NOTES:
# LAST OF SEVERAL OCCURRENCES

COLUMN 17 PEAK WIND IN M.P.H.

PRELIMINARY LOCAL CLIMATOLOGICAL DATA (WS FORM: F-6) , PAGE 2

                                          STATION:  CHARLES_CITY IA
                                          MONTH:    FEBRUARY
                                          YEAR:     2020
                                          LATITUDE:   43  4 N
                                          LONGITUDE:  92 37 W

[TEMPERATURE DATA]      [PRECIPITATION DATA]       SYMBOLS USED IN COLUMN 16

AVERAGE MONTHLY: 18.3   TOTAL FOR MONTH:   0.00    1 = FOG OR MIST
DPTR FM NORMAL:  -2.8   DPTR FM NORMAL:   -0.82    2 = FOG REDUCING VISIBILITY
HIGHEST:    43 ON 23, 2 GRTST 24HR  0.00 ON 24-24      TO 1/4 MILE OR LESS
LOWEST:    -18 ON 14                               3 = THUNDER
                        SNOW, ICE PELLETS, HAIL    4 = ICE PELLETS
                        TOTAL MONTH:   0.0 INCH    5 = HAIL
                        GRTST 24HR     0.0         6 = FREEZING RAIN OR DRIZZLE
                        GRTST DEPTH:  M  ON   M    7 = DUSTSTORM OR SANDSTORM:
                                                       VSBY 1/2 MILE OR LESS
                                                   8 = SMOKE OR HAZE
[NO. OF DAYS WITH]      [WEATHER - DAYS WITH]      9 = BLOWING SNOW
                                                   X = TORNADO
MAX 32 OR BELOW:  14    0.01 INCH OR MORE:   0
MAX 90 OR ABOVE:   0    0.10 INCH OR MORE:   0
MIN 32 OR BELOW:  24    0.50 INCH OR MORE:   0
MIN  0 OR BELOW:   6    1.00 INCH OR MORE:   0

[HDD (BASE 65) ]
TOTAL THIS MO.  1115    CLEAR  (SCALE 0-3)  10
DPTR FM NORMAL    61    PTCLDY (SCALE 4-7)  11
TOTAL FM JUL 1  5302    CLOUDY (SCALE 8-10)  3
DPTR FM NORMAL  -184

[CDD (BASE 65) ]
TOTAL THIS MO.     0
DPTR FM NORMAL     0    [PRESSURE DATA]
TOTAL FM JAN 1     0    HIGHEST SLP M ON M
DPTR FM NORMAL     0    LOWEST  SLP M ON M

[REMARKS]
