000
CXUS53 KARX 210930
CF6CCY
PRELIMINARY LOCAL CLIMATOLOGICAL DATA (WS FORM: F-6)

                                          STATION:   CHARLES_CITY IA
                                          MONTH:     SEPTEMBER
                                          YEAR:      2018
                                          LATITUDE:   43  4 N
                                          LONGITUDE:  92 37 W

  TEMPERATURE IN F:       :PCPN:    SNOW:  WIND      :SUNSHINE: SKY     :PK WND
================================================================================
1   2   3   4   5  6A  6B    7    8   9   10  11  12  13   14  15   16   17  18
                                     12Z  AVG MX 2MIN
DY MAX MIN AVG DEP HDD CDD  WTR  SNW DPTH SPD SPD DIR MIN PSBL S-S WX    SPD DR
================================================================================

 1  81  66  74   7   0   9 2.09  0.0    0  9.4 20 170   M    M   5 13     27 170
 2  73  66  70   3   0   5 0.79  0.0    0  7.5 15 230   M    M   6 2      22 210
 3  72  66  69   2   0   4 0.66  0.0    0  6.6 15 140   M    M   9 12     21 140
 4  84  70  77  11   0  12 2.02  0.0    0  8.8 14 190   M    M   7 1      21 190
 5  72  59  66   0   0   1 0.57  0.0    0  8.7 14 200   M    M   7        18 350
 6  73  54  64  -2   1   0 0.00  0.0    0  9.3 14  60   M    M   0        20  70
 7  66  54  60  -6   5   0 0.00  0.0    0  7.9 13  60   M    M   2        18  60
 8  72  52  62  -3   3   0 0.00  0.0    0  9.8 17  90   M    M   0        24  90
 9  70  50  60  -5   5   0 0.00  0.0    0  7.0 12  90   M    M   0        13 110
10  75  48  62  -2   3   0 0.00  0.0    0  6.0  9 160   M    M   0 8      15 150
11  79  55  67   3   0   2 0.00  0.0    0 10.2 17 170   M    M   0        25 190
12  81  57  69   5   0   4 0.00  0.0    0  9.8 16 150   M    M   0        23 180
13  81  57  69   6   0   4 0.00  0.0    0 10.3 16 160   M    M   1        23 160
14  86  63  75  12   0  10 0.00  0.0    0  7.6 15 180   M    M   3        20 190
15  88  68  78  16   0  13 0.00  0.0    0  6.7  9 150   M    M   3        15 150
16  86  64  75  13   0  10 0.00  0.0    0  8.1 12 170   M    M   2        17 190
17  90  63  77  15   0  12 0.01  0.0    0  7.4 18  10   M    M   3 8      29  10
18  68  61  65   4   0   0 1.51  0.0    0  7.5 21  40   M    M   4        28  40
19  72  61  67   6   0   2 1.51  0.0    0  7.3 20  90   M    M   8 1      12  80
20  88  66  77  17   0  12 1.88  0.0    0 12.8 23 190   M    M   8 8      33 190
================================================================================
SM 1557 1200        17 100 11.04     0.0 168.7          M       68
================================================================================
AV 77.9 60.0                               8.4 FASTST   M    M   3    MAX(MPH)
                                 MISC ---->  # 23 190               # 33  190
================================================================================
NOTES:
# LAST OF SEVERAL OCCURRENCES

COLUMN 17 PEAK WIND IN M.P.H.

PRELIMINARY LOCAL CLIMATOLOGICAL DATA (WS FORM: F-6) , PAGE 2

                                          STATION:  CHARLES_CITY IA
                                          MONTH:    SEPTEMBER
                                          YEAR:     2018
                                          LATITUDE:   43  4 N
                                          LONGITUDE:  92 37 W

[TEMPERATURE DATA]      [PRECIPITATION DATA]       SYMBOLS USED IN COLUMN 16

AVERAGE MONTHLY: 68.9   TOTAL FOR MONTH:  11.04    1 = FOG OR MIST
DPTR FM NORMAL:   4.9   DPTR FM NORMAL:    8.83    2 = FOG REDUCING VISIBILITY
HIGHEST:    90 ON 17    GRTST 24HR  2.09 ON  1- 1      TO 1/4 MILE OR LESS
LOWEST:     48 ON 10                               3 = THUNDER
                        SNOW, ICE PELLETS, HAIL    4 = ICE PELLETS
                        TOTAL MONTH:   0.0 INCH    5 = HAIL
                        GRTST 24HR     0.0         6 = FREEZING RAIN OR DRIZZLE
                        GRTST DEPTH:   0           7 = DUSTSTORM OR SANDSTORM:
                                                       VSBY 1/2 MILE OR LESS
                                                   8 = SMOKE OR HAZE
[NO. OF DAYS WITH]      [WEATHER - DAYS WITH]      9 = BLOWING SNOW
                                                   X = TORNADO
MAX 32 OR BELOW:   0    0.01 INCH OR MORE:   9
MAX 90 OR ABOVE:   1    0.10 INCH OR MORE:   8
MIN 32 OR BELOW:   0    0.50 INCH OR MORE:   8
MIN  0 OR BELOW:   0    1.00 INCH OR MORE:   5

[HDD (BASE 65) ]
TOTAL THIS MO.    17    CLEAR  (SCALE 0-3)  12
DPTR FM NORMAL   -56    PTCLDY (SCALE 4-7)   7
TOTAL FM JUL 1    28    CLOUDY (SCALE 8-10)  1
DPTR FM NORMAL   -73

[CDD (BASE 65) ]
TOTAL THIS MO.   100
DPTR FM NORMAL    48    [PRESSURE DATA]
TOTAL FM JAN 1   838    HIGHEST SLP M ON M
DPTR FM NORMAL   188    LOWEST  SLP M ON M

[REMARKS]
