000
CXAK56 PAFC 181307 RRA
CF6CDB

PRELIMINARY LOCAL CLIMATOLOGICAL DATA (WS FORM: F-6)

                                          STATION:   COLD BAY
                                          MONTH:     OCTOBER
                                          YEAR:      2018
                                          LATITUDE:   55 13 N
                                          LONGITUDE: 162 44 W

  TEMPERATURE IN F:       :PCPN:    SNOW:  WIND      :SUNSHINE: SKY     :PK WND
================================================================================
1   2   3   4   5  6A  6B    7    8   9   10  11  12  13   14  15   16   17  18
                                     12Z  AVG MX 2MIN
DY MAX MIN AVG DEP HDD CDD  WTR  SNW DPTH SPD SPD DIR MIN PSBL S-S WX    SPD DR
================================================================================

 1  56  47  52   8  13   0 0.51  0.0    0 17.4 45 260   M    M  10 1      52 260
 2  52  42  47   3  18   0 0.49  0.0    0 20.4 41 150   M    M   7 1      49 150
 3  56  47  52   8  13   0 0.02  0.0    0 15.2 28 170   M    M   8        38 160
 4  56  46  51   7  14   0 0.09  0.0    0 13.3 29 200   M    M   7 1      36 210
 5  56  47  52   9  13   0 0.27  0.0    0 19.9 36 140   M    M   6 1      45 140
 6  55  47  51   8  14   0 0.02  0.0    0 16.1 25 170   M    M   5 1      30 160
 7  56  40  48   5  17   0 0.02  0.0    0 14.8 29 160   M    M   5 1      35 160
 8  53  47  50   8  15   0 0.85  0.0    0 26.7 46 140   M    M  10 1      56 140
 9  51  37  44   2  21   0    T  0.0    0 10.2 21 270   M    M   6 28     25 270
10  54  38  46   4  19   0    T  0.0    0 14.4 24 220   M    M   6        30 220
11  50  41  46   4  19   0 0.53  0.0    0 20.0 37 150   M    M   9 1      46 140
12  54  38  46   5  19   0 0.00  0.0    0  6.9 17 260   M    M   7        22 220
13  50  39  45   4  20   0 0.08  0.0    0 15.8 37 130   M    M   5 1      43 130
14  53  45  49   8  16   0 0.57  0.0    0 25.5 44 140   M    M   9 1      53 130
15  51  45  48   7  17   0 0.63  0.0    0  9.9 24 120   M    M  10 1      28 120
16  51  43  47   7  18   0 0.34  0.0    0  8.7 20 240   M    M   9 1      26 240
17  50  45  48   8  17   0 0.15  0.0    0 13.0 23 260   M    M   9 1      27 250
================================================================================
SM  904  734       283   0  4.57     0.0 268.2          M      128
================================================================================
AV 53.2 43.2                              15.8 FASTST   M    M   8    MAX(MPH)
                                 MISC ---->  # 46 140               # 56  140
================================================================================
NOTES:
# LAST OF SEVERAL OCCURRENCES

COLUMN 17 PEAK WIND IN M.P.H.

PRELIMINARY LOCAL CLIMATOLOGICAL DATA (WS FORM: F-6) , PAGE 2

                                          STATION:  COLD BAY
                                          MONTH:    OCTOBER
                                          YEAR:     2018
                                          LATITUDE:   55 13 N
                                          LONGITUDE: 162 44 W

[TEMPERATURE DATA]      [PRECIPITATION DATA]       SYMBOLS USED IN COLUMN 16

AVERAGE MONTHLY: 48.2   TOTAL FOR MONTH:   4.57    1 = FOG OR MIST
DPTR FM NORMAL:   6.0   DPTR FM NORMAL:    1.92    2 = FOG REDUCING VISIBILITY
HIGHEST:    56 ON  7, 5 GRTST 24HR  1.41 ON 30- 1      TO 1/4 MILE OR LESS
LOWEST:     37 ON  9                               3 = THUNDER
                        SNOW, ICE PELLETS, HAIL    4 = ICE PELLETS
                        TOTAL MONTH:   0.0 INCH    5 = HAIL
                        GRTST 24HR     0.0         6 = FREEZING RAIN OR DRIZZLE
                        GRTST DEPTH:   0           7 = DUSTSTORM OR SANDSTORM:
                                                       VSBY 1/2 MILE OR LESS
                                                   8 = SMOKE OR HAZE
[NO. OF DAYS WITH]      [WEATHER - DAYS WITH]      9 = BLOWING SNOW
                                                   X = TORNADO
MAX 32 OR BELOW:   0    0.01 INCH OR MORE:  14
MAX 90 OR ABOVE:   0    0.10 INCH OR MORE:   9
MIN 32 OR BELOW:   0    0.50 INCH OR MORE:   5
MIN  0 OR BELOW:   0    1.00 INCH OR MORE:   0

[HDD (BASE 65) ]
TOTAL THIS MO.   283    CLEAR  (SCALE 0-3)   0
DPTR FM NORMAL  -106    PTCLDY (SCALE 4-7)  10
TOTAL FM JUL 1  1446    CLOUDY (SCALE 8-10)  7
DPTR FM NORMAL  -289

[CDD (BASE 65) ]
TOTAL THIS MO.     0
DPTR FM NORMAL     0    [PRESSURE DATA]
TOTAL FM JAN 1     0    HIGHEST SLP M ON M
DPTR FM NORMAL     0    LOWEST  SLP 28.79 ON 15

[REMARKS]
