565
CXAK56 PAFC 201431
CF6CDB

PRELIMINARY LOCAL CLIMATOLOGICAL DATA (WS FORM: F-6)

                                          STATION:   COLD BAY
                                          MONTH:     FEBRUARY
                                          YEAR:      2018
                                          LATITUDE:   55 13 N
                                          LONGITUDE: 162 44 W

  TEMPERATURE IN F:       :PCPN:    SNOW:  WIND      :SUNSHINE: SKY     :PK WND
================================================================================
1   2   3   4   5  6A  6B    7    8   9   10  11  12  13   14  15   16   17  18
                                     12Z  AVG MX 2MIN
DY MAX MIN AVG DEP HDD CDD  WTR  SNW DPTH SPD SPD DIR MIN PSBL S-S WX    SPD DR
================================================================================

 1  25  18  22  -6  43   0 0.00  0.0    4 22.2 36  20   M    M   0        43  20
 2  39  24  32   4  33   0 0.01    T    4 19.5 35  80   M    M   9        50  80
 3  40  36  38  10  27   0 0.05  0.0    1 26.5 38  90   M    M  10 1      53  90
 4  40  36  38  10  27   0    T    T    M 25.9 31 150   M    M   5        44 150
 5  42  34  38  10  27   0 0.14  0.0    0 20.2 31  80   M    M   8 1      52  90
 6  41  34  38  10  27   0 0.08  0.0    0 19.1 29 150   M    M   3 1      35 150
 7  42  36  39  10  26   0    T    T    0 29.1 51 160   M    M   7 1      60 160
 8  38  34  36   7  29   0 0.14    T    0 36.5 48 120   M    M   9 1      59 120
 9  41  34  38   9  27   0 0.09    T    0 23.2 35 150   M    M   9 1      43 150
10  44  37  41  12  24   0 0.24    T    0 26.6 40 120   M    M   8 1      51 150
11  43  36  40  11  25   0 0.36    T    0 19.0 37 170   M    M   9 1      43 160
12  40  26  33   4  32   0    T    T    0 14.9 36 280   M    M   5 1      41 280
13  42  30  36   7  29   0    T  0.0    0 18.7 40 150   M    M   6        59 180
14  40  34  37   8  28   0    T  0.0    0 14.3 29 160   M    M   8 1      35 160
15  41  33  37   8  28   0 0.30    T    0 22.3 40 150   M    M   9 1      46 150
16  39  28  34   5  31   0 0.00  0.0    0 11.5 30 130   M    M   0 1      39 130
17  43  36  40  11  25   0 0.74  0.0    0 35.2 48 140   M    M   7 1      67 140
18  43  32  38   9  27   0    T  0.0    0 17.7 38 140   M    M   2        47 140
19  44  35  40  11  25   0    T  0.0    0 24.8 52 150   M    M   6 1      65 150
================================================================================
SM  767  613       540   0  2.15    T    427.2          M      120
================================================================================
AV 40.4 32.3                              22.5 FASTST   M    M   6    MAX(MPH)
                                 MISC ---->  # 52 150               # 67  140
================================================================================
NOTES:
# LAST OF SEVERAL OCCURRENCES

COLUMN 17 PEAK WIND IN M.P.H.

PRELIMINARY LOCAL CLIMATOLOGICAL DATA (WS FORM: F-6) , PAGE 2

                                          STATION:  COLD BAY
                                          MONTH:    FEBRUARY
                                          YEAR:     2018
                                          LATITUDE:   55 13 N
                                          LONGITUDE: 162 44 W

[TEMPERATURE DATA]      [PRECIPITATION DATA]       SYMBOLS USED IN COLUMN 16

AVERAGE MONTHLY: 36.3   TOTAL FOR MONTH:   2.15    1 = FOG OR MIST
DPTR FM NORMAL:   7.6   DPTR FM NORMAL:    0.13    2 = FOG REDUCING VISIBILITY
HIGHEST:    44 ON 19,10 GRTST 24HR  0.74 ON 17-17      TO 1/4 MILE OR LESS
LOWEST:     18 ON  1                               3 = THUNDER
                        SNOW, ICE PELLETS, HAIL    4 = ICE PELLETS
                        TOTAL MONTH:    T          5 = HAIL
                        GRTST 24HR    T  ON 15-15  6 = FREEZING RAIN OR DRIZZLE
                        GRTST DEPTH:   4 ON  2, 1  7 = DUSTSTORM OR SANDSTORM:
                                                       VSBY 1/2 MILE OR LESS
                                                   8 = SMOKE OR HAZE
[NO. OF DAYS WITH]      [WEATHER - DAYS WITH]      9 = BLOWING SNOW
                                                   X = TORNADO
MAX 32 OR BELOW:   1    0.01 INCH OR MORE:  10
MAX 90 OR ABOVE:   0    0.10 INCH OR MORE:   6
MIN 32 OR BELOW:   6    0.50 INCH OR MORE:   1
MIN  0 OR BELOW:   0    1.00 INCH OR MORE:   0

[HDD (BASE 65) ]
TOTAL THIS MO.   540    CLEAR  (SCALE 0-3)   4
DPTR FM NORMAL  -149    PTCLDY (SCALE 4-7)   7
TOTAL FM JUL 1  5283    CLOUDY (SCALE 8-10)  8
DPTR FM NORMAL  -616

[CDD (BASE 65) ]
TOTAL THIS MO.     0
DPTR FM NORMAL     0    [PRESSURE DATA]
TOTAL FM JAN 1     0    HIGHEST SLP M ON M
DPTR FM NORMAL     0    LOWEST  SLP 29.35 ON 11

[REMARKS]
