000
CXAK56 PAFC 181542 RRB
CF6CDB

PRELIMINARY LOCAL CLIMATOLOGICAL DATA (WS FORM: F-6)

                                          STATION:   COLD BAY
                                          MONTH:     JANUARY
                                          YEAR:      2019
                                          LATITUDE:   55 13 N
                                          LONGITUDE: 162 44 W

  TEMPERATURE IN F:       :PCPN:    SNOW:  WIND      :SUNSHINE: SKY     :PK WND
================================================================================
1   2   3   4   5  6A  6B    7    8   9   10  11  12  13   14  15   16   17  18
                                     12Z  AVG MX 2MIN
DY MAX MIN AVG DEP HDD CDD  WTR  SNW DPTH SPD SPD DIR MIN PSBL S-S WX    SPD DR
================================================================================

 1  36  27  32   3  33   0 0.12    M    M 17.9 48 280   M    M   8 1      57 290
 2  37  27  32   3  33   0 0.03    M    M 10.3 24 170   M    M   6 1      29 160
 3  36  27  32   3  33   0 0.21  0.4    M 15.1 33 250   M    M   6 1      38 250
 4  31  16  24  -5  41   0 0.02  0.2    3  8.6 23 240   M    M   3 1      27 240
 5  36  26  31   2  34   0 0.13  0.5    3 21.9 33 160   M    M   9 1      40 160
 6  34  20  27  -2  38   0 0.35  2.8    5  6.5 25 160   M    M   4 1      30 160
 7  36  25  31   2  34   0 0.32  1.8    4 16.8 38 150   M    M   7 1      42 150
 8  37  29  33   5  32   0 0.05    T    4  7.1 17 130   M    M   9 12     20 130
 9  37  26  32   4  33   0    T  0.0    2  5.4 20  90   M    M   8        23  90
10  36  25  31   3  34   0 0.02  0.2    2  7.8 17 120   M    M   6 1      23 100
11  36  30  33   5  32   0 0.01  0.1    2 17.5 28  90   M    M   9 1      35  80
12  39  31  35   7  30   0 0.05    T    2 13.3 28 140   M    M   8        33 130
13  41  33  37   9  28   0 0.27  0.1    2 25.6 41 150   M    M   8 1      50 140
14  40  35  38  10  27   0 0.17    T    1 22.4 33 140   M    M   4 1      41 130
15  36  31  34   6  31   0 0.09  0.1    T  6.0 23 140   M    M   7 12     29 140
16  37  32  35   7  30   0 0.19  0.4    T 13.0 23 330   M    M  10 12     27 330
17  33  31  32   4  33   0 0.15  1.5    1 21.3 31 360   M    M  10 16     37 360
================================================================================
SM  618  471       556   0  2.18     8.1 236.5          M      122
================================================================================
AV 36.4 27.7                              13.9 FASTST   M    M   7    MAX(MPH)
                                 MISC ---->  # 48 280               # 57  290
================================================================================
NOTES:
# LAST OF SEVERAL OCCURRENCES

COLUMN 17 PEAK WIND IN M.P.H.

PRELIMINARY LOCAL CLIMATOLOGICAL DATA (WS FORM: F-6) , PAGE 2

                                          STATION:  COLD BAY
                                          MONTH:    JANUARY
                                          YEAR:     2019
                                          LATITUDE:   55 13 N
                                          LONGITUDE: 162 44 W

[TEMPERATURE DATA]      [PRECIPITATION DATA]       SYMBOLS USED IN COLUMN 16

AVERAGE MONTHLY: 32.0   TOTAL FOR MONTH:   2.18    1 = FOG OR MIST
DPTR FM NORMAL:   3.6   DPTR FM NORMAL:    0.41    2 = FOG REDUCING VISIBILITY
HIGHEST:    41 ON 13    GRTST 24HR  0.58 ON 31- 1      TO 1/4 MILE OR LESS
LOWEST:     16 ON  4                               3 = THUNDER
                        SNOW, ICE PELLETS, HAIL    4 = ICE PELLETS
                        TOTAL MONTH:   8.1 INCHES  5 = HAIL
                        GRTST 24HR   2.8 ON  6- 6  6 = FREEZING RAIN OR DRIZZLE
                        GRTST DEPTH:   5 ON  6     7 = DUSTSTORM OR SANDSTORM:
                                                       VSBY 1/2 MILE OR LESS
                                                   8 = SMOKE OR HAZE
[NO. OF DAYS WITH]      [WEATHER - DAYS WITH]      9 = BLOWING SNOW
                                                   X = TORNADO
MAX 32 OR BELOW:   1    0.01 INCH OR MORE:  16
MAX 90 OR ABOVE:   0    0.10 INCH OR MORE:   9
MIN 32 OR BELOW:  15    0.50 INCH OR MORE:   0
MIN  0 OR BELOW:   0    1.00 INCH OR MORE:   0

[HDD (BASE 65) ]
TOTAL THIS MO.   556    CLEAR  (SCALE 0-3)   1
DPTR FM NORMAL   -65    PTCLDY (SCALE 4-7)   8
TOTAL FM JUL 1  4163    CLOUDY (SCALE 8-10)  8
DPTR FM NORMAL  -529

[CDD (BASE 65) ]
TOTAL THIS MO.     0
DPTR FM NORMAL     0    [PRESSURE DATA]
TOTAL FM JAN 1     0    HIGHEST SLP M ON M
DPTR FM NORMAL     0    LOWEST  SLP 28.51 ON 13

[REMARKS]
