000
CXUS54 KLZK 150527
CF6CDH
PRELIMINARY LOCAL CLIMATOLOGICAL DATA (WS FORM: F-6)

                                          STATION:   Camden Airport
                                          MONTH:     JULY
                                          YEAR:      2019
                                          LATITUDE:   33 57 N
                                          LONGITUDE:  92 46 W

  TEMPERATURE IN F:       :PCPN:    SNOW:  WIND      :SUNSHINE: SKY     :PK WND
================================================================================
1   2   3   4   5  6A  6B    7    8   9   10  11  12  13   14  15   16   17  18
                                     12Z  AVG MX 2MIN
DY MAX MIN AVG DEP HDD CDD  WTR  SNW DPTH SPD SPD DIR MIN PSBL S-S WX    SPD DR
================================================================================

 1  90  73  82   M   0  17 0.00    M    M   M   M   M   M    M   0 1       M  M
 2  93  70  82   M   0  17 0.00    M    M   M   M   M   M    M   0 1       M  M
 3  91  72  82   M   0  17 0.00    M    M   M   M   M   M    M   0 18      M  M
 4  91  72  82   M   0  17 0.22    M    M   M   M   M   M    M   0 18      M  M
 5  93  70  82   M   0  17 0.00    M    M   M   M   M   M    M   0 18      M  M
 6  93  75  84   M   0  19 0.00    M    M   M   M   M   M    M   0 18      M  M
 7  84  70  77   M   0  12 0.59    M    M   M   M   M   M    M   0 128     M  M
 8  95  72  84   M   0  19 0.00    M    M  2.1  8  30   M    M   1 12      M  M
 9  97  73  85   M   0  20 0.00    M    M  1.8  8  20   M    M   1 18      M  M
10  97  75  86   M   0  21 0.00    M    M  1.4 13  20   M    M   1 18     18  20
11  95  73  84   M   0  19 0.00    M    M  4.8 10 360   M    M   1 1       M  M
12  91  68  80   M   0  15 0.00    M    M  6.1 13 360   M    M   3        16 360
13  91  75  83   M   0  18 0.10    M    M  6.7 13  10   M    M   5 1      15  10
14  75  68  72   M   0   7 0.51    M    M  8.9 15  10   M    M  10 1      27  10
15  82  73  78   M   0  13 0.14    M    M  6.0 13  20   M    M   8 18     18  20
16  84  70  77   M   0  12 3.96    M    M  3.6 14 360   M    M   6 128    23  30
17  93  77  85   M   0  20 0.00    M    M  5.3  9  20   M    M   3 1       M  M
18  93  77  85   M   0  20 0.00    M    M  4.9 10  20   M    M   1 18     16  30
19  93  75  84   M   0  19 0.00    M    M  3.7  8  20   M    M   0 1       M  M
20  93  77  85   M   0  20 0.00    M    M   M   M   M   M    M   2 1       M  M
21  97  77  87   M   0  22 0.00    M    M   M   M   M   M    M   2         M  M
22  91  73  82   M   0  17 0.25    M    M   M   M   M   M    M   6 1       M  M
23  84  64  74   M   0   9 0.00    M    M   M   M   M   M    M   2         M  M
24  86  61  74   M   0   9 0.00    M    M   M   M   M   M    M   1 1       M  M
25  86  61  74   M   0   9 0.00    M    M   M   M   M   M    M   1 1       M  M
26  90  61  76   M   0  11 0.00    M    M   M   M   M   M    M   1 1       M  M
27  93  64  79   M   0  14 0.00    M    M   M   M   M   M    M   0 1       M  M
28  93  72  83   M   0  18 0.00    M    M   M   M   M   M    M   3         M  M
29  91  73  82   M   0  17 0.00    M    M   M   M   M   M    M   3 1       M  M
30  97  72  85   M   0  20 0.06    M    M   M   M   M   M    M   4 1       M  M
31  93  70  82   M   0  17 0.00    M    M   M   M   M   M    M   4 128     M  M
================================================================================
SM 2815 2203         0 502  5.83    M     55.3          M       69
================================================================================
AV 90.8 71.1                               4.6 FASTST   M    M   2    MAX(MPH)
                                 MISC ---->  # 15  10               # 27   10
================================================================================
NOTES:
# LAST OF SEVERAL OCCURRENCES

COLUMN 17 PEAK WIND IN M.P.H.

PRELIMINARY LOCAL CLIMATOLOGICAL DATA (WS FORM: F-6) , PAGE 2

                                          STATION:  Camden Airport
                                          MONTH:    JULY
                                          YEAR:     2019
                                          LATITUDE:   33 57 N
                                          LONGITUDE:  92 46 W

[TEMPERATURE DATA]      [PRECIPITATION DATA]       SYMBOLS USED IN COLUMN 16

AVERAGE MONTHLY: 80.9   TOTAL FOR MONTH:   5.83    1 = FOG OR MIST
DPTR FM NORMAL:     M   DPTR FM NORMAL:       M    2 = FOG REDUCING VISIBILITY
HIGHEST:    97 ON 30,21 GRTST 24HR  3.96 ON 16-16      TO 1/4 MILE OR LESS
LOWEST:     61 ON 26,25                            3 = THUNDER
                        SNOW, ICE PELLETS, HAIL    4 = ICE PELLETS
                        TOTAL MONTH:    M          5 = HAIL
                        GRTST 24HR    M  ON   M    6 = FREEZING RAIN OR DRIZZLE
                        GRTST DEPTH:  M  ON   M    7 = DUSTSTORM OR SANDSTORM:
                                                       VSBY 1/2 MILE OR LESS
                                                   8 = SMOKE OR HAZE
[NO. OF DAYS WITH]      [WEATHER - DAYS WITH]      9 = BLOWING SNOW
                                                   X = TORNADO
MAX 32 OR BELOW:   0    0.01 INCH OR MORE:   8
MAX 90 OR ABOVE:  24    0.10 INCH OR MORE:   7
MIN 32 OR BELOW:   0    0.50 INCH OR MORE:   3
MIN  0 OR BELOW:   0    1.00 INCH OR MORE:   1

[HDD (BASE 65) ]
TOTAL THIS MO.     0    CLEAR  (SCALE 0-3)  22
DPTR FM NORMAL     M    PTCLDY (SCALE 4-7)   7
TOTAL FM JUL 1     0    CLOUDY (SCALE 8-10)  2
DPTR FM NORMAL     M

[CDD (BASE 65) ]
TOTAL THIS MO.   502
DPTR FM NORMAL     M    [PRESSURE DATA]
TOTAL FM JAN 1  1208    HIGHEST SLP M ON M
DPTR FM NORMAL     M    LOWEST  SLP M ON M

[REMARKS]
#FINAL-07-19#
