000
CXUS54 KLZK 010933
CF6CDH
PRELIMINARY LOCAL CLIMATOLOGICAL DATA (WS FORM: F-6)

                                          STATION:   Camden Airport
                                          MONTH:     JULY
                                          YEAR:      2018
                                          LATITUDE:   33 57 N
                                          LONGITUDE:  92 46 W

  TEMPERATURE IN F:       :PCPN:    SNOW:  WIND      :SUNSHINE: SKY     :PK WND
================================================================================
1   2   3   4   5  6A  6B    7    8   9   10  11  12  13   14  15   16   17  18
                                     12Z  AVG MX 2MIN
DY MAX MIN AVG DEP HDD CDD  WTR  SNW DPTH SPD SPD DIR MIN PSBL S-S WX    SPD DR
================================================================================

 1  99  73  86   M   0  21 0.00    M    M  2.5  8 240   M    M   1 18      M  M
 2  97  77  87   M   0  22 0.25    M    M  1.4  6  99   M    M   2 18     12 100
 3  97  77  87   M   0  22 0.00    M    M  3.1 10 100   M    M   3 18     17 100
 4  93  75  84   M   0  19 0.00    M    M  3.4 10  70   M    M   4        15 130
 5  93  75  84   M   0  19 0.11    M    M  1.4  8 330   M    M   1 18      M  M
 6  97  73  85   M   0  20 0.05    M    M  2.4  8  70   M    M   3 18     12  99
 7  93  72  83   M   0  18 0.36    M    M  3.5 12  20   M    M   5 18     20 150
 8  91  72  82   M   0  17 0.11    M    M  2.8  8  80   M    M   4 18     16 100
 9  91  73  82   M   0  17 0.00    M    M  0.7  6  99   M    M   4 18     13  99
10  91  73  82   M   0  17 0.00    M    M  1.7  6 220   M    M   5 18     12  90
11  95  73  84   M   0  19 1.29    M    M  1.0 10 230   M    M   4 128     M  M
12  95  73  84   M   0  19 0.00    M    M  1.4  6 230   M    M   4 128     M  M
13  97  73  85   M   0  20 0.00    M    M  1.3  8 160   M    M   1 18      M  M
14  97  75  86   M   0  21 0.00    M    M  2.0  7 260   M    M   1 18      M  M
15  97  77  87   M   0  22 0.00    M    M  2.1  7 190   M    M   1 1       M  M
16  99  75  87   M   0  22 0.00    M    M  3.1 12  70   M    M   1 18     18  70
17  97  75  86   M   0  21 0.04    M    M  2.0  8 350   M    M   4 18      M  M
18  97  75  86   M   0  21 0.00    M    M  0.1  4 230   M    M   3 18      M  M
19 102  77  90   M   0  25 0.00    M    M  2.7  8 230   M    M   1 18      M  M
20 102  77  90   M   0  25 0.00    M    M  3.4  7 210   M    M   0 8      12  99
21 100  81  91   M   0  26 0.00    M    M  4.5 10 220   M    M   1 8       M  M
22  97  77  87   M   0  22 0.00    M    M  2.2  7  20   M    M   1         M  M
23  95  73  84   M   0  19 0.00    M    M  4.4 13  20   M    M   1        18  20
24  95  66  81   M   0  16 0.00    M    M  2.2  8 360   M    M   2 18     15  10
25 100  68  84   M   0  19 0.00    M    M  0.7  5 350   M    M   1 18      M  M
26 102  68  85   M   0  20 0.00    M    M  2.2  8  50   M    M   2 18     12  99
27  93  77  85   M   0  20 0.00    M    M  2.9  9  60   M    M   3 8      14  80
28  79  70  75   M   0  10 0.49    M    M  1.1  7  20   M    M   5 18      M  M
29  86  70  78   M   0  13 0.03    M    M  0.4  6 320   M    M   5 12      M  M
30  84  68  76   M   0  11 0.46    M    M  1.8  9  60   M    M   5 12     16  99
31  88  68  78   M   0  13 0.28    M    M  1.7  9 140   M    M   3 1      15 140
================================================================================
SM 2939 2276         0 596  3.47    M     66.1          M       81
================================================================================
AV 94.8 73.4                               2.1 FASTST   M    M   3    MAX(MPH)
                                 MISC ---->  # 13  20               # 20  150
================================================================================
NOTES:
# LAST OF SEVERAL OCCURRENCES

COLUMN 17 PEAK WIND IN M.P.H.

PRELIMINARY LOCAL CLIMATOLOGICAL DATA (WS FORM: F-6) , PAGE 2

                                          STATION:  Camden Airport
                                          MONTH:    JULY
                                          YEAR:     2018
                                          LATITUDE:   33 57 N
                                          LONGITUDE:  92 46 W

[TEMPERATURE DATA]      [PRECIPITATION DATA]       SYMBOLS USED IN COLUMN 16

AVERAGE MONTHLY: 84.1   TOTAL FOR MONTH:   3.47    1 = FOG OR MIST
DPTR FM NORMAL:     M   DPTR FM NORMAL:       M    2 = FOG REDUCING VISIBILITY
HIGHEST:   102 ON 26,20 GRTST 24HR  1.29 ON 11-11      TO 1/4 MILE OR LESS
LOWEST:     66 ON 24                               3 = THUNDER
                        SNOW, ICE PELLETS, HAIL    4 = ICE PELLETS
                        TOTAL MONTH:    M          5 = HAIL
                        GRTST 24HR    M  ON   M    6 = FREEZING RAIN OR DRIZZLE
                        GRTST DEPTH:  M  ON   M    7 = DUSTSTORM OR SANDSTORM:
                                                       VSBY 1/2 MILE OR LESS
                                                   8 = SMOKE OR HAZE
[NO. OF DAYS WITH]      [WEATHER - DAYS WITH]      9 = BLOWING SNOW
                                                   X = TORNADO
MAX 32 OR BELOW:   0    0.01 INCH OR MORE:  11
MAX 90 OR ABOVE:  27    0.10 INCH OR MORE:   8
MIN 32 OR BELOW:   0    0.50 INCH OR MORE:   1
MIN  0 OR BELOW:   0    1.00 INCH OR MORE:   1

[HDD (BASE 65) ]
TOTAL THIS MO.     0    CLEAR  (SCALE 0-3)  19
DPTR FM NORMAL     M    PTCLDY (SCALE 4-7)  12
TOTAL FM JUL 1     0    CLOUDY (SCALE 8-10)  0
DPTR FM NORMAL     M

[CDD (BASE 65) ]
TOTAL THIS MO.   596
DPTR FM NORMAL     M    [PRESSURE DATA]
TOTAL FM JAN 1  1638    HIGHEST SLP M ON M
DPTR FM NORMAL     M    LOWEST  SLP M ON M

[REMARKS]
#FINAL-07-18#
