000
CXUS54 KLZK 130647
CF6CDH
PRELIMINARY LOCAL CLIMATOLOGICAL DATA (WS FORM: F-6)

                                          STATION:   Camden Airport
                                          MONTH:     JANUARY
                                          YEAR:      2018
                                          LATITUDE:   33 57 N
                                          LONGITUDE:  92 46 W

  TEMPERATURE IN F:       :PCPN:    SNOW:  WIND      :SUNSHINE: SKY     :PK WND
================================================================================
1   2   3   4   5  6A  6B    7    8   9   10  11  12  13   14  15   16   17  18
                                     12Z  AVG MX 2MIN
DY MAX MIN AVG DEP HDD CDD  WTR  SNW DPTH SPD SPD DIR MIN PSBL S-S WX    SPD DR
================================================================================

 1  30  16  23 -19  42   0    M    M    M  8.3 13  30   M    M   0        18  20
 2  28  10  19   M  46   0    M    M    M  3.7  8  30   M    M   4        14  40
 3  45  12  29   M  36   0    M    M    M  3.2 10 260   M    M   2        13 280
 4  46  16  31   M  34   0    M    M    M  1.4  7  20   M    M   1        13  40
 5  55  18  37   M  28   0    M    M    M  1.6  6  99   M    M   0         M  M
 6  55  23  39   M  26   0    M    M    M  2.7  8  60   M    M   2         M  M
 7  54  30  42   M  23   0    M    M    M  6.2 13 140   M    M   9        21 140
 8  54  46  50   M  15   0    M    M    M  6.4 12  30   M    M  10 12     18 340
 9  52  43  48   M  17   0    M    M    M  2.6  7 160   M    M  10 18      M  M
10  59  48  54   M  11   0    M    M    M  3.5  7 130   M    M  10 18      M  M
11  70  36  53   M  12   0    M    M    M  4.8 16 350   M    M  10 1      27 330
12  43  25  34   M  31   0    M    M    M  2.8 14 330   M    M   3        25 290
13  41  23  32   M  33   0    M    M    M  5.1 10  20   M    M   1        17  20
14  37  23  30   M  35   0    M    M    M  1.5  6 170   M    M   3         M  M
15  57  19  38   M  27   0    M    M    M  3.5 16  20   M    M   6        14  20
16  32   9  21   M  44   0    M    M    M  7.4 14 360   M    M   7        20 360
17  32   3  18   M  47   0    M    M    M  0.8  5 360   M    M   1         M  M
18  45   7  26   M  39   0    M    M    M  0.6  6 180   M    M   0         M  M
19  50  19  35   M  30   0    M    M    M  2.6  6 160   M    M   9         M  M
20  66  45  56   M   9   0    M    M    M  6.5  9 150   M    M  10        15 190
21  70  61  66   M   0   1    M    M    M 10.3 16 160   M    M   9        23 160
22  68  46  57   M   8   0    M    M    M  9.0 16 250   M    M   4        25 170
23  59  30  45   M  20   0    M    M    M  4.7 10 290   M    M   0        13  99
24  64  25  45   M  20   0    M    M    M  1.1  9 310   M    M   0         M  M
25  64  25  45   M  20   0    M    M    M  3.0  9 140   M    M   1 8      16 170
26  66  27  47   M  18   0    M    M    M  4.0 10 150   M    M   6        16 180
27  63  55  59   M   6   0    M    M    M  4.8 10 150   M    M  10 18      M  M
28  64  32  48   M  17   0    M    M    M  4.8 12  20   M    M   2 1      13  40
29  57  27  42   M  23   0    M    M    M  4.5 12  10   M    M   0        18  10
30  54  23  39   M  26   0    M    M    M  2.9  7 140   M    M   0         M  M
31  70  30  50   M  15   0    M    M    M  7.9 17 200   M    M   1        23 200
================================================================================
SM 1650  852       758   1    M     M    132.2          M      131
================================================================================
AV 53.2 27.5                               4.3 FASTST   M    M   4    MAX(MPH)
                                 MISC ---->  # 17 200               # 27  330
================================================================================
NOTES:
# LAST OF SEVERAL OCCURRENCES

COLUMN 17 PEAK WIND IN M.P.H.

PRELIMINARY LOCAL CLIMATOLOGICAL DATA (WS FORM: F-6) , PAGE 2

                                          STATION:  Camden Airport
                                          MONTH:    JANUARY
                                          YEAR:     2018
                                          LATITUDE:   33 57 N
                                          LONGITUDE:  92 46 W

[TEMPERATURE DATA]      [PRECIPITATION DATA]       SYMBOLS USED IN COLUMN 16

AVERAGE MONTHLY: 40.4   TOTAL FOR MONTH:      M    1 = FOG OR MIST
DPTR FM NORMAL:     M   DPTR FM NORMAL:       M    2 = FOG REDUCING VISIBILITY
HIGHEST:    70 ON 31,21 GRTST 24HR    M  ON   M        TO 1/4 MILE OR LESS
LOWEST:      3 ON 17                               3 = THUNDER
                        SNOW, ICE PELLETS, HAIL    4 = ICE PELLETS
                        TOTAL MONTH:    M          5 = HAIL
                        GRTST 24HR    M  ON   M    6 = FREEZING RAIN OR DRIZZLE
                        GRTST DEPTH:  M  ON   M    7 = DUSTSTORM OR SANDSTORM:
                                                       VSBY 1/2 MILE OR LESS
                                                   8 = SMOKE OR HAZE
[NO. OF DAYS WITH]      [WEATHER - DAYS WITH]      9 = BLOWING SNOW
                                                   X = TORNADO
MAX 32 OR BELOW:   4    0.01 INCH OR MORE:   0
MAX 90 OR ABOVE:   0    0.10 INCH OR MORE:   0
MIN 32 OR BELOW:  23    0.50 INCH OR MORE:   0
MIN  0 OR BELOW:   0    1.00 INCH OR MORE:   0

[HDD (BASE 65) ]
TOTAL THIS MO.   758    CLEAR  (SCALE 0-3)  16
DPTR FM NORMAL     M    PTCLDY (SCALE 4-7)   6
TOTAL FM JUL 1  1742    CLOUDY (SCALE 8-10)  9
DPTR FM NORMAL     M

[CDD (BASE 65) ]
TOTAL THIS MO.     1
DPTR FM NORMAL     M    [PRESSURE DATA]
TOTAL FM JAN 1     1    HIGHEST SLP M ON M
DPTR FM NORMAL     M    LOWEST  SLP M ON M

[REMARKS]
#FINAL-01-18#
