000
CXUS56 KEKA 241230
CF6CEC
PRELIMINARY LOCAL CLIMATOLOGICAL DATA (WS FORM: F-6)

                                          STATION:   CRESCENT CITY CA
                                          MONTH:     JUNE
                                          YEAR:      2018
                                          LATITUDE:   41 46 N
                                          LONGITUDE: 124 14 W

  TEMPERATURE IN F:       :PCPN:    SNOW:  WIND      :SUNSHINE: SKY     :PK WND
================================================================================
1   2   3   4   5  6A  6B    7    8   9   10  11  12  13   14  15   16   17  18
                                     12Z  AVG MX 2MIN
DY MAX MIN AVG DEP HDD CDD  WTR  SNW DPTH SPD SPD DIR MIN PSBL S-S WX    SPD DR
================================================================================

 1  59  42  51  -3  14   0 0.00  0.0    0  5.6 15 330   M    M   0 1      19 340
 2  59  47  53  -1  12   0 0.00  0.0    0  6.6 15 320   M    M   3 2      19 350
 3  59  49  54   0  11   0 0.00  0.0    0  6.9 15 330   M    M   6 1      20 320
 4  59  47  53  -1  12   0 0.00  0.0    0  6.9 17 340   M    M   4 1      23 330
 5  59  45  52  -2  13   0 0.00  0.0    0  5.8 14 320   M    M   0 18     18 320
 6  61  47  54   0  11   0 0.00  0.0    0  4.1  9 300   M    M   2 18     12 270
 7  63  50  57   3   8   0 0.00  0.0    0  3.9 13 280   M    M   5 1      15 280
 8  61  48  55   1  10   0 0.43    M    0  4.8 12 220   M    M   6 1      15 220
 9  61  48  55   1  10   0 0.25    M    0  4.3 18 260   M    M   4 138    27 270
10  59  47  53  -1  12   0 0.00  0.0    0 10.6 21 180   M    M   8        25 170
11  62  54  58   4   7   0 0.02  0.0    0  8.4 14  20   M    M   5 1      25  20
12  63  53  58   4   7   0 0.00  0.0    0  5.9 16 320   M    M   8 12     19 320
13  62  50  56   1   9   0 0.00  0.0    0  9.2 22 320   M    M   6 1      30 330
14  60  47  54  -1  11   0 0.00  0.0    0 15.5 31 340   M    M   1 1      44 320
15  58  45  52  -3  13   0 0.00  0.0    0 16.1 33 330   M    M   1 2      46 330
16  58  50  54  -1  11   0 0.00  0.0    0 19.6 31 330   M    M   0 18     44 340
17  65  50  58   3   7   0 0.00  0.0    0 11.4 24 170   M    M   2 18     34 330
18  59  53  56   1   9   0 0.00  0.0    0  6.6 16 160   M    M  10 1      22 150
19  60  53  57   2   8   0 0.00  0.0    0  3.8 12 250   M    M  10 18     14 260
20  60  53  57   2   8   0 0.00  0.0    0  4.2 12 270   M    M  10 1      14 280
21  63  50  57   2   8   0 0.00  0.0    0  6.6 14 320   M    M   5 1      18 320
22  62  50  56   1   9   0 0.00  0.0    0  9.8 23 330   M    M   4 1      33 350
23  64  48  56   1   9   0 0.00  0.0    0 14.5 26 340   M    M   1 1      35 350
================================================================================
SM 1396 1126       229   0  0.70     0.0 191.1          M      101
================================================================================
AV 60.7 49.0                               8.3 FASTST   M    M   4    MAX(MPH)
                                 MISC ---->  # 33 330               # 46  330
================================================================================
NOTES:
# LAST OF SEVERAL OCCURRENCES

COLUMN 17 PEAK WIND IN M.P.H.

PRELIMINARY LOCAL CLIMATOLOGICAL DATA (WS FORM: F-6) , PAGE 2

                                          STATION:  CRESCENT CITY CA
                                          MONTH:    JUNE
                                          YEAR:     2018
                                          LATITUDE:   41 46 N
                                          LONGITUDE: 124 14 W

[TEMPERATURE DATA]      [PRECIPITATION DATA]       SYMBOLS USED IN COLUMN 16

AVERAGE MONTHLY: 54.8   TOTAL FOR MONTH:   0.70    1 = FOG OR MIST
DPTR FM NORMAL:   0.3   DPTR FM NORMAL:   -0.67    2 = FOG REDUCING VISIBILITY
HIGHEST:    65 ON 17    GRTST 24HR  0.43 ON  8- 8      TO 1/4 MILE OR LESS
LOWEST:     42 ON  1                               3 = THUNDER
                        SNOW, ICE PELLETS, HAIL    4 = ICE PELLETS
                        TOTAL MONTH:   0.0 INCH    5 = HAIL
                        GRTST 24HR     0.0         6 = FREEZING RAIN OR DRIZZLE
                        GRTST DEPTH:   0           7 = DUSTSTORM OR SANDSTORM:
                                                       VSBY 1/2 MILE OR LESS
                                                   8 = SMOKE OR HAZE
[NO. OF DAYS WITH]      [WEATHER - DAYS WITH]      9 = BLOWING SNOW
                                                   X = TORNADO
MAX 32 OR BELOW:   0    0.01 INCH OR MORE:   3
MAX 90 OR ABOVE:   0    0.10 INCH OR MORE:   2
MIN 32 OR BELOW:   0    0.50 INCH OR MORE:   0
MIN  0 OR BELOW:   0    1.00 INCH OR MORE:   0

[HDD (BASE 65) ]
TOTAL THIS MO.   229    CLEAR  (SCALE 0-3)   9
DPTR FM NORMAL   -12    PTCLDY (SCALE 4-7)  11
TOTAL FM JUL 1  4185    CLOUDY (SCALE 8-10)  3
DPTR FM NORMAL  -607

[CDD (BASE 65) ]
TOTAL THIS MO.     0
DPTR FM NORMAL     0    [PRESSURE DATA]
TOTAL FM JAN 1     0    HIGHEST SLP M ON M
DPTR FM NORMAL     0    LOWEST  SLP 29.73 ON 16

[REMARKS]
