000
CXUS56 KEKA 271230
CF6CEC
PRELIMINARY LOCAL CLIMATOLOGICAL DATA (WS FORM: F-6)

                                          STATION:   CRESCENT CITY CA
                                          MONTH:     MAY
                                          YEAR:      2020
                                          LATITUDE:   41 46 N
                                          LONGITUDE: 124 14 W

  TEMPERATURE IN F:       :PCPN:    SNOW:  WIND      :SUNSHINE: SKY     :PK WND
================================================================================
1   2   3   4   5  6A  6B    7    8   9   10  11  12  13   14  15   16   17  18
                                     12Z  AVG MX 2MIN
DY MAX MIN AVG DEP HDD CDD  WTR  SNW DPTH SPD SPD DIR MIN PSBL S-S WX    SPD DR
================================================================================

 1  62  43  53   2  12   0    T    M    0  9.0 18 180   M    M   8 8      23 180
 2  57  46  52   1  13   0 0.74    M    0 10.8 26 180   M    M   7 1      33 180
 3  58  44  51   0  14   0 0.00  0.0    0  7.1 15 320   M    M   0        18 330
 4  59  41  50  -1  15   0 0.00  0.0    0  6.8 15 190   M    M   3        17 180
 5  62  45  54   3  11   0 0.07    M    0  6.7 18 270   M    M   9 18     24 260
 6  59  43  51   0  14   0 0.06    M    0 12.2 26 330   M    M   1 1      37 340
 7  62  45  54   3  11   0 0.00  0.0    0  7.7 15 320   M    M   0 18     19 320
 8  57  46  52   0  13   0 0.00  0.0    0  4.6 12 160   M    M   5 1      14  40
 9  59  52  56   4   9   0 0.00  0.0    0  3.4  9 330   M    M  10 1      12 330
10  60  48  54   2  11   0 0.00  0.0    0  7.7 17 190   M    M   8 1      22 170
11  62  47  55   3  10   0 0.11  0.0    0 13.1 28 180   M    M   7 1      36 190
12  57  51  54   2  11   0 0.59  0.0    0 15.3 30 190   M    M  10 1      38 190
13  56  52  54   2  11   0 0.34  0.0    0 13.4 23 180   M    M  10 1      27 190
14  59  48  54   2  11   0 0.37  0.0    0  9.4 22 180   M    M   6 1      26 170
15  60  44  52   0  13   0 0.00  0.0    0  4.8 10 260   M    M   0        13 250
16  64  52  58   6   7   0 0.34  0.0    0  9.7 28 150   M    M   9 1      36 150
17  61  50  56   4   9   0 0.84  0.0    0  9.9 24 230   M    M   9 1      33 240
18  60  49  55   2  10   0 0.02    M    0  6.4 17 190   M    M   7        20 190
19  61  45  53   0  12   0 0.00  0.0    0 10.0 21 330   M    M   2        29 340
20  61  51  56   3   9   0 0.00  0.0    M  9.5 16 320   M    M   2        20 330
21  61  49  55   2  10   0    T    M    0 10.6 20 350   M    M   4 1      30 340
22  60  44  52  -1  13   0 0.00  0.0    0 14.8 29 330   M    M   0        39 330
23  59  44  52  -1  13   0 0.00  0.0    0 10.7 24 330   M    M   0 18     31 340
24  60  45  53   0  12   0 0.00  0.0    0  7.2 16 340   M    M   1 12     23 350
25  60  48  54   1  11   0 0.00  0.0    0  7.3 15 160   M    M   5 1      20 160
26  64  53  59   6   6   0 0.00  0.0    0  6.2 14 340   M    M   7 128    17 320
================================================================================
SM 1560 1225       291   0  3.48     0.0 234.3          M      130
================================================================================
AV 60.0 47.1                               9.0 FASTST   M    M   5    MAX(MPH)
                                 MISC ---->  # 30 190               # 39  330
================================================================================
NOTES:
# LAST OF SEVERAL OCCURRENCES

COLUMN 17 PEAK WIND IN M.P.H.

PRELIMINARY LOCAL CLIMATOLOGICAL DATA (WS FORM: F-6) , PAGE 2

                                          STATION:  CRESCENT CITY CA
                                          MONTH:    MAY
                                          YEAR:     2020
                                          LATITUDE:   41 46 N
                                          LONGITUDE: 124 14 W

[TEMPERATURE DATA]      [PRECIPITATION DATA]       SYMBOLS USED IN COLUMN 16

AVERAGE MONTHLY: 53.6   TOTAL FOR MONTH:   3.48    1 = FOG OR MIST
DPTR FM NORMAL:   1.5   DPTR FM NORMAL:    0.93    2 = FOG REDUCING VISIBILITY
HIGHEST:    64 ON 26,16 GRTST 24HR  0.84 ON 17-17      TO 1/4 MILE OR LESS
LOWEST:     41 ON  4                               3 = THUNDER
                        SNOW, ICE PELLETS, HAIL    4 = ICE PELLETS
                        TOTAL MONTH:   0.0 INCH    5 = HAIL
                        GRTST 24HR     0.0         6 = FREEZING RAIN OR DRIZZLE
                        GRTST DEPTH:   0           7 = DUSTSTORM OR SANDSTORM:
                                                       VSBY 1/2 MILE OR LESS
                                                   8 = SMOKE OR HAZE
[NO. OF DAYS WITH]      [WEATHER - DAYS WITH]      9 = BLOWING SNOW
                                                   X = TORNADO
MAX 32 OR BELOW:   0    0.01 INCH OR MORE:  10
MAX 90 OR ABOVE:   0    0.10 INCH OR MORE:   7
MIN 32 OR BELOW:   0    0.50 INCH OR MORE:   3
MIN  0 OR BELOW:   0    1.00 INCH OR MORE:   0

[HDD (BASE 65) ]
TOTAL THIS MO.   291    CLEAR  (SCALE 0-3)  10
DPTR FM NORMAL   -46    PTCLDY (SCALE 4-7)   9
TOTAL FM JUL 1  4226    CLOUDY (SCALE 8-10)  7
DPTR FM NORMAL  -268

[CDD (BASE 65) ]
TOTAL THIS MO.     0
DPTR FM NORMAL     0    [PRESSURE DATA]
TOTAL FM JAN 1     0    HIGHEST SLP M ON M
DPTR FM NORMAL     0    LOWEST  SLP 29.71 ON 17

[REMARKS]
