000
CXUS55 KPSR 301005
CF6CGZ
PRELIMINARY LOCAL CLIMATOLOGICAL DATA (WS FORM: F-6)

                                          STATION:   MESA FALCON FIELD AZ
                                          MONTH:     MARCH
                                          YEAR:      2019
                                          LATITUDE:   33 28 N
                                          LONGITUDE: 111 44 W

  TEMPERATURE IN F:       :PCPN:    SNOW:  WIND      :SUNSHINE: SKY     :PK WND
================================================================================
1   2   3   4   5  6A  6B    7    8   9   10  11  12  13   14  15   16   17  18
                                     12Z  AVG MX 2MIN
DY MAX MIN AVG DEP HDD CDD  WTR  SNW DPTH SPD SPD DIR MIN PSBL S-S WX    SPD DR
================================================================================

 1   M   M   M   M   M   M    M    M    M   M   M   M   M    M   M         M  M
 2   M   M   M   M   M   M    M    M    M   M   M   M   M    M   M         M  M
 3   M   M   M   M   M   M    M    M    M   M   M   M   M    M   M         M  M
 4   M   M   M   M   M   M    M    M    M   M   M   M   M    M   M         M  M
 5   M   M   M   M   M   M    M    M    M   M   M   M   M    M   M         M  M
 6   M   M   M   M   M   M    M    M    M   M   M   M   M    M   M         M  M
 7   M   M   M   M   M   M    M    M    M   M   M   M   M    M   M         M  M
 8   M   M   M   M   M   M    M    M    M   M   M   M   M    M   M         M  M
 9   M   M   M   M   M   M    M    M    M   M   M   M   M    M   M         M  M
10   M   M   M   M   M   M    M    M    M   M   M   M   M    M   M         M  M
11   M   M   M   M   M   M    M    M    M   M   M   M   M    M   M         M  M
12   M   M   M   M   M   M    M    M    M   M   M   M   M    M   M         M  M
13   M   M   M   M   M   M    M    M    M   M   M   M   M    M   M         M  M
14  64  46  55   M  10   0    T  0.0    0 13.5 31 250   M    M   M        39 250
15  63  42  53   M  12   0 0.00  0.0    0  3.6 12  20   M    M   M        17 290
16  74  49  62   M   3   0 0.00  0.0    0  8.4 17  70   M    M   M        25  60
17  79  60  70   M   0   5 0.00  0.0    0  8.1 17  40   M    M   M        23  60
18  79  58  69   M   0   4 0.00  0.0    0  6.1 15  50   M    M   M        20  50
19  84  59  72   M   0   7 0.00  0.0    0  5.6 13  30   M    M   M        17  30
20  84  60  72   M   0   7 0.00  0.0    M  7.4 21 230   M    M   0        26 210
21  68  55  62   M   3   0 0.00  0.0    0  6.4 17 180   M    M   3        23 210
22  71  48  60   M   5   0 0.00  0.0    0  3.5 12 270   M    M   0        15 270
23  75  50  63   M   2   0 0.00  0.0    0  3.2 12 290   M    M   0        15 200
24  79  52  66   M   0   1 0.00  0.0    0  4.2 12 330   M    M   0        16 330
25  85  55  70   M   0   5 0.00  0.0    0  6.8 17  30   M    M   0        21  30
26  85  59  72   M   0   7 0.00  0.0    0  5.0 13  30   M    M   0        16  20
27  81  61  71   M   0   6 0.00  0.0    0  3.3  7 310   M    M   0         9  50
28  84  57  71   M   0   6 0.00  0.0    0  4.7 13 290   M    M   0        16 240
29  80  55  68   M   0   3 0.00  0.0    0  5.9 16 280   M    M   0        20 280
================================================================================
SM 1235  866        35  51    T      0.0  95.7          M        3
================================================================================
AV 77.2 54.1                               6.0 FASTST   M    M   0    MAX(MPH)
                                 MISC ---->  # 31 250               # 39  250
================================================================================
NOTES:
# LAST OF SEVERAL OCCURRENCES

COLUMN 17 PEAK WIND IN M.P.H.

PRELIMINARY LOCAL CLIMATOLOGICAL DATA (WS FORM: F-6) , PAGE 2

                                          STATION:  MESA FALCON FIELD AZ
                                          MONTH:    MARCH
                                          YEAR:     2019
                                          LATITUDE:   33 28 N
                                          LONGITUDE: 111 44 W

[TEMPERATURE DATA]      [PRECIPITATION DATA]       SYMBOLS USED IN COLUMN 16

AVERAGE MONTHLY: 65.7   TOTAL FOR MONTH:      T    1 = FOG OR MIST
DPTR FM NORMAL:     M   DPTR FM NORMAL:       M    2 = FOG REDUCING VISIBILITY
HIGHEST:    85 ON 25,26 GRTST 24HR    T  ON 14-14      TO 1/4 MILE OR LESS
LOWEST:     42 ON 15                               3 = THUNDER
                        SNOW, ICE PELLETS, HAIL    4 = ICE PELLETS
                        TOTAL MONTH:   0.0 INCH    5 = HAIL
                        GRTST 24HR     0.0         6 = FREEZING RAIN OR DRIZZLE
                        GRTST DEPTH:   0           7 = DUSTSTORM OR SANDSTORM:
                                                       VSBY 1/2 MILE OR LESS
                                                   8 = SMOKE OR HAZE
[NO. OF DAYS WITH]      [WEATHER - DAYS WITH]      9 = BLOWING SNOW
                                                   X = TORNADO
MAX 32 OR BELOW:   0    0.01 INCH OR MORE:   0
MAX 90 OR ABOVE:   0    0.10 INCH OR MORE:   0
MIN 32 OR BELOW:   0    0.50 INCH OR MORE:   0
MIN  0 OR BELOW:   0    1.00 INCH OR MORE:   0

[HDD (BASE 65) ]
TOTAL THIS MO.    35    CLEAR  (SCALE 0-3)  10
DPTR FM NORMAL     M    PTCLDY (SCALE 4-7)   0
TOTAL FM JUL 1    35    CLOUDY (SCALE 8-10)  0
DPTR FM NORMAL     M

[CDD (BASE 65) ]
TOTAL THIS MO.    51
DPTR FM NORMAL     M    [PRESSURE DATA]
TOTAL FM JAN 1    51    HIGHEST SLP M ON M
DPTR FM NORMAL     M    LOWEST  SLP 29.78 ON 20

[REMARKS]
