000
CXUS51 KCLE 261739
CF6CLE
PRELIMINARY LOCAL CLIMATOLOGICAL DATA (WS FORM: F-6)

                                          STATION:   CLEVELAND OH
                                          MONTH:     MAY
                                          YEAR:      2020
                                          LATITUDE:   41 24 N
                                          LONGITUDE:  81 51 W

  TEMPERATURE IN F:       :PCPN:    SNOW:  WIND      :SUNSHINE: SKY     :PK WND
================================================================================
1   2   3   4   5  6A  6B    7    8   9   10  11  12  13   14  15   16   17  18
                                     12Z  AVG MX 2MIN
DY MAX MIN AVG DEP HDD CDD  WTR  SNW DPTH SPD SPD DIR MIN PSBL S-S WX    SPD DR
================================================================================

 1  58  43  51  -4  14   0 0.03  0.0    0  9.4 18 310   M    M   8 1      22 320
 2  73  43  58   2   7   0 0.11  0.0    0 11.6 25 180   M    M   8 3      32 210
 3  75  50  63   7   2   0 0.00  0.0    0  9.1 16 340   M    M   6        23 310
 4  50  42  46 -10  19   0 0.00  0.0    0 10.2 20 350   M    M   6        26 360
 5  53  38  46 -10  19   0    T  0.0    0 12.9 28  30   M    M   9        33  40
 6  55  40  48  -9  17   0    T  0.0    0 10.9 20  10   M    M   6        24  10
 7  66  34  50  -7  15   0 0.00  0.0    0 12.1 33 260   M    M   3        42 260
 8  47  33  40 -17  25   0    T    T    0 13.5 26  30   M    M   9 8      33  30
 9  49  30  40 -18  25   0 0.03  0.3    T 13.3 25 270   M    M   8 1      33 260
10  60  38  49  -9  16   0 0.34  0.0    0 10.9 37 250   M    M   8 1      44 250
11  45  33  39 -19  26   0 0.23  0.2    0 11.9 20 340   M    M  10 1      27 320
12  58  32  45 -14  20   0    T  0.0    0  9.9 24 310   M    M   4        32 290
13  55  34  45 -14  20   0 0.00  0.0    0  6.2 14 360   M    M   2        17  20
14  73  42  58  -1   7   0 0.90  0.0    0 10.6 21 210   M    M   9 13     27 200
15  73  58  66   6   0   1 2.38  0.0    0  9.9 25 210   M    M   9 1238   32 220
16  71  55  63   3   2   0 0.00  0.0    0  6.6 20  30   M    M   8 12     25  30
17  75  54  65   5   0   0 0.46  0.0    0  6.9 14 310   M    M   9 13     15 130
18  68  53  61   1   4   0 1.35  0.0    0  9.6 18  40   M    M  10 1      22  50
19  73  58  66   5   0   1 0.12  0.0    0 12.5 22 120   M    M  10 1      30 130
20  66  53  60  -1   5   0 0.00  0.0    0 10.4 18 140   M    M   8        24 120
21  75  54  65   4   0   0    T  0.0    0  8.8 18 140   M    M   7 1      24 140
22  64  54  59  -3   6   0 0.46  0.0    0  3.8  9 130   M    M   9 1      12 150
23  73  55  64   2   1   0 0.00  0.0    0  4.3  9  20   M    M   9 12     11  30
24  85  62  74  12   0   9 0.00  0.0    0  9.0 15 200   M    M   5        20 140
25  87  66  77  14   0  12 0.00  0.0    0  7.3 17 110   M    M   5        22 110
================================================================================
SM 1627 1154       250  23  6.41  0.5    241.6          M      185
================================================================================
AV 65.1 46.2                               9.7 FASTST   M    M   7    MAX(MPH)
                                 MISC ---->    37 250                 44 250
================================================================================
NOTES:
# LAST OF SEVERAL OCCURRENCES

COLUMN 17 PEAK WIND IN M.P.H.

PRELIMINARY LOCAL CLIMATOLOGICAL DATA (WS FORM: F-6) , PAGE 2

                                          STATION:   CLEVELAND OH
                                          MONTH:     MAY
                                          YEAR:      2020
                                          LATITUDE:   41 24 N
                                          LONGITUDE:  81 51 W

[TEMPERATURE DATA]      [PRECIPITATION DATA]       SYMBOLS USED IN COLUMN 16

AVERAGE MONTHLY: 55.6   TOTAL FOR MONTH:   6.41    1 = FOG OR MIST
DPTR FM NORMAL:  -3.3   DPTR FM NORMAL:    3.49    2 = FOG REDUCING VISIBILITY
HIGHEST:    87 ON 25    GRTST 24HR  2.53 ON 14-15      TO 1/4 MILE OR LESS
LOWEST:     30 ON  9                               3 = THUNDER
                        SNOW, ICE PELLETS, HAIL    4 = ICE PELLETS
                        TOTAL MONTH:   0.5 INCH    5 = HAIL
                        GRTST 24HR   0.3 ON  9- 9  6 = FREEZING RAIN OR DRIZZLE
                        GRTST DEPTH:  T            7 = DUSTSTORM OR SANDSTORM:
                                                       VSBY 1/2 MILE OR LESS
                                                   8 = SMOKE OR HAZE
[NO. OF DAYS WITH]      [WEATHER - DAYS WITH]      9 = BLOWING SNOW
                                                   X = TORNADO
MAX 32 OR BELOW:   0    0.01 INCH OR MORE:  11
MAX 90 OR ABOVE:   0    0.10 INCH OR MORE:   9
MIN 32 OR BELOW:   2    0.50 INCH OR MORE:   3
MIN  0 OR BELOW:   0    1.00 INCH OR MORE:   2

[HDD (BASE 65) ]
TOTAL THIS MO.   250    CLEAR  (SCALE 0-3)   1
DPTR FM NORMAL    64    PTCLDY (SCALE 4-7)  11
TOTAL FM JUL 1  5120    CLOUDY (SCALE 8-10) 13
DPTR FM NORMAL  -577

[CDD (BASE 65) ]
TOTAL THIS MO.    23
DPTR FM NORMAL   -11    [PRESSURE DATA]
TOTAL FM JAN 1    23    HIGHEST SLP M ON M
DPTR FM NORMAL   -22    LOWEST  SLP 29.76 ON  1

[REMARKS]
