000
CXUS51 KCLE 230800
CF6CLE
PRELIMINARY LOCAL CLIMATOLOGICAL DATA (WS FORM: F-6)

                                          STATION:   CLEVELAND OH
                                          MONTH:     JANUARY
                                          YEAR:      2019
                                          LATITUDE:   41 24 N
                                          LONGITUDE:  81 51 W

  TEMPERATURE IN F:       :PCPN:    SNOW:  WIND      :SUNSHINE: SKY     :PK WND
================================================================================
1   2   3   4   5  6A  6B    7    8   9   10  11  12  13   14  15   16   17  18
                                     12Z  AVG MX 2MIN
DY MAX MIN AVG DEP HDD CDD  WTR  SNW DPTH SPD SPD DIR MIN PSBL S-S WX    SPD DR
================================================================================

 1  56  34  45  16  20   0    T  0.0    0 12.3 39 270   M    M  10 1      51 260
 2  41  32  37   9  28   0 0.04    T    0  8.2 23 260   M    M  10 16     28 280
 3  36  31  34   6  31   0    T    T    0 11.8 23 270   M    M   7 6      29 290
 4  51  32  42  14  23   0 0.00  0.0    0  7.8 15 200   M    M   4        20 200
 5  48  28  38  10  27   0 0.00  0.0    0  8.2 16 270   M    M   2 18     21 230
 6  44  34  39  11  26   0 0.00  0.0    0  9.9 20 280   M    M   7        25 270
 7  57  33  45  17  20   0 0.05  0.1    0 15.4 30 170   M    M  10 4      39 170
 8  57  39  48  20  17   0 0.61    T    0 15.8 38 290   M    M   9 135    56 290
 9  40  24  32   4  33   0 0.11  1.2    1 17.2 26 290   M    M  10 19     33 290
10  26  24  25  -3  40   0 0.01  0.2    1 12.9 23 310   M    M  10        31 320
11  31  25  28   0  37   0    T    T    1  4.3 12 310   M    M   8        14 290
12  32  25  29   1  36   0 0.16  1.4    T  7.0 12  50   M    M  10 1      14  40
13  33  25  29   1  36   0 0.02  0.4    2 13.3 24  30   M    M   6 1      28  40
14  30  17  24  -4  41   0 0.00  0.0    1  5.5 13 240   M    M   6        15  40
15  29  19  24  -4  41   0    T    T    1 11.0 20 240   M    M  10 168    26 240
16  34  25  30   2  35   0    T  0.0    1 11.4 23 260   M    M  10 16     31 270
17  35  22  29   1  36   0 0.07  0.6    1  8.0 14 130   M    M  10 18     17 140
18  35  30  33   5  32   0    T    T    1  8.4 16 300   M    M  10 18     21 300
19  30  23  27  -1  38   0 0.43  6.2    1 17.1 33  20   M    M  10 129    44  30
20  23  10  17 -11  48   0 0.13  2.7    9 21.1 33 350   M    M  10 89     44 350
21  14   5  10 -18  55   0    T  0.2    9 10.7 21 310   M    M  10 8      27 310
22  40   3  22  -6  43   0 0.00  0.0    9 14.4 24 180   M    M   8        35 190
================================================================================
SM  822  540       743   0  1.63    13.0 251.7          M      187
================================================================================
AV 37.4 24.6                              11.4 FASTST   M    M   9    MAX(MPH)
                                 MISC ---->  # 39 270               # 56  290
================================================================================
NOTES:
# LAST OF SEVERAL OCCURRENCES

COLUMN 17 PEAK WIND IN M.P.H.

PRELIMINARY LOCAL CLIMATOLOGICAL DATA (WS FORM: F-6) , PAGE 2

                                          STATION:  CLEVELAND OH
                                          MONTH:    JANUARY
                                          YEAR:     2019
                                          LATITUDE:   41 24 N
                                          LONGITUDE:  81 51 W

[TEMPERATURE DATA]      [PRECIPITATION DATA]       SYMBOLS USED IN COLUMN 16

AVERAGE MONTHLY: 31.0   TOTAL FOR MONTH:   1.63    1 = FOG OR MIST
DPTR FM NORMAL:   2.9   DPTR FM NORMAL:   -0.37    2 = FOG REDUCING VISIBILITY
HIGHEST:    57 ON  8, 7 GRTST 24HR  0.95 ON 31- 1      TO 1/4 MILE OR LESS
LOWEST:      3 ON 22                               3 = THUNDER
                        SNOW, ICE PELLETS, HAIL    4 = ICE PELLETS
                        TOTAL MONTH:  13.0 INCHES  5 = HAIL
                        GRTST 24HR   6.2 ON 19-19  6 = FREEZING RAIN OR DRIZZLE
                        GRTST DEPTH:   9 ON 22,21  7 = DUSTSTORM OR SANDSTORM:
                                                       VSBY 1/2 MILE OR LESS
                                                   8 = SMOKE OR HAZE
[NO. OF DAYS WITH]      [WEATHER - DAYS WITH]      9 = BLOWING SNOW
                                                   X = TORNADO
MAX 32 OR BELOW:   8    0.01 INCH OR MORE:  10
MAX 90 OR ABOVE:   0    0.10 INCH OR MORE:   5
MIN 32 OR BELOW:  18    0.50 INCH OR MORE:   1
MIN  0 OR BELOW:   0    1.00 INCH OR MORE:   0

[HDD (BASE 65) ]
TOTAL THIS MO.   743    CLEAR  (SCALE 0-3)   1
DPTR FM NORMAL   -70    PTCLDY (SCALE 4-7)   7
TOTAL FM JUL 1  2802    CLOUDY (SCALE 8-10) 14
DPTR FM NORMAL  -118

[CDD (BASE 65) ]
TOTAL THIS MO.     0
DPTR FM NORMAL     0    [PRESSURE DATA]
TOTAL FM JAN 1     0    HIGHEST SLP M ON M
DPTR FM NORMAL     0    LOWEST  SLP 29.57 ON M

[REMARKS]
