000
CXUS51 KCLE 200800
CF6CLE
PRELIMINARY LOCAL CLIMATOLOGICAL DATA (WS FORM: F-6)

                                          STATION:   CLEVELAND OH
                                          MONTH:     OCTOBER
                                          YEAR:      2019
                                          LATITUDE:   41 24 N
                                          LONGITUDE:  81 51 W

  TEMPERATURE IN F:       :PCPN:    SNOW:  WIND      :SUNSHINE: SKY     :PK WND
================================================================================
1   2   3   4   5  6A  6B    7    8   9   10  11  12  13   14  15   16   17  18
                                     12Z  AVG MX 2MIN
DY MAX MIN AVG DEP HDD CDD  WTR  SNW DPTH SPD SPD DIR MIN PSBL S-S WX    SPD DR
================================================================================

 1  93  70  82  23   0  17 0.00  0.0    0 10.2 23 250   M    M   4        29 250
 2  84  64  74  16   0   9 0.14  0.0    0  8.9 16  40   M    M   9 1      19  40
 3  84  62  73  15   0   8    T  0.0    0 10.1 22 300   M    M   8 1      28 290
 4  63  51  57  -1   8   0    T  0.0    0 13.8 21  30   M    M  10 8      26  30
 5  70  44  57   0   8   0 0.00  0.0    0  7.8 15 160   M    M   4        20 140
 6  75  59  67  10   0   2 0.07  0.0    0  9.9 18 230   M    M  10        24 240
 7  65  50  58   1   7   0 0.01  0.0    0  5.9  9 230   M    M   8        11 250
 8  72  43  58   2   7   0 0.00  0.0    0  6.4 17  30   M    M   1        21  60
 9  73  47  60   4   5   0 0.00  0.0    0  6.0 15  30   M    M   0        19  30
10  77  46  62   6   3   0 0.00  0.0    0  5.4 15  30   M    M   3        19  30
11  82  60  71  16   0   6 0.01  0.0    0 10.5 21 150   M    M   8 8      26 150
12  66  43  55   0  10   0 0.22  0.0    0 12.4 23 290   M    M   4 1      27 280
13  68  43  56   1   9   0 0.00  0.0    0 13.4 24 200   M    M   1        32 200
14  58  42  50  -4  15   0 0.00  0.0    0  7.4 20 260   M    M   5        25 250
15  71  36  54   0  11   0 0.00  0.0    0  8.9 21 170   M    M   3        26 160
16  65  47  56   2   9   0 0.73  0.0    0 16.4 30 300   M    M  10 1      36 270
17  53  47  50  -3  15   0    T  0.0    0 14.5 28 300   M    M   9        37 300
18  57  41  49  -4  16   0 0.00  0.0    0  6.0 14  10   M    M   6        18 360
19  66  37  52  -1  13   0 0.00  0.0    0  5.2 14 140   M    M   4        22 210
================================================================================
SM 1342  932       136  42  1.18     0.0 179.1          M      107
================================================================================
AV 70.6 49.1                               9.4 FASTST   M    M   6    MAX(MPH)
                                 MISC ---->  # 30 300               # 37  300
================================================================================
NOTES:
# LAST OF SEVERAL OCCURRENCES

COLUMN 17 PEAK WIND IN M.P.H.

PRELIMINARY LOCAL CLIMATOLOGICAL DATA (WS FORM: F-6) , PAGE 2

                                          STATION:  CLEVELAND OH
                                          MONTH:    OCTOBER
                                          YEAR:     2019
                                          LATITUDE:   41 24 N
                                          LONGITUDE:  81 51 W

[TEMPERATURE DATA]      [PRECIPITATION DATA]       SYMBOLS USED IN COLUMN 16

AVERAGE MONTHLY: 59.8   TOTAL FOR MONTH:   1.18    1 = FOG OR MIST
DPTR FM NORMAL:   4.2   DPTR FM NORMAL:   -0.74    2 = FOG REDUCING VISIBILITY
HIGHEST:    93 ON  1    GRTST 24HR  0.73 ON 16-16      TO 1/4 MILE OR LESS
LOWEST:     36 ON 15                               3 = THUNDER
                        SNOW, ICE PELLETS, HAIL    4 = ICE PELLETS
                        TOTAL MONTH:   0.0 INCH    5 = HAIL
                        GRTST 24HR     0.0         6 = FREEZING RAIN OR DRIZZLE
                        GRTST DEPTH:   0           7 = DUSTSTORM OR SANDSTORM:
                                                       VSBY 1/2 MILE OR LESS
                                                   8 = SMOKE OR HAZE
[NO. OF DAYS WITH]      [WEATHER - DAYS WITH]      9 = BLOWING SNOW
                                                   X = TORNADO
MAX 32 OR BELOW:   0    0.01 INCH OR MORE:   6
MAX 90 OR ABOVE:   1    0.10 INCH OR MORE:   3
MIN 32 OR BELOW:   0    0.50 INCH OR MORE:   1
MIN  0 OR BELOW:   0    1.00 INCH OR MORE:   0

[HDD (BASE 65) ]
TOTAL THIS MO.   136    CLEAR  (SCALE 0-3)   3
DPTR FM NORMAL   -49    PTCLDY (SCALE 4-7)  10
TOTAL FM JUL 1   142    CLOUDY (SCALE 8-10)  6
DPTR FM NORMAL  -146

[CDD (BASE 65) ]
TOTAL THIS MO.    42
DPTR FM NORMAL    32    [PRESSURE DATA]
TOTAL FM JAN 1  1095    HIGHEST SLP M ON M
DPTR FM NORMAL   281    LOWEST  SLP 29.61 ON 16

[REMARKS]
