000
CXUS54 KHGX 220757
CF6CLL
PRELIMINARY LOCAL CLIMATOLOGICAL DATA (WS FORM: F-6)

                                          STATION:   COLLEGE STATION
                                          MONTH:     JUNE
                                          YEAR:      2021
                                          LATITUDE:   30 34 N
                                          LONGITUDE:  96 22 W

  TEMPERATURE IN F:       :PCPN:    SNOW:  WIND      :SUNSHINE: SKY     :PK WND
================================================================================
1   2   3   4   5  6A  6B    7    8   9   10  11  12  13   14  15   16   17  18
                                     12Z  AVG MX 2MIN
DY MAX MIN AVG DEP HDD CDD  WTR  SNW DPTH SPD SPD DIR MIN PSBL S-S WX    SPD DR
================================================================================

 1  83  71  77  -3   0  12 1.29  0.0    0  6.8 16 120   M    M   6 13     20 120
 2  87  68  78  -3   0  13 0.13  0.0    0  3.8 17 300   M    M   5 13     25 320
 3  84  68  76  -5   0  11 0.06  0.0    0  6.2 18 110   M    M   5 3      23 120
 4  82  70  76  -5   0  11    T  0.0    0  5.6 13  80   M    M   7 3      17  80
 5  87  72  80  -1   0  15 0.02  0.0    0  3.6 14 150   M    M   5 13     18 150
 6  90  70  80  -2   0  15    T  0.0    0  7.4 15 160   M    M   4        19 150
 7  87  75  81  -1   0  16 0.02  0.0    0 10.0 24 160   M    M   8        30 150
 8  91  76  84   2   0  19 0.10  0.0    0  9.9 29 160   M    M   5 38     34 150
 9  94  78  86   4   0  21 0.00  0.0    0 10.2 18 170   M    M   6 1      23 180
10  95  77  86   4   0  21 0.00  0.0    0  9.6 16 150   M    M   4        20 170
11  93  79  86   4   0  21 0.00  0.0    0 10.0 16 170   M    M   6        21 190
12  93  76  85   3   0  20    T  0.0    0  3.3 12 180   M    M   3        15 190
13  97  78  88   6   0  23 0.00  0.0    0  4.1 12 290   M    M   2        15 340
14  97  78  88   5   0  23    T  0.0    0  2.9 26 330   M    M   1 3      33 350
15  97  73  85   2   0  20 0.37  0.0    0  6.0 33 110   M    M   2 38     41 120
16  95  71  83   0   0  18 0.00  0.0    0  4.3 12 110   M    M   0        15  60
17  97  76  87   4   0  22 0.00  0.0    0  3.8 15 150   M    M   2        19 110
18  92  74  83   0   0  18 0.00  0.0    0  2.9 12  90   M    M   0        17  20
19  94  72  83   0   0  18 0.00  0.0    0  4.5 12 160   M    M   0        14 170
20  95  75  85   2   0  20 0.00  0.0    0 10.4 20 160   M    M   3        24 180
21  90  73  82  -1   0  17 0.27  0.0    0  9.3 32  50   M    M   8 13     46  40
================================================================================
SM 1920 1550         0 374  2.26  0.0    134.6          M       82
================================================================================
AV 91.4 73.8                               6.4 FASTST   M    M   4    MAX(MPH)
                                 MISC ---->    33 110                 46  40
================================================================================
NOTES:
# LAST OF SEVERAL OCCURRENCES

COLUMN 17 PEAK WIND IN M.P.H.

PRELIMINARY LOCAL CLIMATOLOGICAL DATA (WS FORM: F-6) , PAGE 2

                                          STATION:   COLLEGE STATION
                                          MONTH:     JUNE
                                          YEAR:      2021
                                          LATITUDE:   30 34 N
                                          LONGITUDE:  96 22 W

[TEMPERATURE DATA]      [PRECIPITATION DATA]       SYMBOLS USED IN COLUMN 16

AVERAGE MONTHLY: 82.6   TOTAL FOR MONTH:   2.26    1 = FOG OR MIST
DPTR FM NORMAL:   0.5   DPTR FM NORMAL:   -0.73    2 = FOG REDUCING VISIBILITY
HIGHEST:    97 ON 17,15  GRTST 24HR  1.30 ON 31- 1      TO 1/4 MILE OR LESS
LOWEST:     68 ON  3, 2                             3 = THUNDER
                        SNOW, ICE PELLETS, HAIL    4 = ICE PELLETS
                        TOTAL MONTH:   0.0 INCH    5 = HAIL
                        GRTST 24HR  0.0            6 = FREEZING RAIN OR DRIZZLE
                        GRTST DEPTH:  0            7 = DUSTSTORM OR SANDSTORM:
                                                       VSBY 1/2 MILE OR LESS
                                                   8 = SMOKE OR HAZE
[NO. OF DAYS WITH]      [WEATHER - DAYS WITH]      9 = BLOWING SNOW
                                                   X = TORNADO
MAX 32 OR BELOW:   0    0.01 INCH OR MORE:   8
MAX 90 OR ABOVE:  15    0.10 INCH OR MORE:   5
MIN 32 OR BELOW:   0    0.50 INCH OR MORE:   1
MIN  0 OR BELOW:   0    1.00 INCH OR MORE:   1

[HDD (BASE 65) ]
TOTAL THIS MO.     0    CLEAR  (SCALE 0-3)   9
DPTR FM NORMAL     0    PTCLDY (SCALE 4-7)  12
TOTAL FM JUL 1  1535    CLOUDY (SCALE 8-10)  0
DPTR FM NORMAL   -10

[CDD (BASE 65) ]
TOTAL THIS MO.   374
DPTR FM NORMAL    14    [PRESSURE DATA]
TOTAL FM JAN 1   951    HIGHEST SLP M ON M
DPTR FM NORMAL   -18    LOWEST  SLP 29.72 ON  6

[REMARKS]
