000
CXUS54 KHGX 211515
CF6CLL
PRELIMINARY LOCAL CLIMATOLOGICAL DATA (WS FORM: F-6)

                                          STATION:   COLLEGE STATION
                                          MONTH:     JANUARY
                                          YEAR:      2019
                                          LATITUDE:   30 34 N
                                          LONGITUDE:  96 22 W

  TEMPERATURE IN F:       :PCPN:    SNOW:  WIND      :SUNSHINE: SKY     :PK WND
================================================================================
1   2   3   4   5  6A  6B    7    8   9   10  11  12  13   14  15   16   17  18
                                     12Z  AVG MX 2MIN
DY MAX MIN AVG DEP HDD CDD  WTR  SNW DPTH SPD SPD DIR MIN PSBL S-S WX    SPD DR
================================================================================

 1  55  42  49  -2  16   0 0.00  0.0    0  9.3 18 350   M    M   5 1      23 360
 2  46  39  43  -8  22   0 2.22  0.0    0 11.9 23 320   M    M  10 13     29 320
 3  45  34  40 -11  25   0 0.25  0.0    0  9.4 21 320   M    M   8 1      25 320
 4  60  33  47  -4  18   0 0.00  0.0    0  5.1 14 300   M    M   0        19 270
 5  71  38  55   4  10   0 0.00  0.0    0  3.8 10 170   M    M   0 1      13 170
 6  72  44  58   7   7   0 0.00  0.0    0 10.4 21 180   M    M   4 12     27 160
 7  73  61  67  16   0   2    T  0.0    0  9.0 17 170   M    M   6 1      21 160
 8  75  56  66  15   0   1 0.00  0.0    0  5.7 15  10   M    M   4 12     20  20
 9  61  44  53   2  12   0 0.00  0.0    0  8.9 20  30   M    M   1        25  50
10  59  40  50  -1  15   0 0.00  0.0    0  4.3 13 100   M    M   4        15 100
11  65  45  55   4  10   0 0.50  0.0    0  9.7 18 300   M    M   6 1      24 150
12  59  43  51   0  14   0    T  0.0    0 10.6 23 330   M    M   3 12     31 330
13  53  39  46  -5  19   0 0.00  0.0    0  9.1 17 360   M    M   5        23 360
14  52  36  44  -7  21   0 0.00  0.0    0  6.1 12  20   M    M   5        15 350
15  52  44  48  -3  17   0    T    M    0  3.2  8 160   M    M   9        11 170
16  58  47  53   2  12   0 0.08    M    0  6.1 13 160   M    M  10 1      17 150
17  72  50  61  10   4   0 0.01  0.0    0  8.1 18 210   M    M   5 1      24 200
18  67  49  58   7   7   0 0.09  0.0    0  7.1 16 180   M    M   7 12     22 170
19  67  36  52   1  13   0 0.14  0.0    0 19.6 33 290   M    M   6 13     47 300
20  51  29  40 -11  25   0 0.00  0.0    0  6.1 17 330   M    M   0        22 320
================================================================================
SM 1213  849       267   3  3.29     0.0 163.5          M       98
================================================================================
AV 60.7 42.5                               8.2 FASTST   M    M   5    MAX(MPH)
                                 MISC ---->  # 33 290               # 47  300
================================================================================
NOTES:
# LAST OF SEVERAL OCCURRENCES

COLUMN 17 PEAK WIND IN M.P.H.

PRELIMINARY LOCAL CLIMATOLOGICAL DATA (WS FORM: F-6) , PAGE 2

                                          STATION:  COLLEGE STATION
                                          MONTH:    JANUARY
                                          YEAR:     2019
                                          LATITUDE:   30 34 N
                                          LONGITUDE:  96 22 W

[TEMPERATURE DATA]      [PRECIPITATION DATA]       SYMBOLS USED IN COLUMN 16

AVERAGE MONTHLY: 51.6   TOTAL FOR MONTH:   3.29    1 = FOG OR MIST
DPTR FM NORMAL:   0.6   DPTR FM NORMAL:    1.22    2 = FOG REDUCING VISIBILITY
HIGHEST:    75 ON  8    GRTST 24HR  2.22 ON  2- 2      TO 1/4 MILE OR LESS
LOWEST:     29 ON 20                               3 = THUNDER
                        SNOW, ICE PELLETS, HAIL    4 = ICE PELLETS
                        TOTAL MONTH:   0.0 INCH    5 = HAIL
                        GRTST 24HR     0.0         6 = FREEZING RAIN OR DRIZZLE
                        GRTST DEPTH:   0           7 = DUSTSTORM OR SANDSTORM:
                                                       VSBY 1/2 MILE OR LESS
                                                   8 = SMOKE OR HAZE
[NO. OF DAYS WITH]      [WEATHER - DAYS WITH]      9 = BLOWING SNOW
                                                   X = TORNADO
MAX 32 OR BELOW:   0    0.01 INCH OR MORE:   7
MAX 90 OR ABOVE:   0    0.10 INCH OR MORE:   4
MIN 32 OR BELOW:   1    0.50 INCH OR MORE:   2
MIN  0 OR BELOW:   0    1.00 INCH OR MORE:   1

[HDD (BASE 65) ]
TOTAL THIS MO.   267    CLEAR  (SCALE 0-3)   4
DPTR FM NORMAL   -26    PTCLDY (SCALE 4-7)  13
TOTAL FM JUL 1   988    CLOUDY (SCALE 8-10)  3
DPTR FM NORMAL    59

[CDD (BASE 65) ]
TOTAL THIS MO.     3
DPTR FM NORMAL     3    [PRESSURE DATA]
TOTAL FM JAN 1     3    HIGHEST SLP M ON M
DPTR FM NORMAL     3    LOWEST  SLP 29.71 ON 19

[REMARKS]
