000
CXUS54 KHGX 310724
CF6CLL
PRELIMINARY LOCAL CLIMATOLOGICAL DATA (WS FORM: F-6)

                                          STATION:   COLLEGE STATION
                                          MONTH:     OCTOBER
                                          YEAR:      2020
                                          LATITUDE:   30 34 N
                                          LONGITUDE:  96 22 W

  TEMPERATURE IN F:       :PCPN:    SNOW:  WIND      :SUNSHINE: SKY     :PK WND
================================================================================
1   2   3   4   5  6A  6B    7    8   9   10  11  12  13   14  15   16   17  18
                                     12Z  AVG MX 2MIN
DY MAX MIN AVG DEP HDD CDD  WTR  SNW DPTH SPD SPD DIR MIN PSBL S-S WX    SPD DR
================================================================================

 1  90  54  72  -3   0   7 0.00  0.0    0  5.3 15  40   M    M   0 8      20  30
 2  83  58  71  -4   0   6 0.00  0.0    0  6.4 14  50   M    M   0        18  50
 3  83  57  70  -5   0   5 0.00  0.0    0  6.9 15 160   M    M   0        22 150
 4  86  58  72  -2   0   7 0.00  0.0    0  5.6 16  40   M    M   3        21  40
 5  86  61  74   0   0   9 0.00  0.0    0  5.8 12  70   M    M   0        16  30
 6  88  61  75   1   0  10 0.00  0.0    0  3.9  9  50   M    M   0        12  50
 7  89  60  75   2   0  10 0.00  0.0    0  2.6 13  40   M    M   0        16  10
 8  89  68  79   6   0  14    T  0.0    0  7.6 14  20   M    M   4        19  70
 9  87  70  79   6   0  14    T  0.0    0 11.4 20  10   M    M   6        25  30
10  90  65  78   5   0  13 0.00  0.0    0  3.7  9 250   M    M   2 12     13 230
11  94  71  83  11   0  18 0.00  0.0    0  9.3 18 180   M    M   2 1      22 210
12  88  69  79   7   0  14 0.00  0.0    0  9.2 16 360   M    M   6 8      22 340
13  89  62  76   4   0  11 0.00  0.0    0  5.5 12  30   M    M   0        15  30
14  89  64  77   6   0  12 0.00  0.0    0  8.0 16 170   M    M   3        19 180
15  87  65  76   5   0  11 0.00  0.0    0 10.4 25 350   M    M   8        31 340
16  76  55  66  -5   0   1    T  0.0    0 11.7 25  40   M    M   5        35  20
17  82  55  69  -2   0   4 0.00  0.0    0 10.6 20 160   M    M   8        25 160
18  89  70  80  10   0  15 0.00  0.0    0 12.5 22 170   M    M   4 1      29 170
19  92  72  82  12   0  17 0.00  0.0    0  8.6 18 150   M    M   5 1      24 160
20  89  72  81  11   0  16 0.00  0.0    0  9.0 16 160   M    M   4        22 150
21  89  69  79  10   0  14 0.00  0.0    0  5.9 14 150   M    M   5 12     17 160
22  89  69  79  10   0  14 0.00  0.0    0  6.9 16 120   M    M   4 12     20 130
23  84  53  69   0   0   4 0.11  0.0    0 11.0 35 360   M    M   7 13     43 350
24  68  50  59 -10   6   0 0.00  0.0    0  8.4 17 350   M    M   6        23 350
25  75  61  68   0   0   3 0.00  0.0    0  7.3 15 110   M    M   9 18     17 100
26  81  49  65  -3   0   0 0.13  0.0    0 11.5 20 350   M    M  10 1      25 320
27  51  46  49 -19  16   0 0.04  0.0    0 10.6 18 350   M    M  10 1      22 350
28  55  40  48 -19  17   0 0.17  0.0    0  9.7 21 320   M    M   5 1      28 310
29  61  39  50 -17  15   0 0.00  0.0    0 10.8 28 320   M    M   2 1      39 330
30  71  43  57 -10   8   0 0.00  0.0    0  5.6 12  20   M    M   0        16  30
================================================================================
SM 2470 1786        62 249  0.45     0.0 241.7          M      118
================================================================================
AV 82.3 59.5                               8.1 FASTST   M    M   4    MAX(MPH)
                                 MISC ---->  # 35 360               # 43  350
================================================================================
NOTES:
# LAST OF SEVERAL OCCURRENCES

COLUMN 17 PEAK WIND IN M.P.H.

PRELIMINARY LOCAL CLIMATOLOGICAL DATA (WS FORM: F-6) , PAGE 2

                                          STATION:  COLLEGE STATION
                                          MONTH:    OCTOBER
                                          YEAR:     2020
                                          LATITUDE:   30 34 N
                                          LONGITUDE:  96 22 W

[TEMPERATURE DATA]      [PRECIPITATION DATA]       SYMBOLS USED IN COLUMN 16

AVERAGE MONTHLY: 70.9   TOTAL FOR MONTH:   0.45    1 = FOG OR MIST
DPTR FM NORMAL:  -0.1   DPTR FM NORMAL:   -4.34    2 = FOG REDUCING VISIBILITY
HIGHEST:    94 ON 11    GRTST 24HR  0.17 ON 28-28      TO 1/4 MILE OR LESS
LOWEST:     39 ON 29                               3 = THUNDER
                        SNOW, ICE PELLETS, HAIL    4 = ICE PELLETS
                        TOTAL MONTH:   0.0 INCH    5 = HAIL
                        GRTST 24HR     0.0         6 = FREEZING RAIN OR DRIZZLE
                        GRTST DEPTH:   0           7 = DUSTSTORM OR SANDSTORM:
                                                       VSBY 1/2 MILE OR LESS
                                                   8 = SMOKE OR HAZE
[NO. OF DAYS WITH]      [WEATHER - DAYS WITH]      9 = BLOWING SNOW
                                                   X = TORNADO
MAX 32 OR BELOW:   0    0.01 INCH OR MORE:   4
MAX 90 OR ABOVE:   4    0.10 INCH OR MORE:   3
MIN 32 OR BELOW:   0    0.50 INCH OR MORE:   0
MIN  0 OR BELOW:   0    1.00 INCH OR MORE:   0

[HDD (BASE 65) ]
TOTAL THIS MO.    62    CLEAR  (SCALE 0-3)  13
DPTR FM NORMAL    32    PTCLDY (SCALE 4-7)  13
TOTAL FM JUL 1    62    CLOUDY (SCALE 8-10)  4
DPTR FM NORMAL    30

[CDD (BASE 65) ]
TOTAL THIS MO.   249
DPTR FM NORMAL    37    [PRESSURE DATA]
TOTAL FM JAN 1  3274    HIGHEST SLP M ON M
DPTR FM NORMAL   266    LOWEST  SLP 29.64 ON  9

[REMARKS]
