000
CXUS54 KHGX 271410
CF6CLL
PRELIMINARY LOCAL CLIMATOLOGICAL DATA (WS FORM: F-6)

                                          STATION:   COLLEGE STATION
                                          MONTH:     JUNE
                                          YEAR:      2022
                                          LATITUDE:   30 34 N
                                          LONGITUDE:  96 22 W

  TEMPERATURE IN F:       :PCPN:    SNOW:  WIND      :SUNSHINE: SKY     :PK WND
================================================================================
1   2   3   4   5  6A  6B    7    8   9   10  11  12  13   14  15   16   17  18
                                     12Z  AVG MX 2MIN
DY MAX MIN AVG DEP HDD CDD  WTR  SNW DPTH SPD SPD DIR MIN PSBL S-S WX    SPD DR
================================================================================

 1  92  77  85   5   0  20 0.13  0.0    0  7.6 26 120   M    M   4 13     35 140
 2  89  73  81   0   0  16 0.02  0.0    0  7.1 21 360   M    M   2 3      25 360
 3  90  71  81   0   0  16 0.00  0.0    0  7.2 15  30   M    M   1        22  40
 4  93  70  82   1   0  17 0.03  0.0    0  7.2 14  70   M    M   2 3      21 160
 5  96  72  84   3   0  19 0.00  0.0    0 10.4 18 170   M    M   1        27 150
 6  97  76  87   5   0  22 0.00  0.0    0 14.8 24 160   M    M   1        32 160
 7  99  78  89   7   0  24 0.00  0.0    0 13.6 21 150   M    M   4        30 160
 8  98  78  88   6   0  23 0.00  0.0    0  9.8 20 170   M    M   4        29 160
 9  98  76  87   5   0  22 0.00  0.0    0  5.7 15 160   M    M   1 1      22 140
10 100  77  89   7   0  24 0.00  0.0    0  8.5 20 190   M    M   2        26 210
11  99  78  89   7   0  24 0.00  0.0    0  9.3 16 170   M    M   0        23 170
12 102  79  91   9   0  26 0.00  0.0    0 11.5 20 160   M    M   2        28 180
13 101  80  91   9   0  26 0.00  0.0    0 12.6 24 160   M    M   3        34 160
14  98  79  89   6   0  24 0.00  0.0    0 15.8 28 170   M    M   2        37 160
15  99  80  90   7   0  25 0.00  0.0    0 11.7 20 150   M    M   4        29 170
16 101  78  90   7   0  25 0.00  0.0    0  5.1 13 150   M    M   2 18     20 170
17  98  77  88   5   0  23    T  0.0    0  5.9 20 140   M    M   1 3      26 140
18  98  77  88   5   0  23 0.00  0.0    0  6.1 14 140   M    M   1 1      22 130
19 101  77  89   6   0  24 0.00  0.0    0  5.5 16 100   M    M   1        26 130
20 101  77  89   6   0  24 0.00  0.0    0  5.4 14 150   M    M   2        19 150
21 101  79  90   7   0  25 0.00  0.0    0  6.9 18 130   M    M   2 3      24 140
22 101  76  89   6   0  24 0.00  0.0    0  4.6 17 170   M    M   2        22 150
23 102  77  90   6   0  25 0.00  0.0    0  5.7 15 180   M    M   1 8      21 170
24 102  77  90   6   0  25 0.00  0.0    0  8.2 16 210   M    M   0        23 200
25 102  75  89   5   0  24 0.00  0.0    0  6.9 16 220   M    M   0        23 230
26 103  75  89   5   0  24 0.01  0.0    0  5.4 14  50   M    M   1 3      19  50
================================================================================
SM 2561 1989         0 594  0.19  0.0    218.5          M       46
================================================================================
AV 98.5 76.5                               8.4 FASTST   M    M   2    MAX(MPH)
                                 MISC ---->    28 170                 37 160
================================================================================
NOTES:
# LAST OF SEVERAL OCCURRENCES

COLUMN 17 PEAK WIND IN M.P.H.

PRELIMINARY LOCAL CLIMATOLOGICAL DATA (WS FORM: F-6) , PAGE 2

                                          STATION:   COLLEGE STATION
                                          MONTH:     JUNE
                                          YEAR:      2022
                                          LATITUDE:   30 34 N
                                          LONGITUDE:  96 22 W

[TEMPERATURE DATA]      [PRECIPITATION DATA]       SYMBOLS USED IN COLUMN 16

AVERAGE MONTHLY: 87.5   TOTAL FOR MONTH:   0.19    1 = FOG OR MIST
DPTR FM NORMAL:   5.1   DPTR FM NORMAL:   -3.39    2 = FOG REDUCING VISIBILITY
HIGHEST:   103 ON 26    GRTST 24HR  0.13 ON  1- 1      TO 1/4 MILE OR LESS
LOWEST:     70 ON  4                               3 = THUNDER
                        SNOW, ICE PELLETS, HAIL    4 = ICE PELLETS
                        TOTAL MONTH:   0.0 INCH    5 = HAIL
                        GRTST 24HR  0.0            6 = FREEZING RAIN OR DRIZZLE
                        GRTST DEPTH:  0            7 = DUSTSTORM OR SANDSTORM:
                                                       VSBY 1/2 MILE OR LESS
                                                   8 = SMOKE OR HAZE
[NO. OF DAYS WITH]      [WEATHER - DAYS WITH]      9 = BLOWING SNOW
                                                   X = TORNADO
MAX 32 OR BELOW:   0    0.01 INCH OR MORE:   4
MAX 90 OR ABOVE:  25    0.10 INCH OR MORE:   1
MIN 32 OR BELOW:   0    0.50 INCH OR MORE:   0
MIN  0 OR BELOW:   0    1.00 INCH OR MORE:   0

[HDD (BASE 65) ]
TOTAL THIS MO.     0    CLEAR  (SCALE 0-3)  21
DPTR FM NORMAL     0    PTCLDY (SCALE 4-7)   5
TOTAL FM JUL 1  1294    CLOUDY (SCALE 8-10)  0
DPTR FM NORMAL  -251

[CDD (BASE 65) ]
TOTAL THIS MO.   594
DPTR FM NORMAL   141    [PRESSURE DATA]
TOTAL FM JAN 1  1435    HIGHEST SLP M ON M
DPTR FM NORMAL   373    LOWEST  SLP 29.65 ON  5

[REMARKS]
