000
CXUS52 KGSP 161133
CF6CLT
PRELIMINARY LOCAL CLIMATOLOGICAL DATA (WS FORM: F-6)

                                          STATION:   CHARLOTTE NC
                                          MONTH:     OCTOBER
                                          YEAR:      2019
                                          LATITUDE:   35 12 N
                                          LONGITUDE:  80 57 W

  TEMPERATURE IN F:       :PCPN:    SNOW:  WIND      :SUNSHINE: SKY     :PK WND
================================================================================
1   2   3   4   5  6A  6B    7    8   9   10  11  12  13   14  15   16   17  18
                                     12Z  AVG MX 2MIN
DY MAX MIN AVG DEP HDD CDD  WTR  SNW DPTH SPD SPD DIR MIN PSBL S-S WX    SPD DR
================================================================================

 1  92  72  82  17   0  17 0.00  0.0    0  3.9 13 150   M    M   5 18     18 140
 2  99  71  85  20   0  20 0.00  0.0    0  3.2  8  20   M    M   3 18     12  80
 3  98  68  83  18   0  18 0.00  0.0    0  2.7  9  50   M    M   2 18     12  20
 4  97  65  81  17   0  16 0.00  0.0    0  5.1 21  70   M    M   3 18     27  60
 5  78  62  70   6   0   5    T  0.0    0 12.2 22  70   M    M  10        29  60
 6  81  59  70   6   0   5 0.03  0.0    0  6.6 12 140   M    M   8        19 110
 7  82  62  72   9   0   7 0.00  0.0    0  4.8 13 140   M    M   7        16 140
 8  72  63  68   5   0   3    T  0.0    0  9.2 17  50   M    M   9        25  30
 9  79  59  69   7   0   4 0.00  0.0    0  8.1 15 110   M    M   6 8      21 110
10  78  56  67   5   0   2 0.00  0.0    0  6.2 12 340   M    M   4        21  70
11  81  50  66   4   0   1 0.00  0.0    0  3.1 10 240   M    M   2        14 240
12  86  57  72  10   0   7 0.00  0.0    0  5.5 13 200   M    M   5        17 220
13  70  62  66   5   0   1 1.05  0.0    0  4.7 14 170   M    M   9 13     16 160
14  78  52  65   4   0   0 0.00  0.0    0  2.2  9 310   M    M   5 18     12  30
15  78  49  64   4   1   0 0.02  0.0    0  5.6 15 170   M    M   7 1      18 170
================================================================================
SM 1249  907         1 106  1.10     0.0  83.1          M       85
================================================================================
AV 83.3 60.5                               5.5 FASTST   M    M   6    MAX(MPH)
                                 MISC ---->  # 22  70               # 29   60
================================================================================
NOTES:
# LAST OF SEVERAL OCCURRENCES

COLUMN 17 PEAK WIND IN M.P.H.

PRELIMINARY LOCAL CLIMATOLOGICAL DATA (WS FORM: F-6) , PAGE 2

                                          STATION:  CHARLOTTE NC
                                          MONTH:    OCTOBER
                                          YEAR:     2019
                                          LATITUDE:   35 12 N
                                          LONGITUDE:  80 57 W

[TEMPERATURE DATA]      [PRECIPITATION DATA]       SYMBOLS USED IN COLUMN 16

AVERAGE MONTHLY: 71.9   TOTAL FOR MONTH:   1.10    1 = FOG OR MIST
DPTR FM NORMAL:   9.0   DPTR FM NORMAL:   -0.65    2 = FOG REDUCING VISIBILITY
HIGHEST:    99 ON  2    GRTST 24HR  1.05 ON 13-13      TO 1/4 MILE OR LESS
LOWEST:     49 ON 15                               3 = THUNDER
                        SNOW, ICE PELLETS, HAIL    4 = ICE PELLETS
                        TOTAL MONTH:   0.0 INCH    5 = HAIL
                        GRTST 24HR     0.0         6 = FREEZING RAIN OR DRIZZLE
                        GRTST DEPTH:   0           7 = DUSTSTORM OR SANDSTORM:
                                                       VSBY 1/2 MILE OR LESS
                                                   8 = SMOKE OR HAZE
[NO. OF DAYS WITH]      [WEATHER - DAYS WITH]      9 = BLOWING SNOW
                                                   X = TORNADO
MAX 32 OR BELOW:   0    0.01 INCH OR MORE:   3
MAX 90 OR ABOVE:   4    0.10 INCH OR MORE:   1
MIN 32 OR BELOW:   0    0.50 INCH OR MORE:   1
MIN  0 OR BELOW:   0    1.00 INCH OR MORE:   1

[HDD (BASE 65) ]
TOTAL THIS MO.     1    CLEAR  (SCALE 0-3)   4
DPTR FM NORMAL   -59    PTCLDY (SCALE 4-7)   7
TOTAL FM JUL 1     1    CLOUDY (SCALE 8-10)  4
DPTR FM NORMAL   -82

[CDD (BASE 65) ]
TOTAL THIS MO.   106
DPTR FM NORMAL    78    [PRESSURE DATA]
TOTAL FM JAN 1  2233    HIGHEST SLP M ON M
DPTR FM NORMAL   730    LOWEST  SLP 29.91 ON  2

[REMARKS]
