000
CXUS53 KTOP 280800
CF6CNK
PRELIMINARY LOCAL CLIMATOLOGICAL DATA (WS FORM: F-6)

                                          STATION:   Concordia KS
                                          MONTH:     FEBRUARY
                                          YEAR:      2020
                                          LATITUDE:   39 32 N
                                          LONGITUDE:  97 39 W

  TEMPERATURE IN F:       :PCPN:    SNOW:  WIND      :SUNSHINE: SKY     :PK WND
================================================================================
1   2   3   4   5  6A  6B    7    8   9   10  11  12  13   14  15   16   17  18
                                     12Z  AVG MX 2MIN
DY MAX MIN AVG DEP HDD CDD  WTR  SNW DPTH SPD SPD DIR MIN PSBL S-S WX    SPD DR
================================================================================

 1  62  28  45  15  20   0 0.00  0.0    0  9.5 17 240   M    M   0        24 250
 2  71  42  57  27   8   0 0.00  0.0    0  9.6 17 260   M    M   0        25 240
 3  43  31  37   7  28   0 0.00  0.0    0 15.1 26  30   M    M   7 1      38  10
 4  33  26  30   0  35   0 0.00  0.0    0 18.0 26  20   M    M  10        33  30
 5  34  22  28  -2  37   0 0.01    T    0  9.1 15  30   M    M   8        19  40
 6  43  21  32   2  33   0 0.00  0.0    0  6.3 13 250   M    M   1        18 270
 7  38  27  33   3  32   0 0.01    T    T  8.7 16 350   M    M   6 1      22 340
 8  50  18  34   3  31   0 0.00  0.0    0 10.8 23 160   M    M   1        33 170
 9  41  27  34   3  31   0 0.00  0.0    0 12.0 30 350   M    M   2        47 350
10  45  23  34   3  31   0 0.00  0.0    0  4.6 13 270   M    M   2        19 300
11  45  27  36   4  29   0 0.00  0.0    0  9.4 16 190   M    M   1        21  10
12  41  12  27  -5  38   0 0.00  0.0    0 14.4 32 350   M    M   6        49 350
13  22   4  13 -19  52   0 0.00  0.0    0  9.8 26 350   M    M   1 8      35 350
14  31   8  20 -12  45   0 0.00  0.0    0 15.1 26 170   M    M   3        36 180
15  54  23  39   6  26   0 0.00  0.0    0  5.7 18 160   M    M   0        25 180
16  55  31  43  10  22   0 0.00  0.0    0  5.2 16 200   M    M   2 8      21 200
17  63  33  48  15  17   0 0.00  0.0    0 11.5 26 330   M    M   4 18     36 340
18  47  28  38   4  27   0 0.00  0.0    0  7.0 17 360   M    M   1        24  10
19  39  20  30  -4  35   0 0.01    M    M 10.4 20  30   M    M   7 8      26  30
20  32  12  22 -12  43   0 0.02  0.7    1  8.7 20  20   M    M   2        24  20
21  51  18  35   1  30   0 0.00  0.0    0 15.5 25 200   M    M   0        33 200
22  59  31  45  10  20   0 0.00  0.0    0 14.0 21 200   M    M   0        29 190
23  54  37  46  11  19   0    T  0.0    0  6.0 16  50   M    M   4        23  40
24  56  33  45   9  20   0 0.05  0.0    0  9.3 17  50   M    M   6        24  50
25  42  31  37   1  28   0 0.02    T    0 14.5 31  20   M    M   8 18     41  20
26  42  23  33  -3  32   0 0.00  0.0    0 12.7 26 350   M    M   2        34 340
27  50  28  39   2  26   0 0.06  0.0    0 10.4 20 340   M    M   4        25 340
================================================================================
SM 1243  664       795   0  0.18     0.7 283.3          M       88
================================================================================
AV 46.0 24.6                              10.5 FASTST   M    M   3    MAX(MPH)
                                 MISC ---->  # 32 350               # 49  350
================================================================================
NOTES:
# LAST OF SEVERAL OCCURRENCES

COLUMN 17 PEAK WIND IN M.P.H.

PRELIMINARY LOCAL CLIMATOLOGICAL DATA (WS FORM: F-6) , PAGE 2

                                          STATION:  Concordia KS
                                          MONTH:    FEBRUARY
                                          YEAR:     2020
                                          LATITUDE:   39 32 N
                                          LONGITUDE:  97 39 W

[TEMPERATURE DATA]      [PRECIPITATION DATA]       SYMBOLS USED IN COLUMN 16

AVERAGE MONTHLY: 35.3   TOTAL FOR MONTH:   0.18    1 = FOG OR MIST
DPTR FM NORMAL:   2.7   DPTR FM NORMAL:   -0.58    2 = FOG REDUCING VISIBILITY
HIGHEST:    71 ON  2    GRTST 24HR  0.06 ON 27-27      TO 1/4 MILE OR LESS
LOWEST:      4 ON 13                               3 = THUNDER
                        SNOW, ICE PELLETS, HAIL    4 = ICE PELLETS
                        TOTAL MONTH:   0.7 INCH    5 = HAIL
                        GRTST 24HR   0.7 ON 20-20  6 = FREEZING RAIN OR DRIZZLE
                        GRTST DEPTH:   1 ON 20     7 = DUSTSTORM OR SANDSTORM:
                                                       VSBY 1/2 MILE OR LESS
                                                   8 = SMOKE OR HAZE
[NO. OF DAYS WITH]      [WEATHER - DAYS WITH]      9 = BLOWING SNOW
                                                   X = TORNADO
MAX 32 OR BELOW:   3    0.01 INCH OR MORE:   7
MAX 90 OR ABOVE:   0    0.10 INCH OR MORE:   0
MIN 32 OR BELOW:  23    0.50 INCH OR MORE:   0
MIN  0 OR BELOW:   0    1.00 INCH OR MORE:   0

[HDD (BASE 65) ]
TOTAL THIS MO.   795    CLEAR  (SCALE 0-3)  16
DPTR FM NORMAL   -78    PTCLDY (SCALE 4-7)  10
TOTAL FM JUL 1  3782    CLOUDY (SCALE 8-10)  1
DPTR FM NORMAL  -395

[CDD (BASE 65) ]
TOTAL THIS MO.     0
DPTR FM NORMAL     0    [PRESSURE DATA]
TOTAL FM JAN 1     0    HIGHEST SLP M ON M
DPTR FM NORMAL     0    LOWEST  SLP 29.51 ON  3

[REMARKS]
