000
CXUS55 KGJT 231000
CF6CNY
PRELIMINARY LOCAL CLIMATOLOGICAL DATA (WS FORM: F-6)

                                          STATION:   CANYONLANDS AIRPORT UT
                                          MONTH:     FEBRUARY
                                          YEAR:      2018
                                          LATITUDE:   38 46 N
                                          LONGITUDE: 109 45 W

  TEMPERATURE IN F:       :PCPN:    SNOW:  WIND      :SUNSHINE: SKY     :PK WND
================================================================================
1   2   3   4   5  6A  6B    7    8   9   10  11  12  13   14  15   16   17  18
                                     12Z  AVG MX 2MIN
DY MAX MIN AVG DEP HDD CDD  WTR  SNW DPTH SPD SPD DIR MIN PSBL S-S WX    SPD DR
================================================================================

 1  54  24  39   8  26   0 0.00    M    M  1.9 12 320   M    M   1 8      12 310
 2  62  26  44  13  21   0 0.00    M    M  2.9 12 280   M    M   0        18 300
 3  62  29  46  15  19   0 0.00    M    M  6.0 20 270   M    M   0 8      24 260
 4  60  27  44  12  21   0 0.00    M    M  3.4 15 240   M    M   0        18 230
 5  62  28  45  13  20   0 0.00    M    M  5.0 17 320   M    M   3 8      24 320
 6  53  32  43  11  22   0 0.07    M    M  8.8 31 340   M    M   4 18     37 300
 7  53  22  38   5  27   0 0.00    M    M  1.9  9 240   M    M   0 18     11 260
 8  56  27  42   9  23   0 0.00    M    M  2.2  9 140   M    M   0 8      10 160
 9  57  27  42   9  23   0 0.00    M    M  3.5 10 320   M    M   0 8      12 320
10  43  23  33  -1  32   0 0.05    M    M  5.0 21 300   M    M   6 18     27 360
11  43  18  31  -3  34   0 0.00    M    M  3.8 14 120   M    M   0        18  80
12  43  33  38   4  27   0 0.17    M    M  6.3 15  70   M    M   8 1      18 150
13  47  33  40   5  25   0 0.39    M    M  3.2 10 280   M    M   8 1      12 100
14  55  35  45  10  20   0 0.00    M    M  7.3 23 200   M    M   6        29 200
15  49  30  40   5  25   0 0.01    M    M 14.6 26 320   M    M   6        33 320
16  44  19  32  -4  33   0 0.00    M    M  3.1 13 350   M    M   0        15 340
17  53  20  37   1  28   0 0.00    M    M  1.9  7 290   M    M   0         9  80
18  62  30  46  10  19   0 0.00    M    M 15.4 32 210   M    M   0        40 200
19  58  29  44   7  21   0 0.01    M    M 18.1 44 240   M    M   7 8      62 260
20  35  21  28  -9  37   0 0.00    M    M  6.8 21 280   M    M   2        24 280
21  37  16  27 -10  38   0 0.00    M    M  5.8 14  70   M    M   4        18 110
22  41  23  32  -6  33   0 0.00  0.0    M  5.3 22 230   M    M   7        29 230
================================================================================
SM 1129  572       574   0  0.70     0.0 132.2          M       62
================================================================================
AV 51.3 26.0                               6.0 FASTST   M    M   3    MAX(MPH)
                                 MISC ---->  # 44 240               # 62  260
================================================================================
NOTES:
# LAST OF SEVERAL OCCURRENCES

COLUMN 17 PEAK WIND IN M.P.H.

PRELIMINARY LOCAL CLIMATOLOGICAL DATA (WS FORM: F-6) , PAGE 2

                                          STATION:  CANYONLANDS AIRPORT UT
                                          MONTH:    FEBRUARY
                                          YEAR:     2018
                                          LATITUDE:   38 46 N
                                          LONGITUDE: 109 45 W

[TEMPERATURE DATA]      [PRECIPITATION DATA]       SYMBOLS USED IN COLUMN 16

AVERAGE MONTHLY: 38.7   TOTAL FOR MONTH:   0.70    1 = FOG OR MIST
DPTR FM NORMAL:   4.5   DPTR FM NORMAL:    0.28    2 = FOG REDUCING VISIBILITY
HIGHEST:    62 ON 18, 5 GRTST 24HR  0.39 ON 13-13      TO 1/4 MILE OR LESS
LOWEST:     16 ON 21                               3 = THUNDER
                        SNOW, ICE PELLETS, HAIL    4 = ICE PELLETS
                        TOTAL MONTH:   0.0 INCH    5 = HAIL
                        GRTST 24HR     0.0         6 = FREEZING RAIN OR DRIZZLE
                        GRTST DEPTH:  M  ON   M    7 = DUSTSTORM OR SANDSTORM:
                                                       VSBY 1/2 MILE OR LESS
                                                   8 = SMOKE OR HAZE
[NO. OF DAYS WITH]      [WEATHER - DAYS WITH]      9 = BLOWING SNOW
                                                   X = TORNADO
MAX 32 OR BELOW:   0    0.01 INCH OR MORE:   6
MAX 90 OR ABOVE:   0    0.10 INCH OR MORE:   2
MIN 32 OR BELOW:  19    0.50 INCH OR MORE:   0
MIN  0 OR BELOW:   0    1.00 INCH OR MORE:   0

[HDD (BASE 65) ]
TOTAL THIS MO.   574    CLEAR  (SCALE 0-3)  13
DPTR FM NORMAL  -104    PTCLDY (SCALE 4-7)   9
TOTAL FM JUL 1  3741    CLOUDY (SCALE 8-10)  0
DPTR FM NORMAL  -512

[CDD (BASE 65) ]
TOTAL THIS MO.     0
DPTR FM NORMAL     0    [PRESSURE DATA]
TOTAL FM JAN 1     0    HIGHEST SLP M ON M
DPTR FM NORMAL     0    LOWEST  SLP 29.12 ON 19

[REMARKS]
