000
CXUS55 KGJT 261000
CF6CNY
PRELIMINARY LOCAL CLIMATOLOGICAL DATA (WS FORM: F-6)

                                          STATION:   CANYONLANDS AIRPORT UT
                                          MONTH:     MAY
                                          YEAR:      2020
                                          LATITUDE:   38 46 N
                                          LONGITUDE: 109 45 W

  TEMPERATURE IN F:       :PCPN:    SNOW:  WIND      :SUNSHINE: SKY     :PK WND
================================================================================
1   2   3   4   5  6A  6B    7    8   9   10  11  12  13   14  15   16   17  18
                                     12Z  AVG MX 2MIN
DY MAX MIN AVG DEP HDD CDD  WTR  SNW DPTH SPD SPD DIR MIN PSBL S-S WX    SPD DR
================================================================================

 1  90  48  69  12   0   4 0.00    M    M 10.6 29 230   M    M   0        36 240
 2  84  59  72  14   0   7 0.00    M    M  9.2 24  20   M    M   1        32 220
 3  85  51  68  10   0   3 0.00    M    M 11.2 28 290   M    M   0        35 290
 4  74  49  62   4   3   0 0.00    M    M  9.3 26 270   M    M   0        39 290
 5  78  40  59   0   6   0 0.00    M    M  4.7 15 270   M    M   0        20 270
 6  86  44  65   6   0   0 0.00    M    M  7.2 17 320   M    M   0        24 290
 7  77  50  64   4   1   0 0.00    M    M 11.9 23 300   M    M   0        35 310
 8  75  37  56  -4   9   0 0.00    M    M  3.3 15 280   M    M   0        23 290
 9  79  45  62   2   3   0 0.00    M    M  7.6 26  80   M    M   0        34  70
10  87  49  68   8   0   3 0.00    M    M  7.0 35 300   M    M   0        46 310
11  81  57  69   8   0   4 0.04    M    M 11.3 43 230   M    M   4 3      58 240
12  83  48  66   5   0   1 0.00    M    M 14.1 35 210   M    M   0        43 210
13  79  53  66   4   0   1 0.00    M    M 12.1 24 200   M    M   2        39 230
14  80  50  65   3   0   0 0.00    M    M  7.8 18 240   M    M   1        27 230
15  81  53  67   5   0   2 0.00    M    M  7.6 22 300   M    M   2        31 250
16  82  52  67   4   0   2 0.00    M    M  4.4 15 320   M    M   0        21 270
17  90  54  72   9   0   7 0.00    M    M  8.2 25 230   M    M   0        35 220
18  91  57  74  11   0   9 0.00    M    M 13.6 30 220   M    M   0        42 210
19  89  57  73   9   0   8 0.00    M    M 17.4 37 150   M    M   0        51 140
20  72  50  61  -3   4   0 0.00    M    M 17.2 31 210   M    M   0        48 250
21  74  40  57  -7   8   0 0.00    M    M  4.4 20 260   M    M   0 8      26 220
22  83  45  64  -1   1   0 0.00    M    M 11.3 26 230   M    M   0        35 190
23  74  51  63  -2   2   0 0.00    M    M 17.1 28 310   M    M   0        36 300
24  72  40  56  -9   9   0 0.00    M    M  6.4 23 280   M    M   3        27 280
25  76  37  57  -9   8   0 0.00    M    M  4.5 18  40   M    M   0        26  70
================================================================================
SM 2022 1216        54  51  0.04    M    239.4          M       13
================================================================================
AV 80.9 48.6                               9.6 FASTST   M    M   1    MAX(MPH)
                                 MISC ---->  # 43 230               # 58  240
================================================================================
NOTES:
# LAST OF SEVERAL OCCURRENCES

COLUMN 17 PEAK WIND IN M.P.H.

PRELIMINARY LOCAL CLIMATOLOGICAL DATA (WS FORM: F-6) , PAGE 2

                                          STATION:  CANYONLANDS AIRPORT UT
                                          MONTH:    MAY
                                          YEAR:     2020
                                          LATITUDE:   38 46 N
                                          LONGITUDE: 109 45 W

[TEMPERATURE DATA]      [PRECIPITATION DATA]       SYMBOLS USED IN COLUMN 16

AVERAGE MONTHLY: 64.8   TOTAL FOR MONTH:   0.04    1 = FOG OR MIST
DPTR FM NORMAL:   3.2   DPTR FM NORMAL:   -0.45    2 = FOG REDUCING VISIBILITY
HIGHEST:    91 ON 18    GRTST 24HR  0.04 ON 11-11      TO 1/4 MILE OR LESS
LOWEST:     37 ON 25, 8                            3 = THUNDER
                        SNOW, ICE PELLETS, HAIL    4 = ICE PELLETS
                        TOTAL MONTH:    M          5 = HAIL
                        GRTST 24HR    M  ON   M    6 = FREEZING RAIN OR DRIZZLE
                        GRTST DEPTH:  M  ON   M    7 = DUSTSTORM OR SANDSTORM:
                                                       VSBY 1/2 MILE OR LESS
                                                   8 = SMOKE OR HAZE
[NO. OF DAYS WITH]      [WEATHER - DAYS WITH]      9 = BLOWING SNOW
                                                   X = TORNADO
MAX 32 OR BELOW:   0    0.01 INCH OR MORE:   1
MAX 90 OR ABOVE:   3    0.10 INCH OR MORE:   0
MIN 32 OR BELOW:   0    0.50 INCH OR MORE:   0
MIN  0 OR BELOW:   0    1.00 INCH OR MORE:   0

[HDD (BASE 65) ]
TOTAL THIS MO.    54    CLEAR  (SCALE 0-3)  24
DPTR FM NORMAL   -69    PTCLDY (SCALE 4-7)   1
TOTAL FM JUL 1  5518    CLOUDY (SCALE 8-10)  0
DPTR FM NORMAL   -30

[CDD (BASE 65) ]
TOTAL THIS MO.    51
DPTR FM NORMAL    15    [PRESSURE DATA]
TOTAL FM JAN 1    61    HIGHEST SLP M ON M
DPTR FM NORMAL    22    LOWEST  SLP 29.50 ON 20

[REMARKS]
