987
CXUS51 KGYX 180900
CF6CON
PRELIMINARY LOCAL CLIMATOLOGICAL DATA (WS FORM: F-6)

                                          STATION:   CONCORD NH
                                          MONTH:     JULY
                                          YEAR:      2024
                                          LATITUDE:   43 12 N
                                          LONGITUDE:  71 30 W

  TEMPERATURE IN F:       :PCPN:    SNOW:  WIND      :SUNSHINE: SKY     :PK WND
================================================================================
1   2   3   4   5  6A  6B    7    8   9   10  11  12  13   14  15   16   17  18
                                     12Z  AVG MX 2MIN
DY MAX MIN AVG DEP HDD CDD  WTR  SNW DPTH SPD SPD DIR MIN PSBL S-S WX    SPD DR
================================================================================

 1  80  56  68  -2   0   3    T  0.0    0  6.5 18  10   M    M   3        26  20
 2  85  50  68  -2   0   3 0.00  0.0    0  2.4  9 320   M    M   0        14 150
 3  87  52  70   0   0   5 0.00  0.0    0  4.7 16 220   M    M   0        25 230
 4  89  61  75   5   0  10 0.00  0.0    0  6.0 12 180   M    M   3        17 220
 5  89  70  80  10   0  15 0.00  0.0    0  3.5 12 180   M    M   5 1      18 180
 6  92  74  83  12   0  18    T  0.0    0  6.2 15 210   M    M   6        23 200
 7  92  66  79   8   0  14 0.00  0.0    0  4.0 15 290   M    M   1        22 250
 8  94  62  78   7   0  13 0.00  0.0    0  2.6 12 280   M    M   0        18 250
 9  93  64  79   8   0  14 0.54  0.0    0  3.8 28 330   M    M   3 123    43 340
10  93  71  82  11   0  17 0.00  0.0    0  7.1 20 180   M    M   2 1      28 210
11  92  75  84  13   0  19    T  0.0    0  9.2 20 210   M    M   9        29 210
12  92  67  80   9   0  15 0.00  0.0    0  4.7 15 220   M    M   4        22 240
13  90  66  78   7   0  13 0.16  0.0    0  2.7 15 330   M    M   3 13     23 320
14  90  63  77   6   0  12 0.00  0.0    0  3.3 10 320   M    M   1 1      18 310
15  93  62  78   7   0  13 0.00  0.0    0  4.9 16 250   M    M   2        24 280
16  94  70  82  11   0  17 0.78  0.0    0  8.2 26 290   M    M   3 13     37 290
17  91  67  79   7   0  14 0.02  0.0    0  5.5 15 180   M    M   4        27 190
================================================================================
SM 1536 1096         0 215  1.50  0.0     85.3          M       49
================================================================================
AV 90.4 64.5                               5.0 FASTST   M    M   3    MAX(MPH)
                                 MISC ---->    28 330                 43 340
================================================================================
NOTES:
# LAST OF SEVERAL OCCURRENCES

COLUMN 17 PEAK WIND IN M.P.H.

PRELIMINARY LOCAL CLIMATOLOGICAL DATA (WS FORM: F-6) , PAGE 2

                                          STATION:   CONCORD NH
                                          MONTH:     JULY
                                          YEAR:      2024
                                          LATITUDE:   43 12 N
                                          LONGITUDE:  71 30 W

[TEMPERATURE DATA]      [PRECIPITATION DATA]       SYMBOLS USED IN COLUMN 16

AVERAGE MONTHLY: 77.4   TOTAL FOR MONTH:   1.50    1 = FOG OR MIST
DPTR FM NORMAL:   6.6   DPTR FM NORMAL:   -0.43    2 = FOG REDUCING VISIBILITY
HIGHEST:    94 ON 16, 8  GRTST 24HR  0.79 ON 16-17      TO 1/4 MILE OR LESS
LOWEST:     50 ON  2                               3 = THUNDER
                        SNOW, ICE PELLETS, HAIL    4 = ICE PELLETS
                        TOTAL MONTH:   0.0 INCH    5 = HAIL
                        GRTST 24HR  0.0            6 = FREEZING RAIN OR DRIZZLE
                        GRTST DEPTH:  0            7 = DUSTSTORM OR SANDSTORM:
                                                       VSBY 1/2 MILE OR LESS
                                                   8 = SMOKE OR HAZE
[NO. OF DAYS WITH]      [WEATHER - DAYS WITH]      9 = BLOWING SNOW
                                                   X = TORNADO
MAX 32 OR BELOW:   0    0.01 INCH OR MORE:   4
MAX 90 OR ABOVE:  12    0.10 INCH OR MORE:   3
MIN 32 OR BELOW:   0    0.50 INCH OR MORE:   2
MIN  0 OR BELOW:   0    1.00 INCH OR MORE:   0

[HDD (BASE 65) ]
TOTAL THIS MO.     0    CLEAR  (SCALE 0-3)  10
DPTR FM NORMAL    -4    PTCLDY (SCALE 4-7)   6
TOTAL FM JUL 1     0    CLOUDY (SCALE 8-10)  1
DPTR FM NORMAL    -4

[CDD (BASE 65) ]
TOTAL THIS MO.   215
DPTR FM NORMAL   108    [PRESSURE DATA]
TOTAL FM JAN 1   388    HIGHEST SLP M ON M
DPTR FM NORMAL   165    LOWEST  SLP 29.65 ON 16

[REMARKS]