000
CXUS51 KGYX 251000
CF6CON
PRELIMINARY LOCAL CLIMATOLOGICAL DATA (WS FORM: F-6)

                                          STATION:   CONCORD NH
                                          MONTH:     FEBRUARY
                                          YEAR:      2020
                                          LATITUDE:   43 12 N
                                          LONGITUDE:  71 30 W

  TEMPERATURE IN F:       :PCPN:    SNOW:  WIND      :SUNSHINE: SKY     :PK WND
================================================================================
1   2   3   4   5  6A  6B    7    8   9   10  11  12  13   14  15   16   17  18
                                     12Z  AVG MX 2MIN
DY MAX MIN AVG DEP HDD CDD  WTR  SNW DPTH SPD SPD DIR MIN PSBL S-S WX    SPD DR
================================================================================

 1  38  28  33  12  32   0    T    T    4  0.3  6 160   M    M  10         7 180
 2  37  24  31   9  34   0 0.00  0.0    4  2.1 14 290   M    M   9        18 290
 3  45  21  33  11  32   0 0.00  0.0    4  4.6 18 280   M    M   6        25 310
 4  42  24  33  11  32   0 0.00  0.0    4  1.3  8 180   M    M   7        13 160
 5  37  24  31   9  34   0 0.00  0.0    3  7.7 20 300   M    M   5        26 310
 6  31  24  28   6  37   0 0.47  3.2    6  5.3 12 330   M    M  10 168    13 330
 7  34  20  27   5  38   0 0.60  1.1    7  9.1 25 300   M    M  10 16     36 300
 8  25   4  15  -8  50   0    T    T    8  9.2 28 290   M    M   4        38 280
 9  27  -2  13 -10  52   0 0.02  0.5    8  1.5  9 160   M    M   5 1      13 190
10  39  25  32   9  33   0 0.12  0.6    8  3.5 12 190   M    M   9 12     18 200
11  34  24  29   6  36   0 0.01  0.1    7  1.3  7 330   M    M   9 12      8 300
12  40  30  35  11  30   0    T  0.1    7  8.2 22 310   M    M   3        27 300
13  35  31  33   9  32   0 0.33  2.1    9  2.7 14 310   M    M  10 1      19 290
14  32   2  17  -7  48   0 0.00  0.0    9 12.5 24 320   M    M   1        36 320
15  23  -5   9 -15  56   0 0.00  0.0    9  4.5 12 170   M    M   0        15 160
16  39  21  30   5  35   0 0.00  0.0    9  6.0 18 210   M    M   9        24 230
17  38  18  28   3  37   0 0.00  0.0    8  6.5 18 300   M    M   0        24 310
18  32  17  25   0  40   0 0.49  3.3    8  3.5 10 310   M    M   8 126    13 330
19  36  20  28   3  37   0 0.00  0.0   11 11.0 32 300   M    M   3 8      45 280
20  28   7  18  -8  47   0 0.00  0.0   11  7.0 22 270   M    M   2        31 270
21  29  -1  14 -12  51   0 0.00  0.0   11  4.0 13 260   M    M   0        16 260
22  41   5  23  -3  42   0 0.00  0.0   11  5.0 16 280   M    M   0        21 280
23  50  15  33   7  32   0 0.00  0.0   11  1.8 12 240   M    M   0        16 240
24  55  17  36   9  29   0 0.00  0.0   10  1.6 15 220   M    M   0        21 220
================================================================================
SM  867  393       926   0  2.04    11.0 120.2          M      120
================================================================================
AV 36.1 16.4                               5.0 FASTST   M    M   5    MAX(MPH)
                                 MISC ---->  # 32 300               # 45  280
================================================================================
NOTES:
# LAST OF SEVERAL OCCURRENCES

COLUMN 17 PEAK WIND IN M.P.H.

PRELIMINARY LOCAL CLIMATOLOGICAL DATA (WS FORM: F-6) , PAGE 2

                                          STATION:  CONCORD NH
                                          MONTH:    FEBRUARY
                                          YEAR:     2020
                                          LATITUDE:   43 12 N
                                          LONGITUDE:  71 30 W

[TEMPERATURE DATA]      [PRECIPITATION DATA]       SYMBOLS USED IN COLUMN 16

AVERAGE MONTHLY: 26.3   TOTAL FOR MONTH:   2.04    1 = FOG OR MIST
DPTR FM NORMAL:   2.4   DPTR FM NORMAL:   -0.17    2 = FOG REDUCING VISIBILITY
HIGHEST:    55 ON 24    GRTST 24HR  0.60 ON  7- 7      TO 1/4 MILE OR LESS
LOWEST:     -5 ON 15                               3 = THUNDER
                        SNOW, ICE PELLETS, HAIL    4 = ICE PELLETS
                        TOTAL MONTH:  11.0 INCHES  5 = HAIL
                        GRTST 24HR   3.3 ON 18-18  6 = FREEZING RAIN OR DRIZZLE
                        GRTST DEPTH:  11 ON 23,22  7 = DUSTSTORM OR SANDSTORM:
                                                       VSBY 1/2 MILE OR LESS
                                                   8 = SMOKE OR HAZE
[NO. OF DAYS WITH]      [WEATHER - DAYS WITH]      9 = BLOWING SNOW
                                                   X = TORNADO
MAX 32 OR BELOW:   8    0.01 INCH OR MORE:   7
MAX 90 OR ABOVE:   0    0.10 INCH OR MORE:   5
MIN 32 OR BELOW:  24    0.50 INCH OR MORE:   1
MIN  0 OR BELOW:   3    1.00 INCH OR MORE:   0

[HDD (BASE 65) ]
TOTAL THIS MO.   926    CLEAR  (SCALE 0-3)  10
DPTR FM NORMAL   -61    PTCLDY (SCALE 4-7)   6
TOTAL FM JUL 1  4801    CLOUDY (SCALE 8-10)  8
DPTR FM NORMAL  -308

[CDD (BASE 65) ]
TOTAL THIS MO.     0
DPTR FM NORMAL     0    [PRESSURE DATA]
TOTAL FM JAN 1     0    HIGHEST SLP M ON M
DPTR FM NORMAL     0    LOWEST  SLP 28.66 ON  7

[REMARKS]
