000
CXUS51 KGYX 231000
CF6CON
PRELIMINARY LOCAL CLIMATOLOGICAL DATA (WS FORM: F-6)

                                          STATION:   CONCORD NH
                                          MONTH:     JANUARY
                                          YEAR:      2019
                                          LATITUDE:   43 12 N
                                          LONGITUDE:  71 30 W

  TEMPERATURE IN F:       :PCPN:    SNOW:  WIND      :SUNSHINE: SKY     :PK WND
================================================================================
1   2   3   4   5  6A  6B    7    8   9   10  11  12  13   14  15   16   17  18
                                     12Z  AVG MX 2MIN
DY MAX MIN AVG DEP HDD CDD  WTR  SNW DPTH SPD SPD DIR MIN PSBL S-S WX    SPD DR
================================================================================

 1  47  25  36  14  29   0 0.91  1.8    2 10.9 31 320   M    M   7 12     43 330
 2  33  19  26   4  39   0 0.00  0.0    1  6.4 16 330   M    M   1        20 300
 3  39  25  32  11  33   0 0.13  1.6    2  4.4 13 310   M    M   9 1      15 310
 4  43  27  35  14  30   0 0.00  0.0    2  5.0 13 210   M    M   3        17 230
 5  37  25  31  10  34   0 0.03  0.0    2  2.6 10 320   M    M   5 1      13 360
 6  41  19  30   9  35   0    T  0.0    2 13.4 31 320   M    M   8 8      45 310
 7  24  11  18  -3  47   0 0.00  0.0    1  8.0 25 310   M    M   1        36 290
 8  31  19  25   4  40   0 0.35  1.3    2  3.0 13 280   M    M  10 16     16 160
 9  36  31  34  14  31   0 0.43  1.9    4  7.5 22 310   M    M  10 16     31 290
10  32  19  26   6  39   0 0.00  0.0    3 13.8 25 310   M    M   8        37 300
11  21   7  14  -6  51   0    T    T    3 13.1 22 320   M    M   4        31 290
12  20   2  11  -9  54   0 0.00  0.0    3  8.7 23 310   M    M   0        30 310
13  25   5  15  -5  50   0 0.00  0.0    3  3.9  9 320   M    M   0        11 310
14  30   2  16  -4  49   0 0.00  0.0    3  1.8  7 310   M    M   1         8 300
15  31   9  20   0  45   0 0.00  0.0    3  5.6 16 300   M    M   1        21 290
16  36  13  25   5  40   0    T    T    3  7.5 24 320   M    M   6        36 300
17  23   6  15  -5  50   0 0.00  0.0    3  5.4 21 320   M    M   1        26 320
18  31  14  23   3  42   0    T    T    3  2.0  9 280   M    M   9        13 300
19  26  15  21   1  44   0 0.05  0.7    3  5.7 14  50   M    M   8 18     19 120
20  21   1  11  -9  54   0 0.88  4.3    7 12.5 32 320   M    M   9 1689   43 300
21   3  -2   1 -19  64   0    T    T    8 20.3 29 310   M    M   8 8      40 300
22  22   1  12  -8  53   0 0.00  0.0    7 10.8 31 310   M    M   2 8      42 320
================================================================================
SM  652  293       953   0  2.78    11.6 172.3          M      111
================================================================================
AV 29.6 13.3                               7.8 FASTST   M    M   5    MAX(MPH)
                                 MISC ---->  # 32 320               # 45  310
================================================================================
NOTES:
# LAST OF SEVERAL OCCURRENCES

COLUMN 17 PEAK WIND IN M.P.H.

PRELIMINARY LOCAL CLIMATOLOGICAL DATA (WS FORM: F-6) , PAGE 2

                                          STATION:  CONCORD NH
                                          MONTH:    JANUARY
                                          YEAR:     2019
                                          LATITUDE:   43 12 N
                                          LONGITUDE:  71 30 W

[TEMPERATURE DATA]      [PRECIPITATION DATA]       SYMBOLS USED IN COLUMN 16

AVERAGE MONTHLY: 21.5   TOTAL FOR MONTH:   2.78    1 = FOG OR MIST
DPTR FM NORMAL:   1.0   DPTR FM NORMAL:    0.86    2 = FOG REDUCING VISIBILITY
HIGHEST:    47 ON  1    GRTST 24HR  0.91 ON  1- 1      TO 1/4 MILE OR LESS
LOWEST:     -2 ON 21                               3 = THUNDER
                        SNOW, ICE PELLETS, HAIL    4 = ICE PELLETS
                        TOTAL MONTH:  11.6 INCHES  5 = HAIL
                        GRTST 24HR   4.3 ON 20-20  6 = FREEZING RAIN OR DRIZZLE
                        GRTST DEPTH:   8 ON 21     7 = DUSTSTORM OR SANDSTORM:
                                                       VSBY 1/2 MILE OR LESS
                                                   8 = SMOKE OR HAZE
[NO. OF DAYS WITH]      [WEATHER - DAYS WITH]      9 = BLOWING SNOW
                                                   X = TORNADO
MAX 32 OR BELOW:  14    0.01 INCH OR MORE:   7
MAX 90 OR ABOVE:   0    0.10 INCH OR MORE:   5
MIN 32 OR BELOW:  22    0.50 INCH OR MORE:   2
MIN  0 OR BELOW:   1    1.00 INCH OR MORE:   0

[HDD (BASE 65) ]
TOTAL THIS MO.   953    CLEAR  (SCALE 0-3)   8
DPTR FM NORMAL   -27    PTCLDY (SCALE 4-7)   8
TOTAL FM JUL 1  3701    CLOUDY (SCALE 8-10)  6
DPTR FM NORMAL   -25

[CDD (BASE 65) ]
TOTAL THIS MO.     0
DPTR FM NORMAL     0    [PRESSURE DATA]
TOTAL FM JAN 1     0    HIGHEST SLP M ON M
DPTR FM NORMAL     0    LOWEST  SLP 29.24 ON  9

[REMARKS]
