000
CXUS51 KGYX 210900
CF6CON
PRELIMINARY LOCAL CLIMATOLOGICAL DATA (WS FORM: F-6)

                                          STATION:   CONCORD NH
                                          MONTH:     NOVEMBER
                                          YEAR:      2018
                                          LATITUDE:   43 12 N
                                          LONGITUDE:  71 30 W

  TEMPERATURE IN F:       :PCPN:    SNOW:  WIND      :SUNSHINE: SKY     :PK WND
================================================================================
1   2   3   4   5  6A  6B    7    8   9   10  11  12  13   14  15   16   17  18
                                     12Z  AVG MX 2MIN
DY MAX MIN AVG DEP HDD CDD  WTR  SNW DPTH SPD SPD DIR MIN PSBL S-S WX    SPD DR
================================================================================

 1  48  37  43   0  22   0 0.15  0.0    0  0.7  6 110   M    M   8 1       8  90
 2  52  46  49   6  16   0 1.08    M    0  3.1 17 320   M    M   9 1      24 310
 3  56  42  49   7  16   0 0.96  0.0    0  8.6 26 270   M    M   8 1      43 280
 4  49  28  39  -3  26   0 0.00  0.0    0  6.9 17 290   M    M   1        24 330
 5  41  27  34  -8  31   0 0.24    M    0  4.9 14  80   M    M   8 1      18  90
 6  48  40  44   2  21   0 0.59  0.0    0  3.7 12 290   M    M   9 12     19 290
 7  60  32  46   5  19   0 0.00  0.0    0  7.6 22 260   M    M   1 1      28 270
 8  52  28  40  -1  25   0 0.00  0.0    0  8.0 20 290   M    M   2        27 270
 9  45  23  34  -7  31   0 0.70  0.0    0  4.4 14  80   M    M   5 1      20  80
10  47  33  40   0  25   0 0.29  0.0    0 11.2 29 270   M    M   7 1      37 290
11  41  28  35  -5  30   0 0.00  0.0    0 10.4 21 280   M    M   0        28 260
12  48  18  33  -7  32   0 0.00  0.0    0  2.0 13 240   M    M   2        16 190
13  40  33  37  -2  28   0 1.22  0.0    0  8.0 29 310   M    M   8 1      42 310
14  32  16  24 -15  41   0 0.00  0.0    0 12.3 31 280   M    M   3        41 290
15  28  16  22 -17  43   0 0.15  1.8    2  3.8 10  40   M    M   2 1      15  30
16  35  22  29  -9  36   0 0.45  3.6    5  7.7 17 360   M    M   9 128    23  10
17  45  22  34  -4  31   0 0.00  0.0    4  5.9 20 300   M    M   8        29 300
18  37  27  32  -6  33   0    T    T    2  4.2 16 320   M    M   7 1      21 330
19  35  30  33  -4  32   0 0.11  1.0    4  0.5  7 360   M    M  10 1       7 360
20   M   M   M   M   M   M    M    M    M   M   M   M   M    M   M 1       M  M
================================================================================
SM  839  548       538   0  5.94     6.4 113.9          M      107
================================================================================
AV 44.2 28.8                               6.0 FASTST   M    M   6    MAX(MPH)
                                 MISC ---->  # 31 280               # 43  280
================================================================================
NOTES:
# LAST OF SEVERAL OCCURRENCES

COLUMN 17 PEAK WIND IN M.P.H.

PRELIMINARY LOCAL CLIMATOLOGICAL DATA (WS FORM: F-6) , PAGE 2

                                          STATION:  CONCORD NH
                                          MONTH:    NOVEMBER
                                          YEAR:     2018
                                          LATITUDE:   43 12 N
                                          LONGITUDE:  71 30 W

[TEMPERATURE DATA]      [PRECIPITATION DATA]       SYMBOLS USED IN COLUMN 16

AVERAGE MONTHLY: 36.5   TOTAL FOR MONTH:   5.94    1 = FOG OR MIST
DPTR FM NORMAL:  -3.6   DPTR FM NORMAL:    3.42    2 = FOG REDUCING VISIBILITY
HIGHEST:    60 ON  7    GRTST 24HR  1.22 ON 13-13      TO 1/4 MILE OR LESS
LOWEST:     16 ON 15,14                            3 = THUNDER
                        SNOW, ICE PELLETS, HAIL    4 = ICE PELLETS
                        TOTAL MONTH:   6.4 INCHES  5 = HAIL
                        GRTST 24HR   3.6 ON 16-16  6 = FREEZING RAIN OR DRIZZLE
                        GRTST DEPTH:   5 ON 16     7 = DUSTSTORM OR SANDSTORM:
                                                       VSBY 1/2 MILE OR LESS
                                                   8 = SMOKE OR HAZE
[NO. OF DAYS WITH]      [WEATHER - DAYS WITH]      9 = BLOWING SNOW
                                                   X = TORNADO
MAX 32 OR BELOW:   2    0.01 INCH OR MORE:  11
MAX 90 OR ABOVE:   0    0.10 INCH OR MORE:  11
MIN 32 OR BELOW:  13    0.50 INCH OR MORE:   5
MIN  0 OR BELOW:   0    1.00 INCH OR MORE:   2

[HDD (BASE 65) ]
TOTAL THIS MO.   538    CLEAR  (SCALE 0-3)   7
DPTR FM NORMAL    40    PTCLDY (SCALE 4-7)   6
TOTAL FM JUL 1  1189    CLOUDY (SCALE 8-10)  6
DPTR FM NORMAL   -68

[CDD (BASE 65) ]
TOTAL THIS MO.     0
DPTR FM NORMAL     0    [PRESSURE DATA]
TOTAL FM JAN 1   734    HIGHEST SLP M ON M
DPTR FM NORMAL   282    LOWEST  SLP 29.43 ON  3

[REMARKS]
