000
CXUS51 KGYX 250900
CF6CON
PRELIMINARY LOCAL CLIMATOLOGICAL DATA (WS FORM: F-6)

                                          STATION:   CONCORD NH
                                          MONTH:     SEPTEMBER
                                          YEAR:      2018
                                          LATITUDE:   43 12 N
                                          LONGITUDE:  71 30 W

  TEMPERATURE IN F:       :PCPN:    SNOW:  WIND      :SUNSHINE: SKY     :PK WND
================================================================================
1   2   3   4   5  6A  6B    7    8   9   10  11  12  13   14  15   16   17  18
                                     12Z  AVG MX 2MIN
DY MAX MIN AVG DEP HDD CDD  WTR  SNW DPTH SPD SPD DIR MIN PSBL S-S WX    SPD DR
================================================================================

 1  74  54  64  -1   1   0 0.00  0.0    0  2.2  8 170   M    M   6        11 170
 2  84  55  70   5   0   5 0.00  0.0    0  3.2 12 180   M    M   4 1      15 170
 3  94  67  81  16   0  16 0.00  0.0    0  4.9 15 250   M    M   2        20 260
 4  89  64  77  13   0  12 0.00  0.0    0  4.1 13 330   M    M   0        21 360
 5  91  60  76  12   0  11 0.00  0.0    0  3.8 10 180   M    M   1        14 210
 6  92  67  80  16   0  15 0.35  0.0    0  5.7 21 320   M    M   1 13     29 320
 7  73  58  66   3   0   1 0.00  0.0    0  2.7  9 190   M    M   2        12 120
 8  67  48  58  -5   7   0 0.00  0.0    0  3.9 14 340   M    M   1        19 320
 9  63  43  53 -10  12   0 0.00  0.0    0  1.9 10  30   M    M   0        12  30
10  64  47  56  -6   9   0 1.23    M    0  6.3 15 100   M    M   5 1      22 120
11  74  58  66   4   0   1 0.68  0.0    0  2.3  9 360   M    M  10 1      12  50
12  68  65  67   5   0   2 0.03  0.0    0  1.3  8  20   M    M  10 1      11  30
13  77  61  69   8   0   4 0.01  0.0    0  2.3  8 160   M    M   7 12     14 160
14  79  60  70   9   0   5 0.00  0.0    0  2.2  8 170   M    M   7 12     11 150
15  80  61  71  11   0   6 0.00  0.0    0  1.6  7 160   M    M   6 1      22 270
16  87  61  74  14   0   9 0.00  0.0    0  1.4  7 130   M    M   5 12      9 340
17  86  61  74  14   0   9    T  0.0    0  4.0 14 210   M    M   3 12     18 210
18  83  65  74  15   0   9 0.90  0.0    0  3.4  9 270   M    M   6 12     19  30
19  68  59  64   5   1   0    T  0.0    0  4.1 10  80   M    M  10 1      13  90
20  66  57  62   4   3   0 0.00  0.0    0  3.4  8 120   M    M   9 1      11 120
21  70  57  64   6   1   0 0.00  0.0    0  7.4 18 190   M    M  10        23 200
22  71  43  57   0   8   0    T    M    0  8.9 28 320   M    M   2 8      37 320
23  68  40  54  -3  11   0 0.00  0.0    0  2.1 10 180   M    M   1 12     14 280
24  60  40  50  -7  15   0 0.00  0.0    0  4.5 14  40   M    M   1        17  50
================================================================================
SM 1828 1351        68 105  3.20     0.0  87.6          M      109
================================================================================
AV 76.2 56.3                               3.6 FASTST   M    M   5    MAX(MPH)
                                 MISC ---->  # 28 320               # 37  320
================================================================================
NOTES:
# LAST OF SEVERAL OCCURRENCES

COLUMN 17 PEAK WIND IN M.P.H.

PRELIMINARY LOCAL CLIMATOLOGICAL DATA (WS FORM: F-6) , PAGE 2

                                          STATION:  CONCORD NH
                                          MONTH:    SEPTEMBER
                                          YEAR:     2018
                                          LATITUDE:   43 12 N
                                          LONGITUDE:  71 30 W

[TEMPERATURE DATA]      [PRECIPITATION DATA]       SYMBOLS USED IN COLUMN 16

AVERAGE MONTHLY: 66.2   TOTAL FOR MONTH:   3.20    1 = FOG OR MIST
DPTR FM NORMAL:   5.0   DPTR FM NORMAL:    0.57    2 = FOG REDUCING VISIBILITY
HIGHEST:    94 ON  3    GRTST 24HR  1.23 ON 10-10      TO 1/4 MILE OR LESS
LOWEST:     40 ON 24,23                            3 = THUNDER
                        SNOW, ICE PELLETS, HAIL    4 = ICE PELLETS
                        TOTAL MONTH:   0.0 INCH    5 = HAIL
                        GRTST 24HR     0.0         6 = FREEZING RAIN OR DRIZZLE
                        GRTST DEPTH:   0           7 = DUSTSTORM OR SANDSTORM:
                                                       VSBY 1/2 MILE OR LESS
                                                   8 = SMOKE OR HAZE
[NO. OF DAYS WITH]      [WEATHER - DAYS WITH]      9 = BLOWING SNOW
                                                   X = TORNADO
MAX 32 OR BELOW:   0    0.01 INCH OR MORE:   6
MAX 90 OR ABOVE:   3    0.10 INCH OR MORE:   4
MIN 32 OR BELOW:   0    0.50 INCH OR MORE:   3
MIN  0 OR BELOW:   0    1.00 INCH OR MORE:   1

[HDD (BASE 65) ]
TOTAL THIS MO.    68    CLEAR  (SCALE 0-3)  11
DPTR FM NORMAL   -57    PTCLDY (SCALE 4-7)   8
TOTAL FM JUL 1    72    CLOUDY (SCALE 8-10)  5
DPTR FM NORMAL  -101

[CDD (BASE 65) ]
TOTAL THIS MO.   105
DPTR FM NORMAL    68    [PRESSURE DATA]
TOTAL FM JAN 1   723    HIGHEST SLP M ON M
DPTR FM NORMAL   273    LOWEST  SLP 29.72 ON 18

[REMARKS]
