000
CXUS55 KPUB 181159
CF6COS
PRELIMINARY LOCAL CLIMATOLOGICAL DATA (WS FORM: F-6)

                                          STATION:   COLORADO SPRINGS CO
                                          MONTH:     DECEMBER
                                          YEAR:      2018
                                          LATITUDE:   38 49 N
                                          LONGITUDE: 104 43 W

  TEMPERATURE IN F:       :PCPN:    SNOW:  WIND      :SUNSHINE: SKY     :PK WND
================================================================================
1   2   3   4   5  6A  6B    7    8   9   10  11  12  13   14  15   16   17  18
                                     12Z  AVG MX 2MIN
DY MAX MIN AVG DEP HDD CDD  WTR  SNW DPTH SPD SPD DIR MIN PSBL S-S WX    SPD DR
================================================================================

 1  48  23  36   4  29   0    T    T    0 11.8 30  10   M    M   4        37 360
 2  35  17  26  -6  39   0 0.01  0.2    0  5.2 12  50   M    M   6 18     16 130
 3  31  20  26  -5  39   0 0.01    T    T  5.9 12 170   M    M   9 12     16 160
 4  37  14  26  -5  39   0 0.00  0.0    0  7.8 16 280   M    M   1        27  50
 5  50  14  32   1  33   0 0.00  0.0    0  8.0 22  30   M    M   5        27  50
 6  25  12  19 -11  46   0    T    T    0  8.1 18 150   M    M   5 8      24 140
 7  41  12  27  -3  38   0 0.00  0.0    0  7.8 16 160   M    M   4        21 160
 8  46  18  32   2  33   0 0.00  0.0    0  5.6 12 160   M    M   4        15 200
 9  45  18  32   2  33   0 0.00  0.0    0  6.6 15  40   M    M   3        19  50
10  51  14  33   3  32   0 0.00  0.0    0  6.0 10  30   M    M   4        14 160
11  59  20  40  10  25   0 0.00  0.0    0 10.6 29 280   M    M   4        39 330
12  61  21  41  11  24   0    T    T    0 12.0 43  30   M    M   5 18     53  40
13  43  18  31   2  34   0    T    T    0 12.9 30 350   M    M   4        40 340
14  50  17  34   5  31   0 0.00  0.0    0  7.0 14 160   M    M   3        19 160
15  59  23  41  12  24   0 0.00  0.0    0  5.4 16 360   M    M   6        20 340
16  55  24  40  11  25   0 0.00  0.0    0  7.7 16 150   M    M   1 8      19 160
17  57  21  39  10  26   0 0.00  0.0    0  7.5 15 330   M    M   4        21 330
================================================================================
SM  793  306       550   0  0.02     0.2 135.9          M       72
================================================================================
AV 46.7 18.0                               8.0 FASTST   M    M   4    MAX(MPH)
                                 MISC ---->  # 43  30               # 53   40
================================================================================
NOTES:
# LAST OF SEVERAL OCCURRENCES

COLUMN 17 PEAK WIND IN M.P.H.

PRELIMINARY LOCAL CLIMATOLOGICAL DATA (WS FORM: F-6) , PAGE 2

                                          STATION:  COLORADO SPRINGS CO
                                          MONTH:    DECEMBER
                                          YEAR:     2018
                                          LATITUDE:   38 49 N
                                          LONGITUDE: 104 43 W

[TEMPERATURE DATA]      [PRECIPITATION DATA]       SYMBOLS USED IN COLUMN 16

AVERAGE MONTHLY: 32.3   TOTAL FOR MONTH:   0.02    1 = FOG OR MIST
DPTR FM NORMAL:   2.2   DPTR FM NORMAL:   -0.18    2 = FOG REDUCING VISIBILITY
HIGHEST:    61 ON 12    GRTST 24HR  0.01 ON  3- 3      TO 1/4 MILE OR LESS
LOWEST:     12 ON  7, 6                            3 = THUNDER
                        SNOW, ICE PELLETS, HAIL    4 = ICE PELLETS
                        TOTAL MONTH:   0.2 INCH    5 = HAIL
                        GRTST 24HR   0.2 ON  2- 2  6 = FREEZING RAIN OR DRIZZLE
                        GRTST DEPTH:   T           7 = DUSTSTORM OR SANDSTORM:
                                                       VSBY 1/2 MILE OR LESS
                                                   8 = SMOKE OR HAZE
[NO. OF DAYS WITH]      [WEATHER - DAYS WITH]      9 = BLOWING SNOW
                                                   X = TORNADO
MAX 32 OR BELOW:   2    0.01 INCH OR MORE:   2
MAX 90 OR ABOVE:   0    0.10 INCH OR MORE:   0
MIN 32 OR BELOW:  17    0.50 INCH OR MORE:   0
MIN  0 OR BELOW:   0    1.00 INCH OR MORE:   0

[HDD (BASE 65) ]
TOTAL THIS MO.   550    CLEAR  (SCALE 0-3)   4
DPTR FM NORMAL   -44    PTCLDY (SCALE 4-7)  12
TOTAL FM JUL 1  1964    CLOUDY (SCALE 8-10)  1
DPTR FM NORMAL  -111

[CDD (BASE 65) ]
TOTAL THIS MO.     0
DPTR FM NORMAL     0    [PRESSURE DATA]
TOTAL FM JAN 1   730    HIGHEST SLP M ON M
DPTR FM NORMAL   275    LOWEST  SLP 29.67 ON  1

[REMARKS]
