000
CXUS55 KPUB 201059
CF6COS
PRELIMINARY LOCAL CLIMATOLOGICAL DATA (WS FORM: F-6)

                                          STATION:   COLORADO SPRINGS CO
                                          MONTH:     JUNE
                                          YEAR:      2018
                                          LATITUDE:   38 49 N
                                          LONGITUDE: 104 43 W

  TEMPERATURE IN F:       :PCPN:    SNOW:  WIND      :SUNSHINE: SKY     :PK WND
================================================================================
1   2   3   4   5  6A  6B    7    8   9   10  11  12  13   14  15   16   17  18
                                     12Z  AVG MX 2MIN
DY MAX MIN AVG DEP HDD CDD  WTR  SNW DPTH SPD SPD DIR MIN PSBL S-S WX    SPD DR
================================================================================

 1  90  52  71  10   0   6 0.00  0.0    0 12.6 29  40   M    M   2        39 170
 2  76  51  64   3   1   0 0.00  0.0    0 12.8 28  20   M    M   0        36  20
 3  71  48  60  -1   5   0 0.00  0.0    0 11.2 38 190   M    M   5        46 180
 4  88  48  68   6   0   3 0.00  0.0    0  7.8 23 130   M    M   4        34 170
 5  92  54  73  11   0   8 0.00  0.0    0  6.8 45 200   M    M   4        69 200
 6  90  54  72  10   0   7 0.00  0.0    0 10.0 24  10   M    M   7        31 360
 7  83  58  71   9   0   6    T  0.0    0 10.2 28 350   M    M   6 3      35 360
 8  93  53  73  10   0   8 0.00  0.0    0 11.0 33 250   M    M   3        45 240
 9  95  57  76  13   0  11 0.00  0.0    0 10.1 32 210   M    M   3        49 180
10  93  57  75  12   0  10 0.00  0.0    0 11.8 29 220   M    M   5 8      38 210
11  85  59  72   8   0   7 0.00  0.0    0 13.9 27 170   M    M   1        41 150
12  87  51  69   5   0   4 0.03  0.0    0  8.3 22 120   M    M   4 35     29 140
13  87  61  74  10   0   9 0.60    T    0  9.0 32 130   M    M   5 135    39 130
14  94  56  75  10   0  10    T  0.0    0  7.5 26 280   M    M   5 3      37 260
15  92  62  77  12   0  12 0.01  0.0    0  9.0 25  10   M    M   6 3      33 360
16  83  59  71   6   0   6 0.00  0.0    0 11.3 43 180   M    M   7        51 180
17  84  57  71   5   0   6 0.30  0.0    0 10.4 32 340   M    M   6 13     41 350
18  85  56  71   5   0   6 0.00  0.0    0 11.5 23 350   M    M   5        30 350
19  84  58  71   5   0   6 0.00  0.0    0 15.6 40 350   M    M   5 13     51 350
================================================================================
SM 1652 1051         6 125  0.94    T    200.8          M       83
================================================================================
AV 87.0 55.3                              10.6 FASTST   M    M   4    MAX(MPH)
                                 MISC ---->  # 45 200               # 69  200
================================================================================
NOTES:
# LAST OF SEVERAL OCCURRENCES

COLUMN 17 PEAK WIND IN M.P.H.

PRELIMINARY LOCAL CLIMATOLOGICAL DATA (WS FORM: F-6) , PAGE 2

                                          STATION:  COLORADO SPRINGS CO
                                          MONTH:    JUNE
                                          YEAR:     2018
                                          LATITUDE:   38 49 N
                                          LONGITUDE: 104 43 W

[TEMPERATURE DATA]      [PRECIPITATION DATA]       SYMBOLS USED IN COLUMN 16

AVERAGE MONTHLY: 71.1   TOTAL FOR MONTH:   0.94    1 = FOG OR MIST
DPTR FM NORMAL:   7.7   DPTR FM NORMAL:   -0.74    2 = FOG REDUCING VISIBILITY
HIGHEST:    95 ON  9    GRTST 24HR  0.60 ON 13-13      TO 1/4 MILE OR LESS
LOWEST:     48 ON  4, 3                            3 = THUNDER
                        SNOW, ICE PELLETS, HAIL    4 = ICE PELLETS
                        TOTAL MONTH:    T          5 = HAIL
                        GRTST 24HR    T  ON 13-13  6 = FREEZING RAIN OR DRIZZLE
                        GRTST DEPTH:   0           7 = DUSTSTORM OR SANDSTORM:
                                                       VSBY 1/2 MILE OR LESS
                                                   8 = SMOKE OR HAZE
[NO. OF DAYS WITH]      [WEATHER - DAYS WITH]      9 = BLOWING SNOW
                                                   X = TORNADO
MAX 32 OR BELOW:   0    0.01 INCH OR MORE:   4
MAX 90 OR ABOVE:   8    0.10 INCH OR MORE:   2
MIN 32 OR BELOW:   0    0.50 INCH OR MORE:   1
MIN  0 OR BELOW:   0    1.00 INCH OR MORE:   0

[HDD (BASE 65) ]
TOTAL THIS MO.     6    CLEAR  (SCALE 0-3)   3
DPTR FM NORMAL   -59    PTCLDY (SCALE 4-7)  16
TOTAL FM JUL 1  5326    CLOUDY (SCALE 8-10)  0
DPTR FM NORMAL  -952

[CDD (BASE 65) ]
TOTAL THIS MO.   125
DPTR FM NORMAL    90    [PRESSURE DATA]
TOTAL FM JAN 1   155    HIGHEST SLP M ON M
DPTR FM NORMAL   110    LOWEST  SLP 29.63 ON 16

[REMARKS]
