205
CXUS55 KPUB 171059
CF6COS
PRELIMINARY LOCAL CLIMATOLOGICAL DATA (WS FORM: F-6)

                                          STATION:   COLORADO SPRINGS CO
                                          MONTH:     OCTOBER
                                          YEAR:      2019
                                          LATITUDE:   38 49 N
                                          LONGITUDE: 104 43 W

  TEMPERATURE IN F:       :PCPN:    SNOW:  WIND      :SUNSHINE: SKY     :PK WND
================================================================================
1   2   3   4   5  6A  6B    7    8   9   10  11  12  13   14  15   16   17  18
                                     12Z  AVG MX 2MIN
DY MAX MIN AVG DEP HDD CDD  WTR  SNW DPTH SPD SPD DIR MIN PSBL S-S WX    SPD DR
================================================================================

 1  68  48  58   3   7   0    T  0.0    0  9.2 22 150   M    M   7 18     29 140
 2  70  44  57   3   8   0 0.03  0.0    0  9.3 23 150   M    M   6 128    30 120
 3  61  39  50  -4  15   0    T  0.0    0 13.1 24 160   M    M   6 1      33 170
 4  75  35  55   1  10   0 0.00  0.0    0 12.0 29 260   M    M   2 1      41 270
 5  69  41  55   2  10   0 0.00  0.0    0 12.7 37 230   M    M   2        40 200
 6  60  35  48  -5  17   0 0.00  0.0    0 12.2 28 340   M    M   2        40 330
 7  72  31  52   0  13   0 0.00  0.0    0  7.0 16 150   M    M   0        21 150
 8  80  41  61   9   4   0 0.00  0.0    0  7.0 25  40   M    M   2        37 340
 9  80  32  56   4   9   0 0.00  0.0    0 15.4 43 360   M    M   4 7      55 350
10  32  14  23 -28  42   0 0.08  0.7    T 15.8 35 340   M    M   7 1      52 350
11  49   9  29 -22  36   0 0.00  0.0    T  4.5 10 160   M    M   1 18     14 170
12  67  23  45  -6  20   0 0.00  0.0    0  6.6 18 140   M    M   2        23 150
13  69  29  49  -1  16   0 0.00  0.0    0  7.7 16 140   M    M   1        22 150
14  76  34  55   5  10   0 0.00  0.0    0  7.2 20  30   M    M   2        26 360
15  60  38  49  -1  16   0 0.00  0.0    0  9.5 26 360   M    M   1        33  20
16  74  31  53   4  12   0 0.00  0.0    0  7.0 14 160   M    M   4        23 190
================================================================================
SM 1062  524       245   0  0.11     0.7 156.2          M       49
================================================================================
AV 66.4 32.8                               9.8 FASTST   M    M   3    MAX(MPH)
                                 MISC ---->  # 43 360               # 55  350
================================================================================
NOTES:
# LAST OF SEVERAL OCCURRENCES

COLUMN 17 PEAK WIND IN M.P.H.

PRELIMINARY LOCAL CLIMATOLOGICAL DATA (WS FORM: F-6) , PAGE 2

                                          STATION:  COLORADO SPRINGS CO
                                          MONTH:    OCTOBER
                                          YEAR:     2019
                                          LATITUDE:   38 49 N
                                          LONGITUDE: 104 43 W

[TEMPERATURE DATA]      [PRECIPITATION DATA]       SYMBOLS USED IN COLUMN 16

AVERAGE MONTHLY: 49.6   TOTAL FOR MONTH:   0.11    1 = FOG OR MIST
DPTR FM NORMAL:  -2.4   DPTR FM NORMAL:   -0.34    2 = FOG REDUCING VISIBILITY
HIGHEST:    80 ON  9, 8 GRTST 24HR  0.08 ON 10-10      TO 1/4 MILE OR LESS
LOWEST:      9 ON 11                               3 = THUNDER
                        SNOW, ICE PELLETS, HAIL    4 = ICE PELLETS
                        TOTAL MONTH:   0.7 INCH    5 = HAIL
                        GRTST 24HR   0.7 ON 10-10  6 = FREEZING RAIN OR DRIZZLE
                        GRTST DEPTH:   0           7 = DUSTSTORM OR SANDSTORM:
                                                       VSBY 1/2 MILE OR LESS
                                                   8 = SMOKE OR HAZE
[NO. OF DAYS WITH]      [WEATHER - DAYS WITH]      9 = BLOWING SNOW
                                                   X = TORNADO
MAX 32 OR BELOW:   1    0.01 INCH OR MORE:   2
MAX 90 OR ABOVE:   0    0.10 INCH OR MORE:   0
MIN 32 OR BELOW:   7    0.50 INCH OR MORE:   0
MIN  0 OR BELOW:   0    1.00 INCH OR MORE:   0

[HDD (BASE 65) ]
TOTAL THIS MO.   245    CLEAR  (SCALE 0-3)  10
DPTR FM NORMAL    35    PTCLDY (SCALE 4-7)   6
TOTAL FM JUL 1   265    CLOUDY (SCALE 8-10)  0
DPTR FM NORMAL  -135

[CDD (BASE 65) ]
TOTAL THIS MO.     0
DPTR FM NORMAL     0    [PRESSURE DATA]
TOTAL FM JAN 1   721    HIGHEST SLP M ON M
DPTR FM NORMAL   267    LOWEST  SLP 29.61 ON  9

[REMARKS]
