000
CXUS54 KCRP 171300
CF6COT
PRELIMINARY LOCAL CLIMATOLOGICAL DATA (WS FORM: F-6)

                                          STATION:   COTULLA
                                          MONTH:     OCTOBER
                                          YEAR:      2019
                                          LATITUDE:   28 27 N
                                          LONGITUDE:  99 13 W

  TEMPERATURE IN F:       :PCPN:    SNOW:  WIND      :SUNSHINE: SKY     :PK WND
================================================================================
1   2   3   4   5  6A  6B    7    8   9   10  11  12  13   14  15   16   17  18
                                     12Z  AVG MX 2MIN
DY MAX MIN AVG DEP HDD CDD  WTR  SNW DPTH SPD SPD DIR MIN PSBL S-S WX    SPD DR
================================================================================

 1  99  79  89  12   0  24 0.00  0.0    0 12.0 23 130   M    M   4        28 120
 2  99  76  88  12   0  23    T  0.0    0  9.5 18 130   M    M   4        25 120
 3  99  74  87  11   0  22 0.00  0.0    0  6.2 23 130   M    M   2 13     29 140
 4  96  70  83   7   0  18 0.00  0.0    0  5.9 15 160   M    M   2        19 190
 5  99  71  85   9   0  20 0.00  0.0    0  5.2 15 150   M    M   0        19 150
 6  99  72  86  10   0  21 0.00  0.0    0  6.9 16 130   M    M   0 1      20 130
 7  92  73  83   7   0  18 0.00  0.0    0  8.3 17  20   M    M   2        21 360
 8  92  65  79   4   0  14 0.00  0.0    0  5.9 12 140   M    M   0        14 150
 9  98  72  85  10   0  20 0.00  0.0    0 11.1 22 140   M    M   3 1      29 140
10 101  79  90  15   0  25 0.00  0.0    0 12.8 22 140   M    M   3        27 170
11  81  57  69  -6   0   4 0.01  0.0    0 13.0 25  30   M    M   8 1      35  40
12  74  60  67  -8   0   2 0.00  0.0    0  5.4 14  20   M    M   9        17  30
13  84  65  75   1   0  10 0.00  0.0    0  3.8 13 140   M    M   9        14 140
14  96  75  86  12   0  21 0.00  0.0    0  4.2 14 160   M    M   5        19 150
15  99  74  87  13   0  22 0.00  0.0    0  6.6 16 140   M    M   2        22 150
16  82  63  73  -1   0   8 0.84  0.0    0  6.1 31  10   M    M   6 13     44 340
================================================================================
SM 1490 1125         0 272  0.85     0.0 122.9          M       59
================================================================================
AV 93.1 70.3                               7.7 FASTST   M    M   4    MAX(MPH)
                                 MISC ---->  # 31  10               # 44  340
================================================================================
NOTES:
# LAST OF SEVERAL OCCURRENCES

COLUMN 17 PEAK WIND IN M.P.H.

PRELIMINARY LOCAL CLIMATOLOGICAL DATA (WS FORM: F-6) , PAGE 2

                                          STATION:  COTULLA
                                          MONTH:    OCTOBER
                                          YEAR:     2019
                                          LATITUDE:   28 27 N
                                          LONGITUDE:  99 13 W

[TEMPERATURE DATA]      [PRECIPITATION DATA]       SYMBOLS USED IN COLUMN 16

AVERAGE MONTHLY: 81.7   TOTAL FOR MONTH:   0.85    1 = FOG OR MIST
DPTR FM NORMAL:   6.5   DPTR FM NORMAL:   -0.55    2 = FOG REDUCING VISIBILITY
HIGHEST:   101 ON 10    GRTST 24HR  0.84 ON 16-16      TO 1/4 MILE OR LESS
LOWEST:     57 ON 11                               3 = THUNDER
                        SNOW, ICE PELLETS, HAIL    4 = ICE PELLETS
                        TOTAL MONTH:   0.0 INCH    5 = HAIL
                        GRTST 24HR     0.0         6 = FREEZING RAIN OR DRIZZLE
                        GRTST DEPTH:   0           7 = DUSTSTORM OR SANDSTORM:
                                                       VSBY 1/2 MILE OR LESS
                                                   8 = SMOKE OR HAZE
[NO. OF DAYS WITH]      [WEATHER - DAYS WITH]      9 = BLOWING SNOW
                                                   X = TORNADO
MAX 32 OR BELOW:   0    0.01 INCH OR MORE:   2
MAX 90 OR ABOVE:  12    0.10 INCH OR MORE:   1
MIN 32 OR BELOW:   0    0.50 INCH OR MORE:   1
MIN  0 OR BELOW:   0    1.00 INCH OR MORE:   0

[HDD (BASE 65) ]
TOTAL THIS MO.     0    CLEAR  (SCALE 0-3)   8
DPTR FM NORMAL     0    PTCLDY (SCALE 4-7)   6
TOTAL FM JUL 1     0    CLOUDY (SCALE 8-10)  2
DPTR FM NORMAL    -1

[CDD (BASE 65) ]
TOTAL THIS MO.   272
DPTR FM NORMAL   104    [PRESSURE DATA]
TOTAL FM JAN 1  4127    HIGHEST SLP M ON M
DPTR FM NORMAL   653    LOWEST  SLP 29.75 ON 10

[REMARKS]
