000
CXUS54 KCRP 181300
CF6COT
PRELIMINARY LOCAL CLIMATOLOGICAL DATA (WS FORM: F-6)

                                          STATION:   COTULLA
                                          MONTH:     DECEMBER
                                          YEAR:      2018
                                          LATITUDE:   28 27 N
                                          LONGITUDE:  99 13 W

  TEMPERATURE IN F:       :PCPN:    SNOW:  WIND      :SUNSHINE: SKY     :PK WND
================================================================================
1   2   3   4   5  6A  6B    7    8   9   10  11  12  13   14  15   16   17  18
                                     12Z  AVG MX 2MIN
DY MAX MIN AVG DEP HDD CDD  WTR  SNW DPTH SPD SPD DIR MIN PSBL S-S WX    SPD DR
================================================================================

 1  81  50  66   8   0   1 0.00  0.0    0  6.5 24 340   M    M   0 1      34 320
 2  80  46  63   5   2   0 0.00  0.0    0  6.3 13 120   M    M   0        17  80
 3  69  52  61   4   4   0 0.00  0.0    0  9.4 18  70   M    M   6        24  60
 4  63  45  54  -3  11   0 0.00  0.0    0  8.7 16  80   M    M   5        21  70
 5  56  49  53  -4  12   0 0.00  0.0    0  8.4 15  80   M    M  10        18  80
 6  67  51  59   3   6   0 0.06  0.0    0  3.9 12 140   M    M  10 1      15  10
 7  62  50  56   0   9   0 0.83  0.0    0  7.6 17 350   M    M  10 13     24  40
 8  56  42  49  -7  16   0 0.27  0.0    0  9.2 18 330   M    M   8 1      23 330
 9  59  36  48  -8  17   0 0.00  0.0    0  5.8 14 350   M    M   0        17 350
10  61  33  47  -9  18   0 0.00  0.0    0  3.5  8  10   M    M   0 1      11 350
11  64  36  50  -6  15   0 0.00  0.0    0  6.1 13 160   M    M   1        16 150
12  66  48  57   2   8   0 0.03  0.0    0  4.7 10 110   M    M   1 1      14 130
13  71  46  59   4   6   0 0.01    M    0 12.7 44 320   M    M   1 1      59 330
14  62  44  53  -2  12   0 0.00  0.0    0 15.3 29 320   M    M   1        40 300
15  69  34  52  -3  13   0 0.00  0.0    0  3.7 12 330   M    M   0        16 280
16  69  31  50  -5  15   0 0.00  0.0    0  2.9  8 140   M    M   0         9 130
17  72  45  59   4   6   0 0.00  0.0    0  4.0 12 140   M    M   0        15 140
================================================================================
SM 1127  738       170   1  1.20     0.0 118.7          M       53
================================================================================
AV 66.3 43.4                               7.0 FASTST   M    M   3    MAX(MPH)
                                 MISC ---->  # 44 320               # 59  330
================================================================================
NOTES:
# LAST OF SEVERAL OCCURRENCES

COLUMN 17 PEAK WIND IN M.P.H.

PRELIMINARY LOCAL CLIMATOLOGICAL DATA (WS FORM: F-6) , PAGE 2

                                          STATION:  COTULLA
                                          MONTH:    DECEMBER
                                          YEAR:     2018
                                          LATITUDE:   28 27 N
                                          LONGITUDE:  99 13 W

[TEMPERATURE DATA]      [PRECIPITATION DATA]       SYMBOLS USED IN COLUMN 16

AVERAGE MONTHLY: 54.9   TOTAL FOR MONTH:   1.20    1 = FOG OR MIST
DPTR FM NORMAL:  -1.2   DPTR FM NORMAL:    0.52    2 = FOG REDUCING VISIBILITY
HIGHEST:    81 ON  1    GRTST 24HR  0.83 ON  7- 7      TO 1/4 MILE OR LESS
LOWEST:     31 ON 16                               3 = THUNDER
                        SNOW, ICE PELLETS, HAIL    4 = ICE PELLETS
                        TOTAL MONTH:   0.0 INCH    5 = HAIL
                        GRTST 24HR     0.0         6 = FREEZING RAIN OR DRIZZLE
                        GRTST DEPTH:   0           7 = DUSTSTORM OR SANDSTORM:
                                                       VSBY 1/2 MILE OR LESS
                                                   8 = SMOKE OR HAZE
[NO. OF DAYS WITH]      [WEATHER - DAYS WITH]      9 = BLOWING SNOW
                                                   X = TORNADO
MAX 32 OR BELOW:   0    0.01 INCH OR MORE:   5
MAX 90 OR ABOVE:   0    0.10 INCH OR MORE:   2
MIN 32 OR BELOW:   1    0.50 INCH OR MORE:   1
MIN  0 OR BELOW:   0    1.00 INCH OR MORE:   0

[HDD (BASE 65) ]
TOTAL THIS MO.   170    CLEAR  (SCALE 0-3)  11
DPTR FM NORMAL     7    PTCLDY (SCALE 4-7)   2
TOTAL FM JUL 1   451    CLOUDY (SCALE 8-10)  4
DPTR FM NORMAL   153

[CDD (BASE 65) ]
TOTAL THIS MO.     1
DPTR FM NORMAL   -12    [PRESSURE DATA]
TOTAL FM JAN 1  3918    HIGHEST SLP M ON M
DPTR FM NORMAL   237    LOWEST  SLP 29.60 ON  1

[REMARKS]
